{"id":8856,"date":"2022-06-17T13:04:55","date_gmt":"2022-06-17T13:04:55","guid":{"rendered":"https:\/\/centros.uepb.edu.br\/ch\/?page_id=8856"},"modified":"2022-08-15T11:57:12","modified_gmt":"2022-08-15T11:57:12","slug":"pagina-inicial","status":"publish","type":"page","link":"https:\/\/centros.uepb.edu.br\/ch\/","title":{"rendered":"P\u00e1gina Inicial"},"content":{"rendered":"<div class=\"wpb-content-wrapper\"><p>[vc_row][vc_column width=&#8221;2\/3&#8243;][vc_text_separator title=&#8221;\u00daltimas Not\u00edcias&#8221; i_icon_fontawesome=&#8221;fas fa-newspaper&#8221; i_color=&#8221;custom&#8221; title_align=&#8221;separator_align_left&#8221; add_icon=&#8221;true&#8221; i_custom_color=&#8221;#cc0000&#8243;]<div class=\"mdl-grid\"><div class=\"mdl-cell--6-col mdl-cell--6-col-tablet mdl-cell--12-col-phone bloco-noticias\"><div class=\"titulo-noticia-widget\"><a href=\"https:\/\/uepb.edu.br\/professor-do-departamento-de-direito-do-centro-de-humanidades-publica-capitulo-em-obra-internacional\/\" target=\"_blank\"><h3 class=\"titulo-destaque-noticia\">Professor do Departamento de Direito do Centro de Humanidades publica cap\u00edtulo em obra internacional<\/h3><\/a><\/div><div class=\"titulo-noticia-widget\"><a href=\"https:\/\/uepb.edu.br\/liga-academica-interdisciplinar-promove-minicurso-sobre-inteligencia-artificial-no-ensino-superior\/\" target=\"_blank\"><h3 class=\"titulo-destaque-noticia\">Liga Acad\u00eamica Interdisciplinar promove minicurso sobre intelig\u00eancia artificial no Ensino Superior<\/h3><\/a><\/div><div class=\"titulo-noticia-widget\"><a href=\"https:\/\/uepb.edu.br\/estudantes-conquistam-medalhas-na-edicao-2026-do-campeonato-paraibano-de-xadrez-escolar-e-universitario\/\" target=\"_blank\"><h3 class=\"titulo-destaque-noticia\">Estudantes conquistam medalhas na edi\u00e7\u00e3o 2026 do Campeonato Paraibano de Xadrez Escolar e Universit\u00e1rio<\/h3><\/a><\/div><div class=\"titulo-noticia-widget\"><a href=\"https:\/\/uepb.edu.br\/direcao-do-centro-de-humanidades-informa-sobre-suspensao-de-atividades-na-segunda-feira-2\/\" target=\"_blank\"><h3 class=\"titulo-destaque-noticia\">Dire\u00e7\u00e3o do Centro de Humanidades informa sobre suspens\u00e3o de atividades na segunda-feira (2)<\/h3><\/a><\/div><div class=\"titulo-noticia-widget\"><a href=\"https:\/\/uepb.edu.br\/campus-iii-universidade-estadual-da-paraiba-lamenta-falecimento-de-estudante-do-curso-de-direito\/\" target=\"_blank\"><h3 class=\"titulo-destaque-noticia\">C\u00e2mpus III: Universidade Estadual da Para\u00edba lamenta falecimento de estudante do curso de Direito<\/h3><\/a><\/div><\/div><div class=\"mdl-cell--6-col mdl-cell--6-col-tablet mdl-cell--12-col-phone bloco-noticias\"><div class=\"titulo-noticia-widget\"><a href=\"https:\/\/uepb.edu.br\/uepb-lanca-primeiro-periodico-nacional-com-dedicacao-no-campo-dos-estudos-culturais-em-educacao\/\" target=\"_blank\"><h3 class=\"titulo-destaque-noticia\">UEPB lan\u00e7a primeiro peri\u00f3dico nacional com dedica\u00e7\u00e3o no campo dos Estudos Culturais em Educa\u00e7\u00e3o<\/h3><\/a><\/div><div class=\"titulo-noticia-widget\"><a href=\"https:\/\/uepb.edu.br\/proead-abre-selecao-para-docentes-orientadores-do-plano-nacional-de-formacao-de-professores\/\" target=\"_blank\"><h3 class=\"titulo-destaque-noticia\">PROEAD abre sele\u00e7\u00e3o para docentes orientadores do Plano Nacional de Forma\u00e7\u00e3o de Professores<\/h3><\/a><\/div><div class=\"titulo-noticia-widget\"><a href=\"https:\/\/uepb.edu.br\/pro-reitoria-de-ensino-medio-tecnico-e-educacao-a-distancia-abre-selecao-para-docentes-de-filosofia\/\" target=\"_blank\"><h3 class=\"titulo-destaque-noticia\">Pr\u00f3-reitoria de Ensino M\u00e9dio, T\u00e9cnico e Educa\u00e7\u00e3o a Dist\u00e2ncia abre sele\u00e7\u00e3o para docentes de Filosofia<\/h3><\/a><\/div><div class=\"titulo-noticia-widget\"><a href=\"https:\/\/uepb.edu.br\/centro-de-humanidades-recebe-reforma-estrutural-e-ganha-climatizacao-de-salas-e-outras-melhorias\/\" target=\"_blank\"><h3 class=\"titulo-destaque-noticia\">Centro de Humanidades recebe reforma estrutural e ganha climatiza\u00e7\u00e3o de salas e outras melhorias<\/h3><\/a><\/div><div class=\"titulo-noticia-widget\"><a href=\"https:\/\/uepb.edu.br\/livro-lancado-pela-eduepb-e-primeiro-lugar-na-categoria-de-ciencias-sociais-aplicadas-do-premio-abeu\/\" target=\"_blank\"><h3 class=\"titulo-destaque-noticia\">Livro lan\u00e7ado pela EDUEPB \u00e9 primeiro lugar na categoria de Ci\u00eancias Sociais Aplicadas do Pr\u00eamio Abeu<\/h3><\/a><\/div><\/div><\/div>[vc_btn title=&#8221;Todas as not\u00edcias&#8221; align=&#8221;right&#8221; link=&#8221;url:https%3A%2F%2Fcentros.uepb.edu.br%2Fch%2Fcategory%2Fnoticias%2F&#8221;][\/vc_column][vc_column width=&#8221;1\/3&#8243;][vc_btn title=&#8221;Biblioteca&#8221; shape=&#8221;square&#8221; color=&#8221;primary&#8221; size=&#8221;lg&#8221; align=&#8221;left&#8221; button_block=&#8221;true&#8221; link=&#8221;url:http%3A%2F%2Fbiblioteca.uepb.edu.br|target:_blank&#8221; css=&#8221;.vc_custom_1655471117355{margin-bottom: 10px !important;}&#8221;][vc_btn title=&#8221;CONSEPE&#8221; shape=&#8221;square&#8221; color=&#8221;danger&#8221; size=&#8221;lg&#8221; align=&#8221;left&#8221; button_block=&#8221;true&#8221; link=&#8221;url:http%3A%2F%2Fuepb.edu.br%2Fresolucoes-consepe|target:_blank&#8221; css=&#8221;.vc_custom_1655471123552{margin-bottom: 10px !important;}&#8221;][vc_btn title=&#8221;CONSUNI&#8221; shape=&#8221;square&#8221; color=&#8221;violet&#8221; size=&#8221;lg&#8221; align=&#8221;left&#8221; button_block=&#8221;true&#8221; link=&#8221;url:http%3A%2F%2Fuepb.edu.br%2Fresolucoes-consuni|target:_blank&#8221; css=&#8221;.vc_custom_1655471128989{margin-bottom: 10px !important;}&#8221;][vc_btn title=&#8221;Peri\u00f3dicos&#8221; shape=&#8221;square&#8221; color=&#8221;turquoise&#8221; size=&#8221;lg&#8221; align=&#8221;left&#8221; button_block=&#8221;true&#8221; link=&#8221;url:http%3A%2F%2Fperiodicos.capes.gov.br|target:_blank&#8221; css=&#8221;.vc_custom_1655471134780{margin-bottom: 10px !important;}&#8221;][vc_btn title=&#8221;PROFLETRAS&#8221; shape=&#8221;square&#8221; color=&#8221;warning&#8221; size=&#8221;lg&#8221; align=&#8221;left&#8221; button_block=&#8221;true&#8221; link=&#8221;url:http%3A%2F%2Fpos-graduacao.uepb.edu.br%2Fprofletras%2F|target:_blank&#8221; css=&#8221;.vc_custom_1655471140096{margin-bottom: 10px !important;}&#8221;][vc_btn title=&#8221;UEPB&#8221; shape=&#8221;square&#8221; color=&#8221;success&#8221; size=&#8221;lg&#8221; align=&#8221;left&#8221; button_block=&#8221;true&#8221; link=&#8221;url:https%3A%2F%2Fuepb.edu.br|target:_blank&#8221; css=&#8221;.vc_custom_1655471146297{margin-bottom: 10px !important;}&#8221;][\/vc_column][\/vc_row][vc_row][vc_column][vc_text_separator title=&#8221;Mais Not\u00edcias&#8221; i_icon_fontawesome=&#8221;fas fa-newspaper&#8221; i_color=&#8221;custom&#8221; title_align=&#8221;separator_align_left&#8221; add_icon=&#8221;true&#8221; i_custom_color=&#8221;#cc0000&#8243;]<div class=\"mdl-grid\"><div class=\"mdl-cell--4-col mdl-cell--6-col-tablet mdl-cell--12-col-phone bloco-noticias\"><div class=\"titulo-noticia-widget\"><a href=\"https:\/\/centros.uepb.edu.br\/ch\/divulgacao-do-resultado-do-processo-de-selecao-para-escolha-do-discurso-do-orador-oficial-da-solenidade-de-colacao-de-grau-2025-2\/\"><h3 class=\"titulo-destaque-noticia\">Divulga\u00e7\u00e3o do Resultado do Processo de Sele\u00e7\u00e3o para Escolha do Discurso do Orador Oficial da Solenidade de Cola\u00e7\u00e3o de Grau 2025.2<\/h3><\/a><\/div><div class=\"titulo-noticia-widget\"><a href=\"https:\/\/centros.uepb.edu.br\/ch\/abertas-as-inscricoes-para-selecao-do-orador-oficial-da-colacao-de-grau-do-semestre-2025-2-dos-cursos-do-centro-de-humanidades\/\"><h3 class=\"titulo-destaque-noticia\">Abertas as inscri\u00e7\u00f5es para sele\u00e7\u00e3o do Orador Oficial da Cola\u00e7\u00e3o de Grau do semestre 2025.2 dos cursos do Centro de Humanidades<\/h3><\/a><\/div><\/div><div class=\"mdl-cell--4-col mdl-cell--6-col-tablet mdl-cell--12-col-phone bloco-noticias\"><div class=\"titulo-noticia-widget\"><a href=\"https:\/\/centros.uepb.edu.br\/ch\/professor-do-centro-de-humanidades-da-uepb-recebe-premio-internacional-da-abralin-por-projeto-de-tecnologia-da-fala\/\"><h3 class=\"titulo-destaque-noticia\">Professor do Centro de Humanidades da UEPB recebe Pr\u00eamio Internacional Tecnologia e Inova\u00e7\u00e3o da Associa\u00e7\u00e3o Brasileira de Lingu\u00edstica (Abralin)<\/h3><\/a><\/div><div class=\"titulo-noticia-widget\"><a href=\"https:\/\/centros.uepb.edu.br\/ch\/mestrado-profissional-em-letras-lanca-edital-para-o-exame-nacional-de-acesso-ao-profletras-2026\/\"><h3 class=\"titulo-destaque-noticia\">Mestrado Profissional em Letras lan\u00e7a edital para o Exame Nacional de Acesso ao PROFLETRAS 2026<\/h3><\/a><\/div><\/div><div class=\"mdl-cell--4-col mdl-cell--6-col-tablet mdl-cell--12-col-phone bloco-noticias\"><div class=\"titulo-noticia-widget\"><a href=\"https:\/\/centros.uepb.edu.br\/ch\/nota-de-pesar-6\/\"><h3 class=\"titulo-destaque-noticia\">NOTA DE PESAR<\/h3><\/a><\/div><div class=\"titulo-noticia-widget\"><a href=\"https:\/\/centros.uepb.edu.br\/ch\/divulgacao-do-resultado-do-processo-de-selecao-para-escolha-do-discurso-do-orador-oficial-da-solenidade-de-colacao-de-grau-2025-1\/\"><h3 class=\"titulo-destaque-noticia\">Divulga\u00e7\u00e3o do Resultado do Processo de Sele\u00e7\u00e3o para Escolha do Discurso do Orador Oficial da Solenidade de Cola\u00e7\u00e3o de Grau 2025.1<\/h3><\/a><\/div><\/div><\/div>[\/vc_column][\/vc_row]<\/p>\n<\/div>","protected":false},"excerpt":{"rendered":"<p>[vc_row][vc_column width=&#8221;2\/3&#8243;][vc_text_separator title=&#8221;\u00daltimas Not\u00edcias&#8221; i_icon_fontawesome=&#8221;fas fa-newspaper&#8221; i_color=&#8221;custom&#8221; title_align=&#8221;separator_align_left&#8221; add_icon=&#8221;true&#8221; i_custom_color=&#8221;#cc0000&#8243;][vc_btn title=&#8221;Todas as not\u00edcias&#8221; align=&#8221;right&#8221; link=&#8221;url:https%3A%2F%2Fcentros.uepb.edu.br%2Fch%2Fcategory%2Fnoticias%2F&#8221;][\/vc_column][vc_column width=&#8221;1\/3&#8243;][vc_btn title=&#8221;Biblioteca&#8221; shape=&#8221;square&#8221; color=&#8221;primary&#8221; size=&#8221;lg&#8221; align=&#8221;left&#8221; button_block=&#8221;true&#8221; link=&#8221;url:http%3A%2F%2Fbiblioteca.uepb.edu.br|target:_blank&#8221; css=&#8221;.vc_custom_1655471117355{margin-bottom: 10px !important;}&#8221;][vc_btn title=&#8221;CONSEPE&#8221; shape=&#8221;square&#8221; color=&#8221;danger&#8221; size=&#8221;lg&#8221; align=&#8221;left&#8221; button_block=&#8221;true&#8221; link=&#8221;url:http%3A%2F%2Fuepb.edu.br%2Fresolucoes-consepe|target:_blank&#8221; css=&#8221;.vc_custom_1655471123552{margin-bottom: 10px !important;}&#8221;][vc_btn title=&#8221;CONSUNI&#8221; shape=&#8221;square&#8221; color=&#8221;violet&#8221; size=&#8221;lg&#8221; align=&#8221;left&#8221; button_block=&#8221;true&#8221; link=&#8221;url:http%3A%2F%2Fuepb.edu.br%2Fresolucoes-consuni|target:_blank&#8221; css=&#8221;.vc_custom_1655471128989{margin-bottom: 10px !important;}&#8221;][vc_btn title=&#8221;Peri\u00f3dicos&#8221; shape=&#8221;square&#8221; color=&#8221;turquoise&#8221; size=&#8221;lg&#8221; align=&#8221;left&#8221; button_block=&#8221;true&#8221; link=&#8221;url:http%3A%2F%2Fperiodicos.capes.gov.br|target:_blank&#8221; css=&#8221;.vc_custom_1655471134780{margin-bottom: 10px <a class=\"leiamais\" href=\"https:\/\/centros.uepb.edu.br\/ch\/\">Leia Mais&#8230;<\/a><\/p>\n","protected":false},"author":18,"featured_media":0,"parent":0,"menu_order":0,"comment_status":"closed","ping_status":"closed","template":"","meta":{"jetpack_post_was_ever_published":false,"footnotes":""},"class_list":["post-8856","page","type-page","status-publish","hentry"],"jetpack_shortlink":"https:\/\/wp.me\/P4NR4N-2iQ","jetpack_sharing_enabled":true,"_links":{"self":[{"href":"https:\/\/centros.uepb.edu.br\/ch\/wp-json\/wp\/v2\/pages\/8856","targetHints":{"allow":["GET"]}}],"collection":[{"href":"https:\/\/centros.uepb.edu.br\/ch\/wp-json\/wp\/v2\/pages"}],"about":[{"href":"https:\/\/centros.uepb.edu.br\/ch\/wp-json\/wp\/v2\/types\/page"}],"author":[{"embeddable":true,"href":"https:\/\/centros.uepb.edu.br\/ch\/wp-json\/wp\/v2\/users\/18"}],"replies":[{"embeddable":true,"href":"https:\/\/centros.uepb.edu.br\/ch\/wp-json\/wp\/v2\/comments?post=8856"}],"version-history":[{"count":0,"href":"https:\/\/centros.uepb.edu.br\/ch\/wp-json\/wp\/v2\/pages\/8856\/revisions"}],"wp:attachment":[{"href":"https:\/\/centros.uepb.edu.br\/ch\/wp-json\/wp\/v2\/media?parent=8856"}],"curies":[{"name":"wp","href":"https:\/\/api.w.org\/{rel}","templated":true}]}}

Página Inicial

<div class="wpb-content-wrapper"><p>[vc_row][vc_column width=&#8221;2/3&#8243;][vc_text_separator title=&#8221;Últimas Notícias&#8221; i_icon_fontawesome=&#8221;fas fa-newspaper&#8221; i_color=&#8221;custom&#8221; title_align=&#8221;separator_align_left&#8221; add_icon=&#8221;true&#8221; i_custom_color=&#8221;#cc0000&#8243;]<div class="mdl-grid"><div class="mdl-cell--6-col mdl-cell--6-col-tablet mdl-cell--12-col-phone bloco-noticias"><div class="titulo-noticia-widget"><a href="https://uepb.edu.br/professor-do-departamento-de-direito-do-centro-de-humanidades-publica-capitulo-em-obra-internacional/" target="_blank"><h3 class="titulo-destaque-noticia">Professor do Departamento de Direito do Centro de Humanidades publica capítulo em obra internacional</h3></a></div><div class="titulo-noticia-widget"><a href="https://uepb.edu.br/liga-academica-interdisciplinar-promove-minicurso-sobre-inteligencia-artificial-no-ensino-superior/" target="_blank"><h3 class="titulo-destaque-noticia">Liga Acadêmica Interdisciplinar promove minicurso sobre inteligência artificial no Ensino Superior</h3></a></div><div class="titulo-noticia-widget"><a href="https://uepb.edu.br/estudantes-conquistam-medalhas-na-edicao-2026-do-campeonato-paraibano-de-xadrez-escolar-e-universitario/" target="_blank"><h3 class="titulo-destaque-noticia">Estudantes conquistam medalhas na edição 2026 do Campeonato Paraibano de Xadrez Escolar e Universitário</h3></a></div><div class="titulo-noticia-widget"><a href="https://uepb.edu.br/direcao-do-centro-de-humanidades-informa-sobre-suspensao-de-atividades-na-segunda-feira-2/" target="_blank"><h3 class="titulo-destaque-noticia">Direção do Centro de Humanidades informa sobre suspensão de atividades na segunda-feira (2)</h3></a></div><div class="titulo-noticia-widget"><a href="https://uepb.edu.br/campus-iii-universidade-estadual-da-paraiba-lamenta-falecimento-de-estudante-do-curso-de-direito/" target="_blank"><h3 class="titulo-destaque-noticia">Câmpus III: Universidade Estadual da Paraíba lamenta falecimento de estudante do curso de Direito</h3></a></div></div><div class="mdl-cell--6-col mdl-cell--6-col-tablet mdl-cell--12-col-phone bloco-noticias"><div class="titulo-noticia-widget"><a href="https://uepb.edu.br/uepb-lanca-primeiro-periodico-nacional-com-dedicacao-no-campo-dos-estudos-culturais-em-educacao/" target="_blank"><h3 class="titulo-destaque-noticia">UEPB lança primeiro periódico nacional com dedicação no campo dos Estudos Culturais em Educação</h3></a></div><div class="titulo-noticia-widget"><a href="https://uepb.edu.br/proead-abre-selecao-para-docentes-orientadores-do-plano-nacional-de-formacao-de-professores/" target="_blank"><h3 class="titulo-destaque-noticia">PROEAD abre seleção para docentes orientadores do Plano Nacional de Formação de Professores</h3></a></div><div class="titulo-noticia-widget"><a href="https://uepb.edu.br/pro-reitoria-de-ensino-medio-tecnico-e-educacao-a-distancia-abre-selecao-para-docentes-de-filosofia/" target="_blank"><h3 class="titulo-destaque-noticia">Pró-reitoria de Ensino Médio, Técnico e Educação a Distância abre seleção para docentes de Filosofia</h3></a></div><div class="titulo-noticia-widget"><a href="https://uepb.edu.br/centro-de-humanidades-recebe-reforma-estrutural-e-ganha-climatizacao-de-salas-e-outras-melhorias/" target="_blank"><h3 class="titulo-destaque-noticia">Centro de Humanidades recebe reforma estrutural e ganha climatização de salas e outras melhorias</h3></a></div><div class="titulo-noticia-widget"><a href="https://uepb.edu.br/livro-lancado-pela-eduepb-e-primeiro-lugar-na-categoria-de-ciencias-sociais-aplicadas-do-premio-abeu/" target="_blank"><h3 class="titulo-destaque-noticia">Livro lançado pela EDUEPB é primeiro lugar na categoria de Ciências Sociais Aplicadas do Prêmio Abeu</h3></a></div></div></div>[vc_btn title=&#8221;Todas as notícias&#8221; align=&#8221;right&#8221; link=&#8221;url:https%3A%2F%2Fcentros.uepb.edu.br%2Fch%2Fcategory%2Fnoticias%2F&#8221;][/vc_column][vc_column width=&#8221;1/3&#8243;][vc_btn title=&#8221;Biblioteca&#8221; shape=&#8221;square&#8221; color=&#8221;primary&#8221; size=&#8221;lg&#8221; align=&#8221;left&#8221; button_block=&#8221;true&#8221; link=&#8221;url:http%3A%2F%2Fbiblioteca.uepb.edu.br|target:_blank&#8221; css=&#8221;.vc_custom_1655471117355{margin-bottom: 10px !important;}&#8221;][vc_btn title=&#8221;CONSEPE&#8221; shape=&#8221;square&#8221; color=&#8221;danger&#8221; size=&#8221;lg&#8221; align=&#8221;left&#8221; button_block=&#8221;true&#8221; link=&#8221;url:http%3A%2F%2Fuepb.edu.br%2Fresolucoes-consepe|target:_blank&#8221; css=&#8221;.vc_custom_1655471123552{margin-bottom: 10px !important;}&#8221;][vc_btn title=&#8221;CONSUNI&#8221; shape=&#8221;square&#8221; color=&#8221;violet&#8221; size=&#8221;lg&#8221; align=&#8221;left&#8221; button_block=&#8221;true&#8221; link=&#8221;url:http%3A%2F%2Fuepb.edu.br%2Fresolucoes-consuni|target:_blank&#8221; css=&#8221;.vc_custom_1655471128989{margin-bottom: 10px !important;}&#8221;][vc_btn title=&#8221;Periódicos&#8221; shape=&#8221;square&#8221; color=&#8221;turquoise&#8221; size=&#8221;lg&#8221; align=&#8221;left&#8221; button_block=&#8221;true&#8221; link=&#8221;url:http%3A%2F%2Fperiodicos.capes.gov.br|target:_blank&#8221; css=&#8221;.vc_custom_1655471134780{margin-bottom: 10px !important;}&#8221;][vc_btn title=&#8221;PROFLETRAS&#8221; shape=&#8221;square&#8221; color=&#8221;warning&#8221; size=&#8221;lg&#8221; align=&#8221;left&#8221; button_block=&#8221;true&#8221; link=&#8221;url:http%3A%2F%2Fpos-graduacao.uepb.edu.br%2Fprofletras%2F|target:_blank&#8221; css=&#8221;.vc_custom_1655471140096{margin-bottom: 10px !important;}&#8221;][vc_btn title=&#8221;UEPB&#8221; shape=&#8221;square&#8221; color=&#8221;success&#8221; size=&#8221;lg&#8221; align=&#8221;left&#8221; button_block=&#8221;true&#8221; link=&#8221;url:https%3A%2F%2Fuepb.edu.br|target:_blank&#8221; css=&#8221;.vc_custom_1655471146297{margin-bottom: 10px !important;}&#8221;][/vc_column][/vc_row][vc_row][vc_column][vc_text_separator title=&#8221;Mais Notícias&#8221; i_icon_fontawesome=&#8221;fas fa-newspaper&#8221; i_color=&#8221;custom&#8221; title_align=&#8221;separator_align_left&#8221; add_icon=&#8221;true&#8221; i_custom_color=&#8221;#cc0000&#8243;]<div class="mdl-grid"><div class="mdl-cell--4-col mdl-cell--6-col-tablet mdl-cell--12-col-phone bloco-noticias"><div class="titulo-noticia-widget"><a href="https://centros.uepb.edu.br/ch/divulgacao-do-resultado-do-processo-de-selecao-para-escolha-do-discurso-do-orador-oficial-da-solenidade-de-colacao-de-grau-2025-2/"><h3 class="titulo-destaque-noticia">Divulgação do Resultado do Processo de Seleção para Escolha do Discurso do Orador Oficial da Solenidade de Colação de Grau 2025.2</h3></a></div><div class="titulo-noticia-widget"><a href="https://centros.uepb.edu.br/ch/abertas-as-inscricoes-para-selecao-do-orador-oficial-da-colacao-de-grau-do-semestre-2025-2-dos-cursos-do-centro-de-humanidades/"><h3 class="titulo-destaque-noticia">Abertas as inscrições para seleção do Orador Oficial da Colação de Grau do semestre 2025.2 dos cursos do Centro de Humanidades</h3></a></div></div><div class="mdl-cell--4-col mdl-cell--6-col-tablet mdl-cell--12-col-phone bloco-noticias"><div class="titulo-noticia-widget"><a href="https://centros.uepb.edu.br/ch/professor-do-centro-de-humanidades-da-uepb-recebe-premio-internacional-da-abralin-por-projeto-de-tecnologia-da-fala/"><h3 class="titulo-destaque-noticia">Professor do Centro de Humanidades da UEPB recebe Prêmio Internacional Tecnologia e Inovação da Associação Brasileira de Linguística (Abralin)</h3></a></div><div class="titulo-noticia-widget"><a href="https://centros.uepb.edu.br/ch/mestrado-profissional-em-letras-lanca-edital-para-o-exame-nacional-de-acesso-ao-profletras-2026/"><h3 class="titulo-destaque-noticia">Mestrado Profissional em Letras lança edital para o Exame Nacional de Acesso ao PROFLETRAS 2026</h3></a></div></div><div class="mdl-cell--4-col mdl-cell--6-col-tablet mdl-cell--12-col-phone bloco-noticias"><div class="titulo-noticia-widget"><a href="https://centros.uepb.edu.br/ch/nota-de-pesar-6/"><h3 class="titulo-destaque-noticia">NOTA DE PESAR</h3></a></div><div class="titulo-noticia-widget"><a href="https://centros.uepb.edu.br/ch/divulgacao-do-resultado-do-processo-de-selecao-para-escolha-do-discurso-do-orador-oficial-da-solenidade-de-colacao-de-grau-2025-1/"><h3 class="titulo-destaque-noticia">Divulgação do Resultado do Processo de Seleção para Escolha do Discurso do Orador Oficial da Solenidade de Colação de Grau 2025.1</h3></a></div></div></div>[/vc_column][/vc_row]</p>
</div>

<p>[vc_row][vc_column width=&#8221;2/3&#8243;][vc_text_separator title=&#8221;Últimas Notícias&#8221; i_icon_fontawesome=&#8221;fas fa-newspaper&#8221; i_color=&#8221;custom&#8221; title_align=&#8221;separator_align_left&#8221; add_icon=&#8221;true&#8221; i_custom_color=&#8221;#cc0000&#8243;][vc_btn title=&#8221;Todas as notícias&#8221; align=&#8221;right&#8221; link=&#8221;url:https%3A%2F%2Fcentros.uepb.edu.br%2Fch%2Fcategory%2Fnoticias%2F&#8221;][/vc_column][vc_column width=&#8221;1/3&#8243;][vc_btn title=&#8221;Biblioteca&#8221; shape=&#8221;square&#8221; color=&#8221;primary&#8221; size=&#8221;lg&#8221; align=&#8221;left&#8221; button_block=&#8221;true&#8221; link=&#8221;url:http%3A%2F%2Fbiblioteca.uepb.edu.br|target:_blank&#8221; css=&#8221;.vc_custom_1655471117355{margin-bottom: 10px !important;}&#8221;][vc_btn title=&#8221;CONSEPE&#8221; shape=&#8221;square&#8221; color=&#8221;danger&#8221; size=&#8221;lg&#8221; align=&#8221;left&#8221; button_block=&#8221;true&#8221; link=&#8221;url:http%3A%2F%2Fuepb.edu.br%2Fresolucoes-consepe|target:_blank&#8221; css=&#8221;.vc_custom_1655471123552{margin-bottom: 10px !important;}&#8221;][vc_btn title=&#8221;CONSUNI&#8221; shape=&#8221;square&#8221; color=&#8221;violet&#8221; size=&#8221;lg&#8221; align=&#8221;left&#8221; button_block=&#8221;true&#8221; link=&#8221;url:http%3A%2F%2Fuepb.edu.br%2Fresolucoes-consuni|target:_blank&#8221; css=&#8221;.vc_custom_1655471128989{margin-bottom: 10px !important;}&#8221;][vc_btn title=&#8221;Periódicos&#8221; shape=&#8221;square&#8221; color=&#8221;turquoise&#8221; size=&#8221;lg&#8221; align=&#8221;left&#8221; button_block=&#8221;true&#8221; link=&#8221;url:http%3A%2F%2Fperiodicos.capes.gov.br|target:_blank&#8221; css=&#8221;.vc_custom_1655471134780{margin-bottom: 10px <a class="leiamais" href="https://centros.uepb.edu.br/ch/">Leia Mais&#8230;</a></p>
