{"id":254,"date":"2013-05-21T14:08:43","date_gmt":"2013-05-21T14:08:43","guid":{"rendered":"\/ch\/?page_id=254"},"modified":"2013-05-21T14:19:10","modified_gmt":"2013-05-21T14:19:10","slug":"mestrado","status":"publish","type":"page","link":"https:\/\/centros.uepb.edu.br\/ch\/pos-graduacao\/mestrado\/","title":{"rendered":"Mestrado"},"content":{"rendered":"<p><strong>Mestrado Profissional em Letras (PROFLETRAS)<\/strong><\/p>\n<p><strong>\u00c1rea de concentra\u00e7\u00e3o<\/strong>:<\/p>\n<ul>\n<li>Linguagens e letramentos<\/li>\n<\/ul>\n<p><strong>Linhas de pesquisa<\/strong><\/p>\n<ul>\n<li>Teorias da linguagem e ensino<\/li>\n<li>Leitura e Produ\u00e7\u00e3o textual<\/li>\n<\/ul>\n<p><strong>Professores<\/strong><\/p>\n<ol>\n<li>Prof\u00aa Dr\u00aa Rosilda Alves Bezerra (Coordenadora do Mestrado)<\/li>\n<li>Prof\u00aa Dr\u00aa Maria de F\u00e1tima de Souza Aquino (Coordenadora-Adjunta)<\/li>\n<li>Prof\u00aa Dr\u00aa Maria Suely da Costa<\/li>\n<li>Prof\u00aa Dr\u00aa Iara Ferreira de Melo Martins<\/li>\n<li>Prof\u00aa Dr\u00aa Ros\u00e2ngela Neres Ara\u00fajo da Silva<\/li>\n<li>Prof\u00aa Dr\u00aa Sueli Meira Liebig<\/li>\n<li>Prof\u00aa Dr\u00aa Edilma de Lucena Catanduba<\/li>\n<li>Prof. Dr. Juarez Nogueira Lins<\/li>\n<\/ol>\n<p><strong>Abrang\u00eancia<\/strong><br \/>\nO Programa de mestrado Profissional em Letras (PROFLETRAS), oferecido em rede nacional, \u00e9 um curso de p\u00f3s-gradua\u00e7\u00e3o stricto sensu que conta com a participa\u00e7\u00e3o de institui\u00e7\u00f5es p\u00fablicas de ensino superior no \u00e2mbito do Sistema Universidade Aberta do Brasil (UAB). O programa tem como objetivo, a m\u00e9dio prazo, a forma\u00e7\u00e3o de professores do ensino fundamental no ensino de l\u00edngua portuguesa em todo territ\u00f3rio nacional.<\/p>\n<p><strong>Parceria<\/strong><br \/>\nA coordena\u00e7\u00e3o nacional do PROFLETRAS \u00e9 realizada pela Universidade Federal do Rio Grande do Norte (UFRN).<\/p>\n<p>No Estado da Para\u00edba, o PROFLETRAS funcionar\u00e1 em tr\u00eas institui\u00e7\u00f5es p\u00fablicas de ensino superior:<\/p>\n<ul>\n<li>UEPB (Universidade Estadual da Para\u00edba \u2013 Campus de Guarabira);<\/li>\n<li>UFPB (Universidade Federal da Para\u00edba \u2013 Campus de Mamanguape);<\/li>\n<li>UFCG (Universidade Federal de Campina Grande \u2013 Campus de Cajazeiras).<\/li>\n<\/ul>\n<p><strong>Hist\u00f3rico<\/strong><br \/>\nA primeira turma do Mestrado Profissional em Letras no campus da UEPB de Guarabira teve in\u00edcio em 2013, sendo composta por 25 alunos.<\/p>\n","protected":false},"excerpt":{"rendered":"<p>Mestrado Profissional em Letras (PROFLETRAS) \u00c1rea de concentra\u00e7\u00e3o: Linguagens e letramentos Linhas de pesquisa Teorias da linguagem e ensino Leitura e Produ\u00e7\u00e3o textual Professores Prof\u00aa Dr\u00aa Rosilda Alves Bezerra (Coordenadora do Mestrado) Prof\u00aa Dr\u00aa Maria de F\u00e1tima de Souza Aquino (Coordenadora-Adjunta) Prof\u00aa Dr\u00aa Maria Suely da Costa Prof\u00aa Dr\u00aa Iara Ferreira de Melo Martins Prof\u00aa <a class=\"leiamais\" href=\"https:\/\/centros.uepb.edu.br\/ch\/pos-graduacao\/mestrado\/\">Leia Mais&#8230;<\/a><\/p>\n","protected":false},"author":1,"featured_media":0,"parent":217,"menu_order":0,"comment_status":"open","ping_status":"open","template":"","meta":{"jetpack_post_was_ever_published":false,"footnotes":""},"class_list":["post-254","page","type-page","status-publish","hentry"],"jetpack_shortlink":"https:\/\/wp.me\/P4NR4N-46","jetpack_sharing_enabled":true,"_links":{"self":[{"href":"https:\/\/centros.uepb.edu.br\/ch\/wp-json\/wp\/v2\/pages\/254","targetHints":{"allow":["GET"]}}],"collection":[{"href":"https:\/\/centros.uepb.edu.br\/ch\/wp-json\/wp\/v2\/pages"}],"about":[{"href":"https:\/\/centros.uepb.edu.br\/ch\/wp-json\/wp\/v2\/types\/page"}],"author":[{"embeddable":true,"href":"https:\/\/centros.uepb.edu.br\/ch\/wp-json\/wp\/v2\/users\/1"}],"replies":[{"embeddable":true,"href":"https:\/\/centros.uepb.edu.br\/ch\/wp-json\/wp\/v2\/comments?post=254"}],"version-history":[{"count":0,"href":"https:\/\/centros.uepb.edu.br\/ch\/wp-json\/wp\/v2\/pages\/254\/revisions"}],"up":[{"embeddable":true,"href":"https:\/\/centros.uepb.edu.br\/ch\/wp-json\/wp\/v2\/pages\/217"}],"wp:attachment":[{"href":"https:\/\/centros.uepb.edu.br\/ch\/wp-json\/wp\/v2\/media?parent=254"}],"curies":[{"name":"wp","href":"https:\/\/api.w.org\/{rel}","templated":true}]}}

<p><strong>Mestrado Profissional em Letras (PROFLETRAS)</strong></p>
<p><strong>Área de concentração</strong>:</p>
<ul>
<li>Linguagens e letramentos</li>
</ul>
<p><strong>Linhas de pesquisa</strong></p>
<ul>
<li>Teorias da linguagem e ensino</li>
<li>Leitura e Produção textual</li>
</ul>
<p><strong>Professores</strong></p>
<ol>
<li>Profª Drª Rosilda Alves Bezerra (Coordenadora do Mestrado)</li>
<li>Profª Drª Maria de Fátima de Souza Aquino (Coordenadora-Adjunta)</li>
<li>Profª Drª Maria Suely da Costa</li>
<li>Profª Drª Iara Ferreira de Melo Martins</li>
<li>Profª Drª Rosângela Neres Araújo da Silva</li>
<li>Profª Drª Sueli Meira Liebig</li>
<li>Profª Drª Edilma de Lucena Catanduba</li>
<li>Prof. Dr. Juarez Nogueira Lins</li>
</ol>
<p><strong>Abrangência</strong><br />
O Programa de mestrado Profissional em Letras (PROFLETRAS), oferecido em rede nacional, é um curso de pós-graduação stricto sensu que conta com a participação de instituições públicas de ensino superior no âmbito do Sistema Universidade Aberta do Brasil (UAB). O programa tem como objetivo, a médio prazo, a formação de professores do ensino fundamental no ensino de língua portuguesa em todo território nacional.</p>
<p><strong>Parceria</strong><br />
A coordenação nacional do PROFLETRAS é realizada pela Universidade Federal do Rio Grande do Norte (UFRN).</p>
<p>No Estado da Paraíba, o PROFLETRAS funcionará em três instituições públicas de ensino superior:</p>
<ul>
<li>UEPB (Universidade Estadual da Paraíba – Campus de Guarabira);</li>
<li>UFPB (Universidade Federal da Paraíba – Campus de Mamanguape);</li>
<li>UFCG (Universidade Federal de Campina Grande – Campus de Cajazeiras).</li>
</ul>
<p><strong>Histórico</strong><br />
A primeira turma do Mestrado Profissional em Letras no campus da UEPB de Guarabira teve início em 2013, sendo composta por 25 alunos.</p>

<p>Mestrado Profissional em Letras (PROFLETRAS) Área de concentração: Linguagens e letramentos Linhas de pesquisa Teorias da linguagem e ensino Leitura e Produção textual Professores Profª Drª Rosilda Alves Bezerra (Coordenadora do Mestrado) Profª Drª Maria de Fátima de Souza Aquino (Coordenadora-Adjunta) Profª Drª Maria Suely da Costa Profª Drª Iara Ferreira de Melo Martins Profª <a class="leiamais" href="https://centros.uepb.edu.br/ch/pos-graduacao/mestrado/">Leia Mais&#8230;</a></p>
