{"id":446,"date":"2014-04-10T14:19:30","date_gmt":"2014-04-10T14:19:30","guid":{"rendered":"\/ceduc\/?page_id=446"},"modified":"2025-07-01T13:01:55","modified_gmt":"2025-07-01T13:01:55","slug":"mestrado","status":"publish","type":"page","link":"https:\/\/centros.uepb.edu.br\/ceduc\/mestrado\/","title":{"rendered":"Mestrado\/Doutorado"},"content":{"rendered":"<h3>Programa de P\u00f3s-gradua\u00e7\u00e3o em Forma\u00e7\u00e3o de Professores \u2013 PPGFP<\/h3>\n<p>COORDENADOR:<br \/>\nProf. Dr. Jo\u00e3o Batista Gon\u00e7alves Bueno<br \/>\nE-mail: joaobgbueno@servidor.uepb.edu.br<br \/>\nCOORDENADORA ADJUNTA:<br \/>\nProfa. Dra. Fab\u00edola M\u00f4nica Da Silva Gon\u00e7alves<br \/>\nE-mail: fmsgoncalves@servidor.uepb.edu.br<\/p>\n<p>SECRET\u00c1RIO: Marcelo Santos Pequeno<br \/>\nCONTATO: 3344-5332<br \/>\nE-MAIL: ppgfp@setor.uepb.edu.br<br \/>\nHOR\u00c1RIO DE FUNCIONAMENTO: 7h \u00e0s 13h \u2013 presencial<br \/>\nP\u00e1gina: <a href=\"https:\/\/pos-graduacao.uepb.edu.br\/ppgfp\/\">https:\/\/pos-graduacao.uepb.edu.br\/ppgfp\/<\/a><\/p>\n<p>&nbsp;<\/p>\n<h3>Mestrado Profissional em Educa\u00e7\u00e3o Inclusiva<\/h3>\n<p>COORDENADORA:<br \/>\nProfa. Dra. Rosemary Alves de Melo<br \/>\nE-mail: rosymelo@servidor.uepb.edu.br<\/p>\n<p>COORDENADORA ADJUNTA:<br \/>\nProfa. Dra. Maria do Ros\u00e1rio Gomes Germano Maciel<br \/>\nE-mail: rosario21germano@servidor.uepb.edu.br<\/p>\n<p>SECRET\u00c1RIA: Telma Cardoso Graciano<br \/>\nCONTATO: (83) 3344 5335 (WhatsApp)<br \/>\nE-MAIL: profei@setor.uepb.edu.br<br \/>\nHOR\u00c1RIO DE FUNCIONAMENTO: 8h \u00e0s 13h\u00a0 e 14 \u00e0s 17h<\/p>\n","protected":false},"excerpt":{"rendered":"<p>Programa de P\u00f3s-gradua\u00e7\u00e3o em Forma\u00e7\u00e3o de Professores \u2013 PPGFP COORDENADOR: Prof. Dr. Jo\u00e3o Batista Gon\u00e7alves Bueno E-mail: joaobgbueno@servidor.uepb.edu.br COORDENADORA ADJUNTA: Profa. Dra. Fab\u00edola M\u00f4nica Da Silva Gon\u00e7alves E-mail: fmsgoncalves@servidor.uepb.edu.br SECRET\u00c1RIO: Marcelo Santos Pequeno CONTATO: 3344-5332 E-MAIL: ppgfp@setor.uepb.edu.br HOR\u00c1RIO DE FUNCIONAMENTO: 7h \u00e0s 13h \u2013 presencial P\u00e1gina: https:\/\/pos-graduacao.uepb.edu.br\/ppgfp\/ &nbsp; Mestrado Profissional em Educa\u00e7\u00e3o Inclusiva COORDENADORA: Profa. <a class=\"leiamais\" href=\"https:\/\/centros.uepb.edu.br\/ceduc\/mestrado\/\">Leia Mais&#8230;<\/a><\/p>\n","protected":false},"author":15,"featured_media":0,"parent":0,"menu_order":14,"comment_status":"open","ping_status":"open","template":"","meta":{"footnotes":""},"class_list":["post-446","page","type-page","status-publish","hentry"],"jetpack_sharing_enabled":true,"_links":{"self":[{"href":"https:\/\/centros.uepb.edu.br\/ceduc\/wp-json\/wp\/v2\/pages\/446","targetHints":{"allow":["GET"]}}],"collection":[{"href":"https:\/\/centros.uepb.edu.br\/ceduc\/wp-json\/wp\/v2\/pages"}],"about":[{"href":"https:\/\/centros.uepb.edu.br\/ceduc\/wp-json\/wp\/v2\/types\/page"}],"author":[{"embeddable":true,"href":"https:\/\/centros.uepb.edu.br\/ceduc\/wp-json\/wp\/v2\/users\/15"}],"replies":[{"embeddable":true,"href":"https:\/\/centros.uepb.edu.br\/ceduc\/wp-json\/wp\/v2\/comments?post=446"}],"version-history":[{"count":0,"href":"https:\/\/centros.uepb.edu.br\/ceduc\/wp-json\/wp\/v2\/pages\/446\/revisions"}],"wp:attachment":[{"href":"https:\/\/centros.uepb.edu.br\/ceduc\/wp-json\/wp\/v2\/media?parent=446"}],"curies":[{"name":"wp","href":"https:\/\/api.w.org\/{rel}","templated":true}]}}

<h3>Programa de Pós-graduação em Formação de Professores – PPGFP</h3>
<p>COORDENADOR:<br />
Prof. Dr. João Batista Gonçalves Bueno<br />
E-mail: joaobgbueno@servidor.uepb.edu.br<br />
COORDENADORA ADJUNTA:<br />
Profa. Dra. Fabíola Mônica Da Silva Gonçalves<br />
E-mail: fmsgoncalves@servidor.uepb.edu.br</p>
<p>SECRETÁRIO: Marcelo Santos Pequeno<br />
CONTATO: 3344-5332<br />
E-MAIL: ppgfp@setor.uepb.edu.br<br />
HORÁRIO DE FUNCIONAMENTO: 7h às 13h – presencial<br />
Página: <a href="https://pos-graduacao.uepb.edu.br/ppgfp/">https://pos-graduacao.uepb.edu.br/ppgfp/</a></p>
<p>&nbsp;</p>
<h3>Mestrado Profissional em Educação Inclusiva</h3>
<p>COORDENADORA:<br />
Profa. Dra. Rosemary Alves de Melo<br />
E-mail: rosymelo@servidor.uepb.edu.br</p>
<p>COORDENADORA ADJUNTA:<br />
Profa. Dra. Maria do Rosário Gomes Germano Maciel<br />
E-mail: rosario21germano@servidor.uepb.edu.br</p>
<p>SECRETÁRIA: Telma Cardoso Graciano<br />
CONTATO: (83) 3344 5335 (WhatsApp)<br />
E-MAIL: profei@setor.uepb.edu.br<br />
HORÁRIO DE FUNCIONAMENTO: 8h às 13h  e 14 às 17h</p>

<p>Programa de Pós-graduação em Formação de Professores – PPGFP COORDENADOR: Prof. Dr. João Batista Gonçalves Bueno E-mail: joaobgbueno@servidor.uepb.edu.br COORDENADORA ADJUNTA: Profa. Dra. Fabíola Mônica Da Silva Gonçalves E-mail: fmsgoncalves@servidor.uepb.edu.br SECRETÁRIO: Marcelo Santos Pequeno CONTATO: 3344-5332 E-MAIL: ppgfp@setor.uepb.edu.br HORÁRIO DE FUNCIONAMENTO: 7h às 13h – presencial Página: https://pos-graduacao.uepb.edu.br/ppgfp/ &nbsp; Mestrado Profissional em Educação Inclusiva COORDENADORA: Profa. <a class="leiamais" href="https://centros.uepb.edu.br/ceduc/mestrado/">Leia Mais&#8230;</a></p>
