{"id":443,"date":"2014-04-10T14:19:20","date_gmt":"2014-04-10T14:19:20","guid":{"rendered":"\/ceduc\/?page_id=443"},"modified":"2025-08-26T13:15:45","modified_gmt":"2025-08-26T13:15:45","slug":"especializacao","status":"publish","type":"page","link":"https:\/\/centros.uepb.edu.br\/ceduc\/especializacao\/","title":{"rendered":"Especializa\u00e7\u00e3o"},"content":{"rendered":"<div class=\"wpb-content-wrapper\"><p>[vc_row][vc_column][vc_column_text css=&#8221;&#8221;]<span style=\"text-decoration: underline;\"><strong>DEPARTAMENTO DE GEOGRAFIA<\/strong><\/span><\/p>\n<p><strong>Especializa\u00e7\u00e3o: GeoAmbi\u00eancia e recursos h\u00eddricos do semi\u00e1rido<\/strong><\/p>\n<p><strong>Coordenador:<\/strong> Prof. Dr. Jo\u00e3o Damasceno<\/p>\n<p><strong>Fone:<\/strong> 3344-5314<\/p>\n<p><strong>E-mail:<\/strong> <a href=\"mailto:pggeoamb@uepb.edu.br\">pggeoamb@uepb.edu.br<\/a><\/p>\n<p>&nbsp;<\/p>\n<p><strong>Especializa\u00e7\u00e3o: Ensino de Geografia<\/strong><\/p>\n<p><strong>Coordenadora:<\/strong> Prof\u00aa. Dra. Josandra Ara\u00fajo Barreto de Melo<\/p>\n<p><strong>Fone:<\/strong> 3344-5314<\/p>\n<p><strong>E-mail:<\/strong> <a href=\"mailto:pgensinogeo@ceduc.uepb.edu.br\">pgensinogeo@ceduc.uepb.edu.br<\/a><\/p>\n<p>&nbsp;<\/p>\n<p><span style=\"text-decoration: underline;\"><strong>DEPARTAMENTO DE FILOSOFIA<br \/>\n<\/strong><\/span><\/p>\n<p><strong>Especializa\u00e7\u00e3o: Filosofia da Educa\u00e7\u00e3o<\/strong><\/p>\n<p><strong>Coordenador:<\/strong> Prof. Dr. Valmir Pereira<\/p>\n<p><strong>Fone:<\/strong> 3344-5318<\/p>\n<p><strong>E-mail: <\/strong><a href=\"mailto:ariadnecosta@gmail.com\">filosofia@uepb.edu.br<\/a>[\/vc_column_text][\/vc_column][\/vc_row]<\/p>\n<\/div>","protected":false},"excerpt":{"rendered":"<p>[vc_row][vc_column][vc_column_text css=&#8221;&#8221;]DEPARTAMENTO DE GEOGRAFIA Especializa\u00e7\u00e3o: GeoAmbi\u00eancia e recursos h\u00eddricos do semi\u00e1rido Coordenador: Prof. Dr. Jo\u00e3o Damasceno Fone: 3344-5314 E-mail: pggeoamb@uepb.edu.br &nbsp; Especializa\u00e7\u00e3o: Ensino de Geografia Coordenadora: Prof\u00aa. Dra. Josandra Ara\u00fajo Barreto de Melo Fone: 3344-5314 E-mail: pgensinogeo@ceduc.uepb.edu.br &nbsp; DEPARTAMENTO DE FILOSOFIA Especializa\u00e7\u00e3o: Filosofia da Educa\u00e7\u00e3o Coordenador: Prof. Dr. Valmir Pereira Fone: 3344-5318 E-mail: filosofia@uepb.edu.br[\/vc_column_text][\/vc_column][\/vc_row]<\/p>\n","protected":false},"author":15,"featured_media":0,"parent":0,"menu_order":15,"comment_status":"open","ping_status":"open","template":"","meta":{"footnotes":""},"class_list":["post-443","page","type-page","status-publish","hentry"],"jetpack_sharing_enabled":true,"_links":{"self":[{"href":"https:\/\/centros.uepb.edu.br\/ceduc\/wp-json\/wp\/v2\/pages\/443","targetHints":{"allow":["GET"]}}],"collection":[{"href":"https:\/\/centros.uepb.edu.br\/ceduc\/wp-json\/wp\/v2\/pages"}],"about":[{"href":"https:\/\/centros.uepb.edu.br\/ceduc\/wp-json\/wp\/v2\/types\/page"}],"author":[{"embeddable":true,"href":"https:\/\/centros.uepb.edu.br\/ceduc\/wp-json\/wp\/v2\/users\/15"}],"replies":[{"embeddable":true,"href":"https:\/\/centros.uepb.edu.br\/ceduc\/wp-json\/wp\/v2\/comments?post=443"}],"version-history":[{"count":0,"href":"https:\/\/centros.uepb.edu.br\/ceduc\/wp-json\/wp\/v2\/pages\/443\/revisions"}],"wp:attachment":[{"href":"https:\/\/centros.uepb.edu.br\/ceduc\/wp-json\/wp\/v2\/media?parent=443"}],"curies":[{"name":"wp","href":"https:\/\/api.w.org\/{rel}","templated":true}]}}

Especialização

<div class="wpb-content-wrapper"><p>[vc_row][vc_column][vc_column_text css=&#8221;&#8221;]<span style="text-decoration: underline;"><strong>DEPARTAMENTO DE GEOGRAFIA</strong></span></p>
<p><strong>Especialização: GeoAmbiência e recursos hídricos do semiárido</strong></p>
<p><strong>Coordenador:</strong> Prof. Dr. João Damasceno</p>
<p><strong>Fone:</strong> 3344-5314</p>
<p><strong>E-mail:</strong> <a href="mailto:pggeoamb@uepb.edu.br">pggeoamb@uepb.edu.br</a></p>
<p>&nbsp;</p>
<p><strong>Especialização: Ensino de Geografia</strong></p>
<p><strong>Coordenadora:</strong> Profª. Dra. Josandra Araújo Barreto de Melo</p>
<p><strong>Fone:</strong> 3344-5314</p>
<p><strong>E-mail:</strong> <a href="mailto:pgensinogeo@ceduc.uepb.edu.br">pgensinogeo@ceduc.uepb.edu.br</a></p>
<p>&nbsp;</p>
<p><span style="text-decoration: underline;"><strong>DEPARTAMENTO DE FILOSOFIA<br />
</strong></span></p>
<p><strong>Especialização: Filosofia da Educação</strong></p>
<p><strong>Coordenador:</strong> Prof. Dr. Valmir Pereira</p>
<p><strong>Fone:</strong> 3344-5318</p>
<p><strong>E-mail: </strong><a href="mailto:ariadnecosta@gmail.com">filosofia@uepb.edu.br</a>[/vc_column_text][/vc_column][/vc_row]</p>
</div>

<p>[vc_row][vc_column][vc_column_text css=&#8221;&#8221;]DEPARTAMENTO DE GEOGRAFIA Especialização: GeoAmbiência e recursos hídricos do semiárido Coordenador: Prof. Dr. João Damasceno Fone: 3344-5314 E-mail: pggeoamb@uepb.edu.br &nbsp; Especialização: Ensino de Geografia Coordenadora: Profª. Dra. Josandra Araújo Barreto de Melo Fone: 3344-5314 E-mail: pgensinogeo@ceduc.uepb.edu.br &nbsp; DEPARTAMENTO DE FILOSOFIA Especialização: Filosofia da Educação Coordenador: Prof. Dr. Valmir Pereira Fone: 3344-5318 E-mail: filosofia@uepb.edu.br[/vc_column_text][/vc_column][/vc_row]</p>
