{"id":412,"date":"2014-04-10T12:59:14","date_gmt":"2014-04-10T12:59:14","guid":{"rendered":"\/ceduc\/?page_id=412"},"modified":"2025-06-30T14:27:10","modified_gmt":"2025-06-30T14:27:10","slug":"historia","status":"publish","type":"page","link":"https:\/\/centros.uepb.edu.br\/ceduc\/historia\/","title":{"rendered":"Hist\u00f3ria"},"content":{"rendered":"<div class=\"wpb-content-wrapper\"><p>[vc_row][vc_column][vc_column_text][\/vc_column_text][vc_tta_tabs][vc_tta_section title=&#8221;Sobre o Curso&#8221; tab_id=&#8221;1654684802406-643f8aa8-716c&#8221;][vc_column_text]<strong>APRESENTA\u00c7\u00c3O:<\/strong><\/p>\n<p>O melhor cart\u00e3o de visitas do Curso de Hist\u00f3ria \u00e9 seu Projeto Pol\u00edtico Pedag\u00f3gico (PPP), elaborado a partir das demandas e propostas dos docentes e discentes e das experi\u00eancias acumuladas por um dos cursos mais antigos da Universidade Estadual da Para\u00edba. Com base numa extensa bibliografia sobre o ensino de hist\u00f3ria e na sistem\u00e1tica participa\u00e7\u00e3o em debates promovidos pela Associa\u00e7\u00e3o Nacional dos Professores Universit\u00e1rios de Hist\u00f3ria \u2013 ANPUH, al\u00e9m da leitura de modelos curriculares, \u00e9 que o PPP de Hist\u00f3ria foi sendo montado.<\/p>\n<p>Considerando as Diretrizes Curriculares para os Cursos de Hist\u00f3ria, este PPP traz mudan\u00e7as significativas para nosso curso. Reorganizamos a grade curricular, no sentido de aprimor\u00e1-la, e pensando em ampliar os espa\u00e7os de produ\u00e7\u00e3o de conhecimento para melhor atender \u00e0s expectativas da comunidade acad\u00eamica e estreitar as rela\u00e7\u00f5es com a pr\u00f3pria sociedade.<\/p>\n<p>O projeto situa o Curso de Hist\u00f3ria num debate te\u00f3rico mais amplo, que nas \u00faltimas d\u00e9cadas tem possibilitado o alargamento e aproxima\u00e7\u00e3o das fronteiras entre as v\u00e1rias \u00e1reas de conhecimento e que, de diversas formas, acabou resultando na necessidade da reformula\u00e7\u00e3o do curr\u00edculo atual. A quest\u00e3o era acompanhar as mudan\u00e7as face \u00e0 emerg\u00eancia de novos grupos sociais, com suas reivindica\u00e7\u00f5es de direitos e lutas contra preconceitos, e estabelecer conex\u00f5es com o mundo informatizado, ampliando horizontes para a diversidade cultural. Tudo isso imp\u00f4s ao corpo acad\u00eamico do Curso de Hist\u00f3ria novas posturas profissionais e novas habilidades, principalmente uma vis\u00e3o cultural mais ampla que possibilita um exerc\u00edcio pedag\u00f3gico atualizado com o presente. Assim, esse corpo de mudan\u00e7as tem como base a Resolu\u00e7\u00e3o\/UEPB\/CONSEPE\/13\/2005 e elenca os seguintes pontos:<\/p>\n<p>Efetiva\u00e7\u00e3o de est\u00e1gios supervisionados e pr\u00e1tica doc\u00eancia, de acordo com as novas exig\u00eancias do MEC; percep\u00e7\u00e3o da necessidade de amplia\u00e7\u00e3o dos estudos na \u00e1rea de teoria e metodologia de Hist\u00f3ria; investimento na rela\u00e7\u00e3o entre ensino e pesquisa para amplo exerc\u00edcio profissional do educando; reafirma\u00e7\u00e3o do uso das m\u00faltiplas linguagens e tecnologias no ensino de Hist\u00f3ria; valoriza\u00e7\u00e3o da autonomia profissional do educando, possibilitando estabelecer amplas conex\u00f5es com sua \u00e1rea de trabalho; aprimoramento de postura pol\u00edtica e \u00e9tica face \u00e0 diversidade cultural.<\/p>\n<p><strong>HIST\u00d3RICO:<\/strong><\/p>\n<p>Aprovado e autorizado pela Resolu\u00e7\u00e3o n\u00ba. 16 de 28 de julho de 1974, do Conselho de Ensino, Pesquisa e Extens\u00e3o da Funda\u00e7\u00e3o Universidade Regional do Nordeste (FURNe), o Curso de Licenciatura Plena em Hist\u00f3ria foi, durante cerca de 20 anos, ministrado simultaneamente com o curso de Licenciatura em Estudos Sociais, que foi extinto ap\u00f3s o reconhecimento definitivo do Curso de Licenciatura Plena em Hist\u00f3ria em 02 de junho de 1982 de acordo com a portaria n\u00ba 196. O fato \u00e9 com o fim do Regime Militar instalado em 1964 n\u00e3o fazia mais sentido permanecer com um curso criado para atender interesses pol\u00edtico-ideol\u00f3gicos de uma ditadura militar que perdurou por longos 21 anos.<\/p>\n<p>No per\u00edodo de sua efetiva\u00e7\u00e3o, o corpo docente era composto por vinte e quatro professores[1] e funcionava em dois pr\u00e9dios, um destes na Uni\u00e3o dos Mo\u00e7os Cat\u00f3licos, pr\u00e9dio da Diocese. Com sede em Campina Grande, a FURNe, mantenedora do curso, que foi criada pela Lei Municipal n\u00ba 23, de 15 de mar\u00e7o de 1966, e pela Lei Municipal n\u00ba 201, de 20 de mar\u00e7o de 1968 tinha por \u201cfinalidade criar e manter a Universidade Regional do Nordeste, prestar assist\u00eancia social e filantr\u00f3pica\u201d. Com a estadualiza\u00e7\u00e3o e gratuidade do ensino, em 1987, atrav\u00e9s da Lei n\u00ba 4.977, a URNE passa a ser denominada Universidade Estadual da Para\u00edba \u2013 UEPB. O processo de autonomia financeira da institui\u00e7\u00e3o foi institucionalizada atrav\u00e9s da Lei n\u00ba 7.643, de 6 de agosto de 2004.<\/p>\n<p>At\u00e9 1993, o curso de Hist\u00f3ria compunha a Faculdade de Educa\u00e7\u00e3o, Letras e Ci\u00eancias Sociais &#8211; FELCS. Atualmente a Universidade encontra-se organizada por Centros e o curso de Hist\u00f3ria pertence ao CEDUC. Contando hoje com um corpo docente, composto por professores efetivos, substitutos e visitantes, o curso de Hist\u00f3ria encontra-se em franco crescimento. Al\u00e9m da realiza\u00e7\u00e3o de eventos destinados ao debate e a divulga\u00e7\u00e3o da produ\u00e7\u00e3o de conhecimento, tem alargado o incentivo ao desenvolvimento de pesquisas e programas de monitorias, bem como possibilitado a qualifica\u00e7\u00e3o do seu corpo docente atrav\u00e9s do doutoramento em universidades conceituadas.<\/p>\n<p>No que concerne \u00e0 estrutura curricular, algumas mudan\u00e7as foram efetivadas ao longo dos \u00faltimos anos com vistas a aperfei\u00e7oar a forma\u00e7\u00e3o dos discentes e dinamizar a produ\u00e7\u00e3o de conhecimento na gradua\u00e7\u00e3o. Em 1999, mediante a Resolu\u00e7\u00e3o UEPB\/CONCEP\/90\/97 foi efetivada uma Reforma Curricular do Curso de Hist\u00f3ria, que possibilitou a realiza\u00e7\u00e3o do sistema seriado. Seguindo as diretrizes do MEC e dos \u00f3rg\u00e3os competentes que regem as Institui\u00e7\u00f5es de Ensino Superior, em 2009 o Projeto Pol\u00edtico Pedag\u00f3gico foi elaborado a partir de debates realizados junto ao corpo docente do Curso de Hist\u00f3ria e dos referenciais te\u00f3rico-metodol\u00f3gicos atualizados, que norteiam os objetivos e a pr\u00e1tica educativa do Curso de Licenciatura Plena em Hist\u00f3ria da UEPB. Tal reformula\u00e7\u00e3o visa ampliar as contribui\u00e7\u00f5es relativas ao ensino e a pesquisa na Hist\u00f3ria, visando o aperfei\u00e7oamento do curso.<\/p>\n<p><strong>OBJETIVO DO CURSO:<\/strong><\/p>\n<p>O perfil do curso de hist\u00f3ria se articula aos novos paradigmas te\u00f3ricos da \u00e1rea, para possibilitar aos educandos e educadores a inser\u00e7\u00e3o na maquinaria que engendra o pr\u00f3prio conhecimento hist\u00f3rico. Entendendo que esse conhecimento n\u00e3o est\u00e1 dado para ningu\u00e9m, e diante da impossibilidade de ser arquivado e \u201crepassado\u201d em sala de aula, ele deve ser problematizado em sua pr\u00f3pria materialidade, atentando-se para seu lugar de constitui\u00e7\u00e3o, para o olhar te\u00f3rico que o engendra e lhe oferece autoridade. Enfim, temos uma produ\u00e7\u00e3o de conhecimento profundamente comprometida em desnaturalizar no\u00e7\u00f5es de acontecimento, de verdade, de documento e do pr\u00f3prio sujeito hist\u00f3rico.<\/p>\n<p>Essa forma dos educandos e educadores se inscreverem no campo da hist\u00f3ria, anuncia que a produ\u00e7\u00e3o do conhecimento hist\u00f3rico n\u00e3o deve estar, portanto, desvinculada de um olhar mais amplo para o seu tempo, para a sociedade que partilham, mas estar apta a problematizar os problemas emergentes no presente. \u00c9 com base nesses princ\u00edpios gerais que o curso se norteia pelos seguintes objetivos:<\/p>\n<ul>\n<li>Propiciar a articula\u00e7\u00e3o entre ensino-pesquisa-extens\u00e3o, de maneira que seja poss\u00edvel ao graduando inserir-se plenamente no campo de atua\u00e7\u00e3o pr\u00e1tico da Hist\u00f3ria, ao mesmo tempo, conectados aos anseios da sociedade.<\/li>\n<li>Possibilitar aos educandos as diversas concep\u00e7\u00f5es te\u00f3rico-metodol\u00f3gicas que validam categorias de an\u00e1lise e orientam as produ\u00e7\u00f5es no campo de saber hist\u00f3rico.<\/li>\n<li>Problematizar as produ\u00e7\u00f5es de subjetividades e de identidades em suas rela\u00e7\u00f5es com as m\u00faltiplas dimens\u00f5es do tempo e do espa\u00e7o.<\/li>\n<li>Produzir um conhecimento comprometido com pr\u00e1ticas pol\u00edtica e \u00e9tica, voltadas para as rela\u00e7\u00f5es de alteridade, de respeito aos grupos s\u00f3cio-culturais e \u00e9tnicos.<\/li>\n<\/ul>\n<p>[\/vc_column_text][\/vc_tta_section][vc_tta_section title=&#8221;Chefias&#8221; tab_id=&#8221;1654684802418-c5506a48-3cc0&#8243;][vc_column_text css=&#8221;&#8221;]Chefe do Departamento: <strong>Prof. Dr. Dra. Auric\u00e9lia Lopes Pereira<\/strong><\/p>\n<p>E-mail: <span style=\"font-size: small\"><span style=\"color: #467886\"><u><a href=\"mailto:auricelia2420@servidor.uepb.edu.br\" target=\"_blank\" rel=\"noopener\"><span lang=\"pt-BR\"><b>auricelia2420@servidor.uepb.edu.br<\/b><\/span><\/a><\/u><\/span><\/span><\/p>\n<p>Chefe Adjunta do Departamento: <strong>Prof. Dr. Jos\u00e9 Adilson Filho<\/strong><\/p>\n<p>E-mail: <span style=\"font-size: small\"><span style=\"color: #467886\"><u><a href=\"mailto:adilsonfilho@servidor.uepb.edu.br\" target=\"_blank\" rel=\"noopener\"><span lang=\"pt-BR\"><b>adilsonfilho@servidor.uepb.edu.br<\/b><\/span><\/a><\/u><\/span><\/span><\/p>\n<p>Coordenadora do Curso: <strong>Prof. Dr. Matusal\u00e9m Alves Oliveira<\/strong><\/p>\n<p>E-mail: <span style=\"font-size: small\"><span style=\"color: #467886\"><u><a href=\"mailto:matusala@servidor.uepb.edu.br\" target=\"_blank\" rel=\"noopener\"><span lang=\"pt-BR\"><b>matusala@servidor.uepb.edu.br<\/b><\/span><\/a><\/u><\/span><\/span><\/p>\n<p>Coordenador Adjunto do Curso: <strong>Profa. Dra. Maria de Lourdes Lopo Ramos<\/strong><\/p>\n<p>E-mail: <span style=\"font-size: small\"><span style=\"color: #467886\"><u><a href=\"mailto:mariadelourdesloporamos67@servidor.uepb.edu.br\" target=\"_blank\" rel=\"noopener\"><span lang=\"pt-BR\"><b>mariadelourdesloporamos67@servidor.uepb.edu.br<\/b><\/span><\/a><\/u><\/span><\/span>[\/vc_column_text][\/vc_tta_section][vc_tta_section title=&#8221;Secretaria&#8221; tab_id=&#8221;1654684804940-deedfa68-42fa&#8221;][vc_column_text css=&#8221;&#8221;]Polyana Santos Cavalcanti (Departamento)<\/p>\n<p>Emerson Silva de Melo (Coordena\u00e7\u00e3o)<\/p>\n<p>Gersonilson Honorato da Silva J\u00fanior (Nupehl)<\/p>\n<p>[\/vc_column_text][\/vc_tta_section][vc_tta_section title=&#8221;Hor\u00e1rio de Funcionamento&#8221; tab_id=&#8221;1654684805766-c0acc47a-3363&#8243;][vc_column_text css=&#8221;&#8221;]Das 07h \u00e1s 12h e das 18h30min \u00e0s 21h30min[\/vc_column_text][\/vc_tta_section][\/vc_tta_tabs][\/vc_column][\/vc_row]<\/p>\n<\/div>","protected":false},"excerpt":{"rendered":"<p>[vc_row][vc_column][vc_column_text][\/vc_column_text][vc_tta_tabs][vc_tta_section title=&#8221;Sobre o Curso&#8221; tab_id=&#8221;1654684802406-643f8aa8-716c&#8221;][vc_column_text]APRESENTA\u00c7\u00c3O: O melhor cart\u00e3o de visitas do Curso de Hist\u00f3ria \u00e9 seu Projeto Pol\u00edtico Pedag\u00f3gico (PPP), elaborado a partir das demandas e propostas dos docentes e discentes e das experi\u00eancias acumuladas por um dos cursos mais antigos da Universidade Estadual da Para\u00edba. Com base numa extensa bibliografia sobre o ensino de <a class=\"leiamais\" href=\"https:\/\/centros.uepb.edu.br\/ceduc\/historia\/\">Leia Mais&#8230;<\/a><\/p>\n","protected":false},"author":15,"featured_media":0,"parent":0,"menu_order":19,"comment_status":"open","ping_status":"open","template":"","meta":{"footnotes":""},"class_list":["post-412","page","type-page","status-publish","hentry"],"jetpack_sharing_enabled":true,"_links":{"self":[{"href":"https:\/\/centros.uepb.edu.br\/ceduc\/wp-json\/wp\/v2\/pages\/412","targetHints":{"allow":["GET"]}}],"collection":[{"href":"https:\/\/centros.uepb.edu.br\/ceduc\/wp-json\/wp\/v2\/pages"}],"about":[{"href":"https:\/\/centros.uepb.edu.br\/ceduc\/wp-json\/wp\/v2\/types\/page"}],"author":[{"embeddable":true,"href":"https:\/\/centros.uepb.edu.br\/ceduc\/wp-json\/wp\/v2\/users\/15"}],"replies":[{"embeddable":true,"href":"https:\/\/centros.uepb.edu.br\/ceduc\/wp-json\/wp\/v2\/comments?post=412"}],"version-history":[{"count":0,"href":"https:\/\/centros.uepb.edu.br\/ceduc\/wp-json\/wp\/v2\/pages\/412\/revisions"}],"wp:attachment":[{"href":"https:\/\/centros.uepb.edu.br\/ceduc\/wp-json\/wp\/v2\/media?parent=412"}],"curies":[{"name":"wp","href":"https:\/\/api.w.org\/{rel}","templated":true}]}}

História

<div class="wpb-content-wrapper"><p>[vc_row][vc_column][vc_column_text][/vc_column_text][vc_tta_tabs][vc_tta_section title=&#8221;Sobre o Curso&#8221; tab_id=&#8221;1654684802406-643f8aa8-716c&#8221;][vc_column_text]<strong>APRESENTAÇÃO:</strong></p>
<p>O melhor cartão de visitas do Curso de História é seu Projeto Político Pedagógico (PPP), elaborado a partir das demandas e propostas dos docentes e discentes e das experiências acumuladas por um dos cursos mais antigos da Universidade Estadual da Paraíba. Com base numa extensa bibliografia sobre o ensino de história e na sistemática participação em debates promovidos pela Associação Nacional dos Professores Universitários de História – ANPUH, além da leitura de modelos curriculares, é que o PPP de História foi sendo montado.</p>
<p>Considerando as Diretrizes Curriculares para os Cursos de História, este PPP traz mudanças significativas para nosso curso. Reorganizamos a grade curricular, no sentido de aprimorá-la, e pensando em ampliar os espaços de produção de conhecimento para melhor atender às expectativas da comunidade acadêmica e estreitar as relações com a própria sociedade.</p>
<p>O projeto situa o Curso de História num debate teórico mais amplo, que nas últimas décadas tem possibilitado o alargamento e aproximação das fronteiras entre as várias áreas de conhecimento e que, de diversas formas, acabou resultando na necessidade da reformulação do currículo atual. A questão era acompanhar as mudanças face à emergência de novos grupos sociais, com suas reivindicações de direitos e lutas contra preconceitos, e estabelecer conexões com o mundo informatizado, ampliando horizontes para a diversidade cultural. Tudo isso impôs ao corpo acadêmico do Curso de História novas posturas profissionais e novas habilidades, principalmente uma visão cultural mais ampla que possibilita um exercício pedagógico atualizado com o presente. Assim, esse corpo de mudanças tem como base a Resolução/UEPB/CONSEPE/13/2005 e elenca os seguintes pontos:</p>
<p>Efetivação de estágios supervisionados e prática docência, de acordo com as novas exigências do MEC; percepção da necessidade de ampliação dos estudos na área de teoria e metodologia de História; investimento na relação entre ensino e pesquisa para amplo exercício profissional do educando; reafirmação do uso das múltiplas linguagens e tecnologias no ensino de História; valorização da autonomia profissional do educando, possibilitando estabelecer amplas conexões com sua área de trabalho; aprimoramento de postura política e ética face à diversidade cultural.</p>
<p><strong>HISTÓRICO:</strong></p>
<p>Aprovado e autorizado pela Resolução nº. 16 de 28 de julho de 1974, do Conselho de Ensino, Pesquisa e Extensão da Fundação Universidade Regional do Nordeste (FURNe), o Curso de Licenciatura Plena em História foi, durante cerca de 20 anos, ministrado simultaneamente com o curso de Licenciatura em Estudos Sociais, que foi extinto após o reconhecimento definitivo do Curso de Licenciatura Plena em História em 02 de junho de 1982 de acordo com a portaria nº 196. O fato é com o fim do Regime Militar instalado em 1964 não fazia mais sentido permanecer com um curso criado para atender interesses político-ideológicos de uma ditadura militar que perdurou por longos 21 anos.</p>
<p>No período de sua efetivação, o corpo docente era composto por vinte e quatro professores[1] e funcionava em dois prédios, um destes na União dos Moços Católicos, prédio da Diocese. Com sede em Campina Grande, a FURNe, mantenedora do curso, que foi criada pela Lei Municipal nº 23, de 15 de março de 1966, e pela Lei Municipal nº 201, de 20 de março de 1968 tinha por “finalidade criar e manter a Universidade Regional do Nordeste, prestar assistência social e filantrópica”. Com a estadualização e gratuidade do ensino, em 1987, através da Lei nº 4.977, a URNE passa a ser denominada Universidade Estadual da Paraíba – UEPB. O processo de autonomia financeira da instituição foi institucionalizada através da Lei nº 7.643, de 6 de agosto de 2004.</p>
<p>Até 1993, o curso de História compunha a Faculdade de Educação, Letras e Ciências Sociais &#8211; FELCS. Atualmente a Universidade encontra-se organizada por Centros e o curso de História pertence ao CEDUC. Contando hoje com um corpo docente, composto por professores efetivos, substitutos e visitantes, o curso de História encontra-se em franco crescimento. Além da realização de eventos destinados ao debate e a divulgação da produção de conhecimento, tem alargado o incentivo ao desenvolvimento de pesquisas e programas de monitorias, bem como possibilitado a qualificação do seu corpo docente através do doutoramento em universidades conceituadas.</p>
<p>No que concerne à estrutura curricular, algumas mudanças foram efetivadas ao longo dos últimos anos com vistas a aperfeiçoar a formação dos discentes e dinamizar a produção de conhecimento na graduação. Em 1999, mediante a Resolução UEPB/CONCEP/90/97 foi efetivada uma Reforma Curricular do Curso de História, que possibilitou a realização do sistema seriado. Seguindo as diretrizes do MEC e dos órgãos competentes que regem as Instituições de Ensino Superior, em 2009 o Projeto Político Pedagógico foi elaborado a partir de debates realizados junto ao corpo docente do Curso de História e dos referenciais teórico-metodológicos atualizados, que norteiam os objetivos e a prática educativa do Curso de Licenciatura Plena em História da UEPB. Tal reformulação visa ampliar as contribuições relativas ao ensino e a pesquisa na História, visando o aperfeiçoamento do curso.</p>
<p><strong>OBJETIVO DO CURSO:</strong></p>
<p>O perfil do curso de história se articula aos novos paradigmas teóricos da área, para possibilitar aos educandos e educadores a inserção na maquinaria que engendra o próprio conhecimento histórico. Entendendo que esse conhecimento não está dado para ninguém, e diante da impossibilidade de ser arquivado e “repassado” em sala de aula, ele deve ser problematizado em sua própria materialidade, atentando-se para seu lugar de constituição, para o olhar teórico que o engendra e lhe oferece autoridade. Enfim, temos uma produção de conhecimento profundamente comprometida em desnaturalizar noções de acontecimento, de verdade, de documento e do próprio sujeito histórico.</p>
<p>Essa forma dos educandos e educadores se inscreverem no campo da história, anuncia que a produção do conhecimento histórico não deve estar, portanto, desvinculada de um olhar mais amplo para o seu tempo, para a sociedade que partilham, mas estar apta a problematizar os problemas emergentes no presente. É com base nesses princípios gerais que o curso se norteia pelos seguintes objetivos:</p>
<ul>
<li>Propiciar a articulação entre ensino-pesquisa-extensão, de maneira que seja possível ao graduando inserir-se plenamente no campo de atuação prático da História, ao mesmo tempo, conectados aos anseios da sociedade.</li>
<li>Possibilitar aos educandos as diversas concepções teórico-metodológicas que validam categorias de análise e orientam as produções no campo de saber histórico.</li>
<li>Problematizar as produções de subjetividades e de identidades em suas relações com as múltiplas dimensões do tempo e do espaço.</li>
<li>Produzir um conhecimento comprometido com práticas política e ética, voltadas para as relações de alteridade, de respeito aos grupos sócio-culturais e étnicos.</li>
</ul>
<p>[/vc_column_text][/vc_tta_section][vc_tta_section title=&#8221;Chefias&#8221; tab_id=&#8221;1654684802418-c5506a48-3cc0&#8243;][vc_column_text css=&#8221;&#8221;]Chefe do Departamento: <strong>Prof. Dr. Dra. Auricélia Lopes Pereira</strong></p>
<p>E-mail: <span style="font-size: small"><span style="color: #467886"><u><a href="mailto:auricelia2420@servidor.uepb.edu.br" target="_blank" rel="noopener"><span lang="pt-BR"><b>auricelia2420@servidor.uepb.edu.br</b></span></a></u></span></span></p>
<p>Chefe Adjunta do Departamento: <strong>Prof. Dr. José Adilson Filho</strong></p>
<p>E-mail: <span style="font-size: small"><span style="color: #467886"><u><a href="mailto:adilsonfilho@servidor.uepb.edu.br" target="_blank" rel="noopener"><span lang="pt-BR"><b>adilsonfilho@servidor.uepb.edu.br</b></span></a></u></span></span></p>
<p>Coordenadora do Curso: <strong>Prof. Dr. Matusalém Alves Oliveira</strong></p>
<p>E-mail: <span style="font-size: small"><span style="color: #467886"><u><a href="mailto:matusala@servidor.uepb.edu.br" target="_blank" rel="noopener"><span lang="pt-BR"><b>matusala@servidor.uepb.edu.br</b></span></a></u></span></span></p>
<p>Coordenador Adjunto do Curso: <strong>Profa. Dra. Maria de Lourdes Lopo Ramos</strong></p>
<p>E-mail: <span style="font-size: small"><span style="color: #467886"><u><a href="mailto:mariadelourdesloporamos67@servidor.uepb.edu.br" target="_blank" rel="noopener"><span lang="pt-BR"><b>mariadelourdesloporamos67@servidor.uepb.edu.br</b></span></a></u></span></span>[/vc_column_text][/vc_tta_section][vc_tta_section title=&#8221;Secretaria&#8221; tab_id=&#8221;1654684804940-deedfa68-42fa&#8221;][vc_column_text css=&#8221;&#8221;]Polyana Santos Cavalcanti (Departamento)</p>
<p>Emerson Silva de Melo (Coordenação)</p>
<p>Gersonilson Honorato da Silva Júnior (Nupehl)</p>
<p>[/vc_column_text][/vc_tta_section][vc_tta_section title=&#8221;Horário de Funcionamento&#8221; tab_id=&#8221;1654684805766-c0acc47a-3363&#8243;][vc_column_text css=&#8221;&#8221;]Das 07h ás 12h e das 18h30min às 21h30min[/vc_column_text][/vc_tta_section][/vc_tta_tabs][/vc_column][/vc_row]</p>
</div>

<p>[vc_row][vc_column][vc_column_text][/vc_column_text][vc_tta_tabs][vc_tta_section title=&#8221;Sobre o Curso&#8221; tab_id=&#8221;1654684802406-643f8aa8-716c&#8221;][vc_column_text]APRESENTAÇÃO: O melhor cartão de visitas do Curso de História é seu Projeto Político Pedagógico (PPP), elaborado a partir das demandas e propostas dos docentes e discentes e das experiências acumuladas por um dos cursos mais antigos da Universidade Estadual da Paraíba. Com base numa extensa bibliografia sobre o ensino de <a class="leiamais" href="https://centros.uepb.edu.br/ceduc/historia/">Leia Mais&#8230;</a></p>
