{"id":1960,"date":"2016-03-28T12:35:54","date_gmt":"2016-03-28T12:35:54","guid":{"rendered":"https:\/\/centros.uepb.edu.br\/ceduc\/?page_id=1960"},"modified":"2024-03-26T10:57:41","modified_gmt":"2024-03-26T10:57:41","slug":"contatos-telefones-e-emails","status":"publish","type":"page","link":"https:\/\/centros.uepb.edu.br\/ceduc\/contatos-telefones-e-emails\/","title":{"rendered":"Telefones e e-mails"},"content":{"rendered":"<table style=\"height: 481px\" width=\"782\">\n<tbody>\n<tr>\n<td style=\"text-align: center\" width=\"342\"><strong><span style=\"text-decoration: underline\">SETOR<\/span><\/strong><\/td>\n<td style=\"text-align: center\" width=\"102\"><strong><span style=\"text-decoration: underline\">FONE<\/span><\/strong><\/td>\n<td style=\"text-align: center\" width=\"349\"><strong><span style=\"text-decoration: underline\">E-MAIL<\/span><\/strong><\/td>\n<\/tr>\n<tr>\n<td width=\"342\">&#8211; Centro de Educa\u00e7\u00e3o (CEDUC)<\/td>\n<td style=\"text-align: center\" width=\"102\">3344-5315<\/td>\n<td style=\"text-align: left\" width=\"349\"><a href=\"mailto:ceduc@uepb.edu.br\">ceduc@setor.uepb.edu.br<\/a><\/td>\n<\/tr>\n<tr>\n<td width=\"342\">&#8211; Departamento de Ci\u00eancias Sociais<\/td>\n<td style=\"text-align: center\" width=\"102\">3344-5319<\/td>\n<td width=\"349\"><a href=\"mailto:dep.cienciassociais@ceduc.uepb.edu.br\">depto.cienciassociais.ceduc@setor.uepb.edu.br<\/a><\/td>\n<\/tr>\n<tr>\n<td width=\"342\">&#8211; Departamento de Educa\u00e7\u00e3o<\/td>\n<td style=\"text-align: center\" width=\"102\">3344-5307<\/td>\n<td width=\"349\"><a href=\"mailto:de@ceduc.uepb.edu.br\">depto.educacao.ceduc@setor.uepb.edu.br<\/a><\/td>\n<\/tr>\n<tr>\n<td width=\"342\">&#8211; Departamento de Filosofia<\/td>\n<td style=\"text-align: center\" width=\"102\">3344-5318<\/td>\n<td width=\"349\"><a href=\"mailto:dfilosofia@ceduc.uepb.edu.br\">depto.filosofia.ceduc@setor.uepb.edu.br<\/a><\/td>\n<\/tr>\n<tr>\n<td width=\"342\">&#8211; Departamento de Geografia<\/td>\n<td style=\"text-align: center\" width=\"102\">3344-5314<\/td>\n<td width=\"349\"><a href=\"mailto:depto.geografia.ceduc@setor.uepb.edu.br\" target=\"_blank\" rel=\"noopener\">depto.geografia.ceduc@setor.uepb.edu.br<\/a><\/td>\n<\/tr>\n<tr>\n<td width=\"342\">&#8211; Departamento de Hist\u00f3ria<\/td>\n<td style=\"text-align: center\" width=\"102\">3344-5317<\/td>\n<td width=\"349\"><a href=\"mailto:depto.historia.ceduc@setor.uepb.edu.br\" target=\"_blank\" rel=\"noopener\">depto.historia.ceduc@setor.uepb.edu.br<\/a><\/td>\n<\/tr>\n<tr>\n<td width=\"342\">&#8211; Departamento de Letras e Artes<\/td>\n<td style=\"text-align: center\" width=\"102\">3344-5320<\/td>\n<td width=\"349\"><a href=\"mailto:depto.letraseartes.ceduc@setor.uepb.edu.br\">depto.letraseartes.ceduc@setor.uepb.edu.br<\/a><\/td>\n<\/tr>\n<tr>\n<td width=\"342\">&#8211; Coordena\u00e7\u00e3o do Curso de Filosofia<\/td>\n<td style=\"text-align: center\" width=\"102\">3344-5318<\/td>\n<td width=\"349\"><a href=\"mailto:coord.filosofia.ceduc@setor.uepb.edu.br\" target=\"_blank\" rel=\"noopener\">coord.filosofia.ceduc@setor.uepb.edu.br<\/a><\/td>\n<\/tr>\n<tr>\n<td width=\"342\">&#8211; Coordena\u00e7\u00e3o do Curso de Geografia<\/td>\n<td style=\"text-align: center\" width=\"102\">3344-5314<\/td>\n<td width=\"349\"><a href=\"mailto:coordenacao.geografia@uepb.edu.br\">coord.geografia.ceduc@setor.uepb.edu.br<\/a><\/td>\n<\/tr>\n<tr>\n<td width=\"342\">&#8211; Coordena\u00e7\u00e3o do Curso de Hist\u00f3ria<\/td>\n<td style=\"text-align: center\" width=\"102\">3344-5317<\/td>\n<td width=\"349\"><a href=\"mailto:coord.historia.ceduc@setor.uepb.edu.br\" target=\"_blank\" rel=\"noopener\">coord.historia.ceduc@setor.uepb.edu.br<\/a><\/td>\n<\/tr>\n<tr>\n<td width=\"342\">&#8211; Coordena\u00e7\u00e3o do Curso de Pedagogia<\/td>\n<td style=\"text-align: center\" width=\"102\">3344-5307<\/td>\n<td width=\"349\"><a href=\"mailto:coordenacao.pedagogia@uepb.edu.br\">coord.pedagogia.ceduc@setor.uepb.edu.br<\/a><\/td>\n<\/tr>\n<tr>\n<td width=\"342\">&#8211; Coordena\u00e7\u00e3o do Curso de Letras \/ Portugu\u00eas<\/td>\n<td style=\"text-align: center\" width=\"102\">3344-5322<\/td>\n<td width=\"349\"><a href=\"coord.letrasportugues.ceduc@setor.uepb.edu.br\" target=\"_blank\" rel=\"noopener noreferrer\">coord.letrasportugues.ceduc@setor.uepb.edu.br<\/a><\/td>\n<\/tr>\n<tr>\n<td width=\"342\">&#8211; Coordena\u00e7\u00e3o do Curso de Letras \/ Ingl\u00eas<\/td>\n<td style=\"text-align: center\" width=\"102\">3344-5302<\/td>\n<td width=\"349\"><a href=\"mailto:ingles.coordenacao@ceduc.uepb.edu.br\">coord.letrasingles.ceduc@setor.uepb.edu.br<\/a><\/td>\n<\/tr>\n<tr>\n<td width=\"342\">&#8211; Coordena\u00e7\u00e3o do Curso de Letras \/ Espanhol<\/td>\n<td style=\"text-align: center\" width=\"102\">3344-5302<\/td>\n<td width=\"349\"><a href=\"mailto:coord.letrasespanhol.ceduc@setor.uepb.edu.br\" target=\"_blank\" rel=\"noopener noreferrer\">coord.letrasespanhol.ceduc@setor.uepb.edu.br<\/a><\/td>\n<\/tr>\n<tr>\n<td width=\"342\">&#8211; Coordena\u00e7\u00e3o do Curso de Sociologia<\/td>\n<td style=\"text-align: center\" width=\"102\">3344-5319<\/td>\n<td width=\"349\"><a href=\"mailto:coord.sociologia.ceduc@setor.uepb.edu.br\" target=\"_blank\" rel=\"noopener noreferrer\">coord.sociologia.ceduc@setor.uepb.edu.br<\/a><\/td>\n<\/tr>\n<\/tbody>\n<\/table>\n","protected":false},"excerpt":{"rendered":"<p>SETOR FONE E-MAIL &#8211; Centro de Educa\u00e7\u00e3o (CEDUC) 3344-5315 ceduc@setor.uepb.edu.br &#8211; Departamento de Ci\u00eancias Sociais 3344-5319 depto.cienciassociais.ceduc@setor.uepb.edu.br &#8211; Departamento de Educa\u00e7\u00e3o 3344-5307 depto.educacao.ceduc@setor.uepb.edu.br &#8211; Departamento de Filosofia 3344-5318 depto.filosofia.ceduc@setor.uepb.edu.br &#8211; Departamento de Geografia 3344-5314 depto.geografia.ceduc@setor.uepb.edu.br &#8211; Departamento de Hist\u00f3ria 3344-5317 depto.historia.ceduc@setor.uepb.edu.br &#8211; Departamento de Letras e Artes 3344-5320 depto.letraseartes.ceduc@setor.uepb.edu.br &#8211; Coordena\u00e7\u00e3o do Curso de Filosofia <a class=\"leiamais\" href=\"https:\/\/centros.uepb.edu.br\/ceduc\/contatos-telefones-e-emails\/\">Leia Mais&#8230;<\/a><\/p>\n","protected":false},"author":15,"featured_media":0,"parent":0,"menu_order":2,"comment_status":"closed","ping_status":"closed","template":"","meta":{"footnotes":""},"class_list":["post-1960","page","type-page","status-publish","hentry"],"jetpack_sharing_enabled":true,"_links":{"self":[{"href":"https:\/\/centros.uepb.edu.br\/ceduc\/wp-json\/wp\/v2\/pages\/1960","targetHints":{"allow":["GET"]}}],"collection":[{"href":"https:\/\/centros.uepb.edu.br\/ceduc\/wp-json\/wp\/v2\/pages"}],"about":[{"href":"https:\/\/centros.uepb.edu.br\/ceduc\/wp-json\/wp\/v2\/types\/page"}],"author":[{"embeddable":true,"href":"https:\/\/centros.uepb.edu.br\/ceduc\/wp-json\/wp\/v2\/users\/15"}],"replies":[{"embeddable":true,"href":"https:\/\/centros.uepb.edu.br\/ceduc\/wp-json\/wp\/v2\/comments?post=1960"}],"version-history":[{"count":0,"href":"https:\/\/centros.uepb.edu.br\/ceduc\/wp-json\/wp\/v2\/pages\/1960\/revisions"}],"wp:attachment":[{"href":"https:\/\/centros.uepb.edu.br\/ceduc\/wp-json\/wp\/v2\/media?parent=1960"}],"curies":[{"name":"wp","href":"https:\/\/api.w.org\/{rel}","templated":true}]}}

<table style="height: 481px" width="782">
<tbody>
<tr>
<td style="text-align: center" width="342"><strong><span style="text-decoration: underline">SETOR</span></strong></td>
<td style="text-align: center" width="102"><strong><span style="text-decoration: underline">FONE</span></strong></td>
<td style="text-align: center" width="349"><strong><span style="text-decoration: underline">E-MAIL</span></strong></td>
</tr>
<tr>
<td width="342">&#8211; Centro de Educação (CEDUC)</td>
<td style="text-align: center" width="102">3344-5315</td>
<td style="text-align: left" width="349"><a href="mailto:ceduc@uepb.edu.br">ceduc@setor.uepb.edu.br</a></td>
</tr>
<tr>
<td width="342">&#8211; Departamento de Ciências Sociais</td>
<td style="text-align: center" width="102">3344-5319</td>
<td width="349"><a href="mailto:dep.cienciassociais@ceduc.uepb.edu.br">depto.cienciassociais.ceduc@setor.uepb.edu.br</a></td>
</tr>
<tr>
<td width="342">&#8211; Departamento de Educação</td>
<td style="text-align: center" width="102">3344-5307</td>
<td width="349"><a href="mailto:de@ceduc.uepb.edu.br">depto.educacao.ceduc@setor.uepb.edu.br</a></td>
</tr>
<tr>
<td width="342">&#8211; Departamento de Filosofia</td>
<td style="text-align: center" width="102">3344-5318</td>
<td width="349"><a href="mailto:dfilosofia@ceduc.uepb.edu.br">depto.filosofia.ceduc@setor.uepb.edu.br</a></td>
</tr>
<tr>
<td width="342">&#8211; Departamento de Geografia</td>
<td style="text-align: center" width="102">3344-5314</td>
<td width="349"><a href="mailto:depto.geografia.ceduc@setor.uepb.edu.br" target="_blank" rel="noopener">depto.geografia.ceduc@setor.uepb.edu.br</a></td>
</tr>
<tr>
<td width="342">&#8211; Departamento de História</td>
<td style="text-align: center" width="102">3344-5317</td>
<td width="349"><a href="mailto:depto.historia.ceduc@setor.uepb.edu.br" target="_blank" rel="noopener">depto.historia.ceduc@setor.uepb.edu.br</a></td>
</tr>
<tr>
<td width="342">&#8211; Departamento de Letras e Artes</td>
<td style="text-align: center" width="102">3344-5320</td>
<td width="349"><a href="mailto:depto.letraseartes.ceduc@setor.uepb.edu.br">depto.letraseartes.ceduc@setor.uepb.edu.br</a></td>
</tr>
<tr>
<td width="342">&#8211; Coordenação do Curso de Filosofia</td>
<td style="text-align: center" width="102">3344-5318</td>
<td width="349"><a href="mailto:coord.filosofia.ceduc@setor.uepb.edu.br" target="_blank" rel="noopener">coord.filosofia.ceduc@setor.uepb.edu.br</a></td>
</tr>
<tr>
<td width="342">&#8211; Coordenação do Curso de Geografia</td>
<td style="text-align: center" width="102">3344-5314</td>
<td width="349"><a href="mailto:coordenacao.geografia@uepb.edu.br">coord.geografia.ceduc@setor.uepb.edu.br</a></td>
</tr>
<tr>
<td width="342">&#8211; Coordenação do Curso de História</td>
<td style="text-align: center" width="102">3344-5317</td>
<td width="349"><a href="mailto:coord.historia.ceduc@setor.uepb.edu.br" target="_blank" rel="noopener">coord.historia.ceduc@setor.uepb.edu.br</a></td>
</tr>
<tr>
<td width="342">&#8211; Coordenação do Curso de Pedagogia</td>
<td style="text-align: center" width="102">3344-5307</td>
<td width="349"><a href="mailto:coordenacao.pedagogia@uepb.edu.br">coord.pedagogia.ceduc@setor.uepb.edu.br</a></td>
</tr>
<tr>
<td width="342">&#8211; Coordenação do Curso de Letras / Português</td>
<td style="text-align: center" width="102">3344-5322</td>
<td width="349"><a href="coord.letrasportugues.ceduc@setor.uepb.edu.br" target="_blank" rel="noopener noreferrer">coord.letrasportugues.ceduc@setor.uepb.edu.br</a></td>
</tr>
<tr>
<td width="342">&#8211; Coordenação do Curso de Letras / Inglês</td>
<td style="text-align: center" width="102">3344-5302</td>
<td width="349"><a href="mailto:ingles.coordenacao@ceduc.uepb.edu.br">coord.letrasingles.ceduc@setor.uepb.edu.br</a></td>
</tr>
<tr>
<td width="342">&#8211; Coordenação do Curso de Letras / Espanhol</td>
<td style="text-align: center" width="102">3344-5302</td>
<td width="349"><a href="mailto:coord.letrasespanhol.ceduc@setor.uepb.edu.br" target="_blank" rel="noopener noreferrer">coord.letrasespanhol.ceduc@setor.uepb.edu.br</a></td>
</tr>
<tr>
<td width="342">&#8211; Coordenação do Curso de Sociologia</td>
<td style="text-align: center" width="102">3344-5319</td>
<td width="349"><a href="mailto:coord.sociologia.ceduc@setor.uepb.edu.br" target="_blank" rel="noopener noreferrer">coord.sociologia.ceduc@setor.uepb.edu.br</a></td>
</tr>
</tbody>
</table>

<p>SETOR FONE E-MAIL &#8211; Centro de Educação (CEDUC) 3344-5315 ceduc@setor.uepb.edu.br &#8211; Departamento de Ciências Sociais 3344-5319 depto.cienciassociais.ceduc@setor.uepb.edu.br &#8211; Departamento de Educação 3344-5307 depto.educacao.ceduc@setor.uepb.edu.br &#8211; Departamento de Filosofia 3344-5318 depto.filosofia.ceduc@setor.uepb.edu.br &#8211; Departamento de Geografia 3344-5314 depto.geografia.ceduc@setor.uepb.edu.br &#8211; Departamento de História 3344-5317 depto.historia.ceduc@setor.uepb.edu.br &#8211; Departamento de Letras e Artes 3344-5320 depto.letraseartes.ceduc@setor.uepb.edu.br &#8211; Coordenação do Curso de Filosofia <a class="leiamais" href="https://centros.uepb.edu.br/ceduc/contatos-telefones-e-emails/">Leia Mais&#8230;</a></p>
