{"id":1128,"date":"2022-05-30T11:24:34","date_gmt":"2022-05-30T11:24:34","guid":{"rendered":"https:\/\/centros.uepb.edu.br\/ccts\/?page_id=1128"},"modified":"2022-05-30T14:46:42","modified_gmt":"2022-05-30T14:46:42","slug":"pagina-inicial","status":"publish","type":"page","link":"https:\/\/centros.uepb.edu.br\/ccts\/","title":{"rendered":"P\u00e1gina Inicial"},"content":{"rendered":"<div class=\"wpb-content-wrapper\"><p>[vc_row][vc_column width=&#8221;2\/3&#8243;][vc_text_separator title=&#8221;\u00daltimas Not\u00edcias&#8221; i_icon_fontawesome=&#8221;fas fa-newspaper&#8221; i_color=&#8221;custom&#8221; title_align=&#8221;separator_align_left&#8221; add_icon=&#8221;true&#8221; i_custom_color=&#8221;#cc0000&#8243;]<div class=\"mdl-grid\"><div class=\"mdl-cell--6-col mdl-cell--6-col-tablet mdl-cell--12-col-phone bloco-noticias\"><div class=\"titulo-noticia-widget\"><a href=\"https:\/\/uepb.edu.br\/programa-de-extensao-promove-educacao-ambiental-e-plantio-de-arvores-em-escola-rural-de-araruna\/\" target=\"_blank\"><h3 class=\"titulo-destaque-noticia\">Programa de Extens\u00e3o promove educa\u00e7\u00e3o ambiental e plantio de \u00e1rvores em escola rural de Araruna<\/h3><\/a><\/div><div class=\"titulo-noticia-widget\"><a href=\"https:\/\/uepb.edu.br\/area-de-fisica-uepb-abre-processo-seletivo-para-tecnico-em-laboratorio-no-centro-de-ciencias-tecnologia-e-saude\/\" target=\"_blank\"><h3 class=\"titulo-destaque-noticia\">\u00c1rea de F\u00edsica: UEPB abre processo seletivo para t\u00e9cnico em laborat\u00f3rio no Centro de Ci\u00eancias, Tecnologia e Sa\u00fade<\/h3><\/a><\/div><div class=\"titulo-noticia-widget\"><a href=\"https:\/\/uepb.edu.br\/uepb-lanca-primeiro-periodico-nacional-com-dedicacao-no-campo-dos-estudos-culturais-em-educacao\/\" target=\"_blank\"><h3 class=\"titulo-destaque-noticia\">UEPB lan\u00e7a primeiro peri\u00f3dico nacional com dedica\u00e7\u00e3o no campo dos Estudos Culturais em Educa\u00e7\u00e3o<\/h3><\/a><\/div><div class=\"titulo-noticia-widget\"><a href=\"https:\/\/uepb.edu.br\/ensino-e-pesquisa-nova-edicao-da-revista-eletronica-fisica-no-campus-esta-disponivel-com-seis-artigos\/\" target=\"_blank\"><h3 class=\"titulo-destaque-noticia\">Ensino e pesquisa: nova edi\u00e7\u00e3o da revista eletr\u00f4nica F\u00edsica no Campus est\u00e1 dispon\u00edvel com seis artigos<\/h3><\/a><\/div><div class=\"titulo-noticia-widget\"><a href=\"https:\/\/uepb.edu.br\/semestre-letivo-2025-1-campus-viii-forma-profissionais-em-odontologia-engenharia-civil-e-licenciatura-em-fisica\/\" target=\"_blank\"><h3 class=\"titulo-destaque-noticia\">Semestre letivo 2025.1: C\u00e2mpus VIII forma profissionais em Odontologia, Engenharia Civil e Licenciatura em F\u00edsica<\/h3><\/a><\/div><div class=\"titulo-noticia-widget\"><a href=\"https:\/\/uepb.edu.br\/cerimonia-marca-posse-das-novas-gestoes-do-centro-de-ciencias-tecnologia-e-saude-para-o-bienio-2025-2027\/\" target=\"_blank\"><h3 class=\"titulo-destaque-noticia\">Cerim\u00f4nia marca posse das novas gest\u00f5es do Centro de Ci\u00eancias, Tecnologia e Sa\u00fade para o bi\u00eanio 2025\/2027<\/h3><\/a><\/div><\/div><div class=\"mdl-cell--6-col mdl-cell--6-col-tablet mdl-cell--12-col-phone bloco-noticias\"><div class=\"titulo-noticia-widget\"><a href=\"https:\/\/uepb.edu.br\/universidade-estadual-da-paraiba-abre-vagas-para-mestrado-nacional-profissional-em-ensino-de-fisica\/\" target=\"_blank\"><h3 class=\"titulo-destaque-noticia\">Universidade Estadual da Para\u00edba abre vagas para Mestrado Nacional Profissional em Ensino de F\u00edsica<\/h3><\/a><\/div><div class=\"titulo-noticia-widget\"><a href=\"https:\/\/uepb.edu.br\/sustentabilidade-programa-desafios-e-oportunidades-na-agenda-esg-e-apresentado-no-ccts\/\" target=\"_blank\"><h3 class=\"titulo-destaque-noticia\">Sustentabilidade: Programa \u201cDesafios e Oportunidades na Agenda ESG\u201d \u00e9 apresentado no CCTS<\/h3><\/a><\/div><div class=\"titulo-noticia-widget\"><a href=\"https:\/\/uepb.edu.br\/reuniao-do-programa-de-iniciacao-a-docencia-inicia-socializacao-de-experiencias-praticadas-em-escolas\/\" target=\"_blank\"><h3 class=\"titulo-destaque-noticia\">Reuni\u00e3o do Programa de Inicia\u00e7\u00e3o \u00e0 Doc\u00eancia inicia socializa\u00e7\u00e3o de experi\u00eancias praticadas em escolas<\/h3><\/a><\/div><div class=\"titulo-noticia-widget\"><a href=\"https:\/\/uepb.edu.br\/coordenadoria-de-esporte-e-lazer-define-delegacao-para-as-tres-etapas-dos-jogos-universitarios-2025\/\" target=\"_blank\"><h3 class=\"titulo-destaque-noticia\">Coordenadoria de Esporte e Lazer define delega\u00e7\u00e3o para as tr\u00eas etapas dos Jogos Universit\u00e1rios 2025<\/h3><\/a><\/div><div class=\"titulo-noticia-widget\"><a href=\"https:\/\/uepb.edu.br\/universidade-estadual-da-paraiba-lamenta-falecimento-de-estudante-do-curso-de-odontologia-do-ccts\/\" target=\"_blank\"><h3 class=\"titulo-destaque-noticia\">Universidade Estadual da Para\u00edba lamenta falecimento de estudante do curso de Odontologia, do CCTS<\/h3><\/a><\/div><div class=\"titulo-noticia-widget\"><a href=\"https:\/\/uepb.edu.br\/comissao-abre-processo-de-escolha-para-direcao-coordenacao-e-representantes-do-ccts-no-consuni-e-consepe\/\" target=\"_blank\"><h3 class=\"titulo-destaque-noticia\">Comiss\u00e3o abre processo de escolha para Dire\u00e7\u00e3o, Coordena\u00e7\u00e3o e representantes do CCTS no Consuni e Consepe<\/h3><\/a><\/div><\/div><\/div>[\/vc_column][vc_column width=&#8221;1\/3&#8243;][vc_text_separator title=&#8221;Acesso R\u00e1pido&#8221; i_icon_fontawesome=&#8221;fas fa-external-link-alt&#8221; i_color=&#8221;custom&#8221; title_align=&#8221;separator_align_left&#8221; add_icon=&#8221;true&#8221; i_custom_color=&#8221;#cc0000&#8243;][vc_btn title=&#8221;Biblioteca&#8221; style=&#8221;flat&#8221; shape=&#8221;square&#8221; color=&#8221;green&#8221; size=&#8221;lg&#8221; align=&#8221;left&#8221; button_block=&#8221;true&#8221; link=&#8221;url:https%3A%2F%2Fbiblioteca.uepb.edu.br%2F|target:_blank&#8221; css=&#8221;.vc_custom_1653921982761{margin-bottom: 10px !important;}&#8221;][vc_btn title=&#8221;CONSEPE&#8221; style=&#8221;flat&#8221; shape=&#8221;square&#8221; color=&#8221;mulled-wine&#8221; size=&#8221;lg&#8221; align=&#8221;left&#8221; button_block=&#8221;true&#8221; link=&#8221;url:http%3A%2F%2Ftransparencia.uepb.edu.br%2Finstitucional%2Fconselhos-superiores%2Fresolucoes-consepe%2F|target:_blank&#8221; css=&#8221;.vc_custom_1653921884591{margin-bottom: 10px !important;}&#8221;][vc_btn title=&#8221;CONSUNI&#8221; style=&#8221;flat&#8221; shape=&#8221;square&#8221; color=&#8221;primary&#8221; size=&#8221;lg&#8221; align=&#8221;left&#8221; button_block=&#8221;true&#8221; link=&#8221;url:https%3A%2F%2Ftransparencia.uepb.edu.br%2Finstitucional%2Fconselhos-superiores%2Fresolucoes-consuni%2F|target:_blank&#8221; css=&#8221;.vc_custom_1653921892778{margin-bottom: 10px !important;}&#8221;][vc_btn title=&#8221;Peri\u00f3dicos&#8221; style=&#8221;flat&#8221; shape=&#8221;square&#8221; color=&#8221;peacoc&#8221; size=&#8221;lg&#8221; align=&#8221;left&#8221; button_block=&#8221;true&#8221; link=&#8221;url:https%3A%2F%2Fwww-periodicos-capes-gov-br.ez121.periodicos.capes.gov.br%2Findex.php%3F|target:_blank&#8221; css=&#8221;.vc_custom_1653921999485{margin-bottom: 10px !important;}&#8221;][\/vc_column][\/vc_row]<\/p>\n<\/div>","protected":false},"excerpt":{"rendered":"<p>[vc_row][vc_column width=&#8221;2\/3&#8243;][vc_text_separator title=&#8221;\u00daltimas Not\u00edcias&#8221; i_icon_fontawesome=&#8221;fas fa-newspaper&#8221; i_color=&#8221;custom&#8221; title_align=&#8221;separator_align_left&#8221; add_icon=&#8221;true&#8221; i_custom_color=&#8221;#cc0000&#8243;][\/vc_column][vc_column width=&#8221;1\/3&#8243;][vc_text_separator title=&#8221;Acesso R\u00e1pido&#8221; i_icon_fontawesome=&#8221;fas fa-external-link-alt&#8221; i_color=&#8221;custom&#8221; title_align=&#8221;separator_align_left&#8221; add_icon=&#8221;true&#8221; i_custom_color=&#8221;#cc0000&#8243;][vc_btn title=&#8221;Biblioteca&#8221; style=&#8221;flat&#8221; shape=&#8221;square&#8221; color=&#8221;green&#8221; size=&#8221;lg&#8221; align=&#8221;left&#8221; button_block=&#8221;true&#8221; link=&#8221;url:https%3A%2F%2Fbiblioteca.uepb.edu.br%2F|target:_blank&#8221; css=&#8221;.vc_custom_1653921982761{margin-bottom: 10px !important;}&#8221;][vc_btn title=&#8221;CONSEPE&#8221; style=&#8221;flat&#8221; shape=&#8221;square&#8221; color=&#8221;mulled-wine&#8221; size=&#8221;lg&#8221; align=&#8221;left&#8221; button_block=&#8221;true&#8221; link=&#8221;url:http%3A%2F%2Ftransparencia.uepb.edu.br%2Finstitucional%2Fconselhos-superiores%2Fresolucoes-consepe%2F|target:_blank&#8221; css=&#8221;.vc_custom_1653921884591{margin-bottom: 10px !important;}&#8221;][vc_btn title=&#8221;CONSUNI&#8221; style=&#8221;flat&#8221; shape=&#8221;square&#8221; color=&#8221;primary&#8221; size=&#8221;lg&#8221; align=&#8221;left&#8221; button_block=&#8221;true&#8221; link=&#8221;url:https%3A%2F%2Ftransparencia.uepb.edu.br%2Finstitucional%2Fconselhos-superiores%2Fresolucoes-consuni%2F|target:_blank&#8221; css=&#8221;.vc_custom_1653921892778{margin-bottom: 10px !important;}&#8221;][vc_btn title=&#8221;Peri\u00f3dicos&#8221; style=&#8221;flat&#8221; shape=&#8221;square&#8221; <a class=\"leiamais\" href=\"https:\/\/centros.uepb.edu.br\/ccts\/\">Leia Mais&#8230;<\/a><\/p>\n","protected":false},"author":18,"featured_media":0,"parent":0,"menu_order":0,"comment_status":"closed","ping_status":"closed","template":"","meta":{"jetpack_post_was_ever_published":false,"footnotes":""},"class_list":["post-1128","page","type-page","status-publish","hentry"],"jetpack_sharing_enabled":true,"jetpack_shortlink":"https:\/\/wp.me\/P7WTEK-ic","_links":{"self":[{"href":"https:\/\/centros.uepb.edu.br\/ccts\/wp-json\/wp\/v2\/pages\/1128","targetHints":{"allow":["GET"]}}],"collection":[{"href":"https:\/\/centros.uepb.edu.br\/ccts\/wp-json\/wp\/v2\/pages"}],"about":[{"href":"https:\/\/centros.uepb.edu.br\/ccts\/wp-json\/wp\/v2\/types\/page"}],"author":[{"embeddable":true,"href":"https:\/\/centros.uepb.edu.br\/ccts\/wp-json\/wp\/v2\/users\/18"}],"replies":[{"embeddable":true,"href":"https:\/\/centros.uepb.edu.br\/ccts\/wp-json\/wp\/v2\/comments?post=1128"}],"version-history":[{"count":0,"href":"https:\/\/centros.uepb.edu.br\/ccts\/wp-json\/wp\/v2\/pages\/1128\/revisions"}],"wp:attachment":[{"href":"https:\/\/centros.uepb.edu.br\/ccts\/wp-json\/wp\/v2\/media?parent=1128"}],"curies":[{"name":"wp","href":"https:\/\/api.w.org\/{rel}","templated":true}]}}