{"id":88,"date":"2016-04-27T11:59:49","date_gmt":"2016-04-27T11:59:49","guid":{"rendered":"https:\/\/centros.uepb.edu.br\/cct\/?page_id=88"},"modified":"2025-04-06T17:58:16","modified_gmt":"2025-04-06T17:58:16","slug":"fisica","status":"publish","type":"page","link":"https:\/\/centros.uepb.edu.br\/cct\/fisica\/","title":{"rendered":"F\u00edsica"},"content":{"rendered":"<p><strong>Departamento de F\u00edsica<\/strong><\/p>\n<p><strong>Chefia:<\/strong> Ana Raquel Pereira de Ata\u00edde \/ raquelataide@servidor.uepb.edu.br<br \/>\n<strong>Chefia Adjunta:<\/strong> Alex da Silva \/ alexdasilva@servidor.uepb.edu.br<br \/>\n<strong>Contatos:<\/strong> 3315-3338 \/ depo.fisica.cct@setor.uepb.edu.br<\/p>\n<p><strong>Coordena\u00e7\u00e3o\u00a0de Licenciatura em F\u00edsica<\/strong><\/p>\n<p><strong>Coordena\u00e7\u00e3o:<\/strong> Ana Roberta da Silva Paulino \/ anaroberta.paulino@servidor.uepb.edu.br<br \/>\n<strong>Coordena\u00e7\u00e3o Adjunta:<\/strong> Ruth Brito de Figueiredo Melo \/ ruthmelo@servidor.uepb.edu.br<br \/>\n<strong>Contatos:<\/strong> 3315-3338 \/ coord.fisica.cct@setor.uepb.edu.br<\/p>\n","protected":false},"excerpt":{"rendered":"<p>Departamento de F\u00edsica Chefia: Ana Raquel Pereira de Ata\u00edde \/ raquelataide@servidor.uepb.edu.br Chefia Adjunta: Alex da Silva \/ alexdasilva@servidor.uepb.edu.br Contatos: 3315-3338 \/ depo.fisica.cct@setor.uepb.edu.br Coordena\u00e7\u00e3o\u00a0de Licenciatura em F\u00edsica Coordena\u00e7\u00e3o: Ana Roberta da Silva Paulino \/ anaroberta.paulino@servidor.uepb.edu.br Coordena\u00e7\u00e3o Adjunta: Ruth Brito de Figueiredo Melo \/ ruthmelo@servidor.uepb.edu.br Contatos: 3315-3338 \/ coord.fisica.cct@setor.uepb.edu.br<\/p>\n","protected":false},"author":26,"featured_media":0,"parent":0,"menu_order":0,"comment_status":"closed","ping_status":"closed","template":"","meta":{"jetpack_post_was_ever_published":false,"footnotes":""},"class_list":["post-88","page","type-page","status-publish","hentry"],"jetpack_sharing_enabled":true,"jetpack_shortlink":"https:\/\/wp.me\/P7WTHl-1q","_links":{"self":[{"href":"https:\/\/centros.uepb.edu.br\/cct\/wp-json\/wp\/v2\/pages\/88","targetHints":{"allow":["GET"]}}],"collection":[{"href":"https:\/\/centros.uepb.edu.br\/cct\/wp-json\/wp\/v2\/pages"}],"about":[{"href":"https:\/\/centros.uepb.edu.br\/cct\/wp-json\/wp\/v2\/types\/page"}],"author":[{"embeddable":true,"href":"https:\/\/centros.uepb.edu.br\/cct\/wp-json\/wp\/v2\/users\/26"}],"replies":[{"embeddable":true,"href":"https:\/\/centros.uepb.edu.br\/cct\/wp-json\/wp\/v2\/comments?post=88"}],"version-history":[{"count":0,"href":"https:\/\/centros.uepb.edu.br\/cct\/wp-json\/wp\/v2\/pages\/88\/revisions"}],"wp:attachment":[{"href":"https:\/\/centros.uepb.edu.br\/cct\/wp-json\/wp\/v2\/media?parent=88"}],"curies":[{"name":"wp","href":"https:\/\/api.w.org\/{rel}","templated":true}]}}