{"id":8,"date":"2014-09-25T18:26:09","date_gmt":"2014-09-25T18:26:09","guid":{"rendered":"https:\/\/centros.uepb.edu.br\/cct\/?page_id=8"},"modified":"2025-04-12T20:17:51","modified_gmt":"2025-04-12T20:17:51","slug":"departamentos","status":"publish","type":"page","link":"https:\/\/centros.uepb.edu.br\/cct\/departamentos\/","title":{"rendered":"Departamentos"},"content":{"rendered":"<p><strong><span style=\"font-family: Arial, sans-serif\"><span style=\"font-size: large\"><u>DEPARTAMENTO DE COMPUTA\u00c7\u00c3O<\/u><\/span><\/span><\/strong><\/p>\n<p><span style=\"color: #000000\"><span style=\"font-family: Arial, sans-serif\"><b>Chefia:<\/b><\/span><\/span><span style=\"color: #000000\"><span style=\"font-family: Arial, sans-serif\"> F\u00e1bio Luiz leite J\u00fanior \/\u00a0fabioleite@servidor.uepb.edu.br<br \/>\n<\/span><\/span><span style=\"color: #000000\"><span style=\"font-family: Arial, sans-serif\"><b>Chefia Adjunta:<\/b><\/span><\/span><span style=\"color: #000000\"><span style=\"font-family: Arial, sans-serif\"> Robson Pequeno de Sousa \/\u00a0sousarob@servidor.uepb.edu.br<br \/>\n<\/span><\/span><span style=\"color: #000000\"><span style=\"font-family: Arial, sans-serif\"><b>Contatos:<\/b><\/span><\/span><span style=\"color: #000000\"><span style=\"font-family: Arial, sans-serif\"> 3315-3342 \/\u00a0depto.computacao.cct@setor.uepb.edu.br<\/span><\/span><\/p>\n<p><strong><span style=\"font-family: Arial, sans-serif\"><span style=\"font-size: large\">COORDENA\u00c7\u00c3O DE COMPUTA\u00c7\u00c3O<\/span><\/span><\/strong><\/p>\n<p><span style=\"color: #000000\"><span style=\"font-family: Arial, sans-serif\"><b>Coordena\u00e7\u00e3o:<\/b><\/span><\/span><span style=\"color: #000000\"><span style=\"font-family: Arial, sans-serif\"> Ana Isabella Muniz Leite<\/span><\/span><b> <\/b><span style=\"color: #000000\"><span style=\"font-family: Arial, sans-serif\">\/\u00a0isabella@servidor.uepb.edu.br<br \/>\n<\/span><\/span><span style=\"color: #000000\"><span style=\"font-family: Arial, sans-serif\"><b>Coordena\u00e7\u00e3o Adjunta:<\/b><\/span><\/span><span style=\"color: #000000\"><span style=\"font-family: Arial, sans-serif\"> Janderson Jason Barbosa Aguiar \/\u00a0janderson@servidor.uepb.edu.br<br \/>\n<\/span><\/span><span style=\"color: #000000\"><span style=\"font-family: Arial, sans-serif\"><b>Contatos:<\/b><\/span><\/span><span style=\"color: #000000\"><span style=\"font-family: Arial, sans-serif\"> 3315-3342 \/\u00a0coord.computacao.cct@setor.uepb.edu.br<\/span><\/span><\/p>\n<p>&nbsp;<\/p>\n<p><strong><span style=\"font-family: Arial, sans-serif\"><span style=\"font-size: large\"><u>DEPARTAMENTO DE ENGENHARIA SANIT\u00c1RIA E AMBIENTAL<\/u><\/span><\/span><\/strong><\/p>\n<p><strong><span style=\"color: #000000\"><span style=\"font-family: arial, sans-serif\"><b>Chefia:<\/b><\/span><\/span><\/strong><span style=\"color: #000000\"><span style=\"font-family: arial, sans-serif\"> Neyliane Costa de Souza \/ neyliane@servidor.uepb.edu.br<\/span><\/span><strong><span style=\"color: #1155cc\"><span style=\"font-family: arial, sans-serif\"><br \/>\n<\/span><\/span><span style=\"color: #000000\"><span style=\"font-family: arial, sans-serif\"><b>Chefia Adjunta:<\/b><\/span><\/span><\/strong><span style=\"color: #000000\"><span style=\"font-family: arial, sans-serif\"> Ruth Silveira do Nascimento \/ ruthsilveiradonascimento@servidor.uepb.edu.br<\/span><\/span><strong><span style=\"color: #1155cc\"><span style=\"font-family: arial, sans-serif\"><br \/>\n<\/span><\/span><span style=\"color: #000000\"><span style=\"font-family: arial, sans-serif\"><b>Contatos:<\/b><\/span><\/span><\/strong><span style=\"color: #000000\"><span style=\"font-family: arial, sans-serif\"> 3315-3333 \/ <\/span><\/span>depo.esa.cct@setor.uepb.edu.br<\/p>\n<p><strong><span style=\"font-family: arial, sans-serif\"><span style=\"font-size: large\">COORDENA\u00c7\u00c3O DE ENGENHARIA SANIT\u00c1RIA E AMBIENTAL<\/span><\/span><\/strong><\/p>\n<p><span style=\"color: #000000\"><span style=\"font-family: arial, sans-serif\"><b>Coordena\u00e7\u00e3o: <\/b><\/span><\/span><span style=\"color: #000000\"><span style=\"font-family: arial, sans-serif\">Geralda Gilv\u00e2nia Cavalcante de Lima \/\u00a0<\/span><\/span><span style=\"color: #000000\"><span style=\"font-family: Arial, sans-serif\">gilvania@servidor.uepb.edu.br<\/span><\/span><span style=\"color: #000000\"><span style=\"font-family: arial, sans-serif\"><b><br \/>\nCoordena\u00e7\u00e3o Adjunta: <\/b><\/span><\/span><span style=\"color: #000000\"><span style=\"font-family: arial, sans-serif\">Ligia Maria Ribeiro de Lima \/\u00a0 <\/span><\/span><span style=\"color: #000000\"><span style=\"font-family: Arial, sans-serif\">ligiaribeiro@servidor.uepb.edu.br<\/span><\/span> <span style=\"color: #000000\"><span style=\"font-family: arial, sans-serif\"><b><br \/>\nContatos: <\/b><\/span><\/span><span style=\"color: #000000\"><span style=\"font-family: arial, sans-serif\">3315-3333 \/\u00a0<\/span><\/span><span style=\"color: #000000\"><span style=\"font-family: Arial, sans-serif\">coord.esa.cct@setor.uepb.edu.br<\/span><\/span><\/p>\n<p>&nbsp;<\/p>\n<p><strong><span style=\"font-family: Arial, sans-serif\"><span style=\"font-size: large\"><u>DEPARTAMENTO DE ESTAT\u00cdSTICA<\/u><\/span><\/span><\/strong><\/p>\n<p><span style=\"color: #000000\"><span style=\"font-family: arial, sans-serif\"><b>Chef<\/b><\/span><\/span><span style=\"color: #000000\"><span style=\"font-family: arial, sans-serif\"><b>ia<\/b><\/span><\/span><span style=\"color: #000000\"><span style=\"font-family: arial, sans-serif\"><b>:<\/b><\/span><\/span><span style=\"color: #000000\"><span style=\"font-family: arial, sans-serif\"> Elias Dias Coelho Neto \/\u00a0eliasdcn@servidor.uepb.edu.br<br \/>\n<\/span><\/span><span style=\"color: #000000\"><span style=\"font-family: arial, sans-serif\"><b>Chef<\/b><\/span><\/span><span style=\"color: #000000\"><span style=\"font-family: arial, sans-serif\"><b>ia<\/b><\/span><\/span><span style=\"color: #000000\"><span style=\"font-family: arial, sans-serif\"><b> Adjunt<\/b><\/span><\/span><span style=\"color: #000000\"><span style=\"font-family: arial, sans-serif\"><b>a<\/b><\/span><\/span><span style=\"color: #000000\"><span style=\"font-family: arial, sans-serif\"><b>:<\/b><\/span><\/span><span style=\"color: #000000\"><span style=\"font-family: arial, sans-serif\"> Silvio Fernando Alves Xavier Junior \/\u00a0silvio@servidor.uepb.edu.br<br \/>\n<\/span><\/span><span style=\"color: #000000\"><span style=\"font-family: arial, sans-serif\"><b>Contatos:<\/b><\/span><\/span><span style=\"color: #000000\"><span style=\"font-family: arial, sans-serif\"> 3315-3459 \/\u00a0depto.estatistica.cct@setor.uepb.edu.br<\/span><\/span><\/p>\n<p><strong><span style=\"font-family: Arial, sans-serif\"><span style=\"font-size: large\">COORDENA\u00c7\u00c3O DE ESTAT\u00cdSTICA<\/span><\/span><\/strong><\/p>\n<p><span style=\"font-family: arial, sans-serif\"><b>Coordena\u00e7\u00e3o: <\/b><\/span><span style=\"font-family: arial, sans-serif\">Ana Patr\u00edcia Bastos Peixoto<\/span><span style=\"font-family: arial, sans-serif\"> \/ anapatricia@servidor.uepb.edu.br<\/span><span style=\"font-family: arial, sans-serif\"><br \/>\n<\/span><span style=\"font-family: arial, sans-serif\"><b>Coordena\u00e7\u00e3o Adjunta: <\/b><\/span><span style=\"font-family: arial, sans-serif\">Divanilda Maia Esteves<\/span><span style=\"font-family: arial, sans-serif\"> \/ diana.maia@servidor.uepb.edu.br<\/span><span style=\"font-family: arial, sans-serif\"><br \/>\n<\/span><span style=\"font-family: arial, sans-serif\"><b>Contatos:<\/b><\/span><span style=\"font-family: arial, sans-serif\"> 3315-3459 \/ coord.estatistica.cct@setor.uepb.edu.br<\/span><\/p>\n<p>&nbsp;<\/p>\n<p><strong><span style=\"font-family: arial, sans-serif\"><span style=\"font-size: large\"><u>DEPARTAMENTO DE F\u00cdSICA<\/u><\/span><\/span><\/strong><\/p>\n<p><span style=\"color: #000000\"><span style=\"font-family: arial, sans-serif\"><b>Chefe:<\/b><\/span><\/span><span style=\"color: #000000\"><span style=\"font-family: arial, sans-serif\"> Ana Raquel Pereira de Ata\u00edde \/ raqualataide@servidor.uepb.edu.br<\/span><\/span><span style=\"color: #1155cc\"><span style=\"font-family: arial, sans-serif\"><br \/>\n<\/span><\/span><span style=\"color: #000000\"><span style=\"font-family: arial, sans-serif\"><b>Chefe Adjunto:<\/b><\/span><\/span><span style=\"color: #000000\"><span style=\"font-family: arial, sans-serif\"> Alex da Silva \/ alexdasilva@servidor.uepb.edu.br<\/span><\/span><span style=\"color: #1155cc\"><span style=\"font-family: arial, sans-serif\"><br \/>\n<\/span><\/span><span style=\"color: #000000\"><span style=\"font-family: arial, sans-serif\"><b>Contatos:<\/b><\/span><\/span><span style=\"color: #000000\"><span style=\"font-family: arial, sans-serif\"> 3315-3338 \/\u00a0<\/span><\/span>depo.fisica.cct@setor.uepb.edu.br<\/p>\n<p><strong><span style=\"font-family: arial, sans-serif\"><span style=\"font-size: large\">COORDENA\u00c7\u00c3O\u00a0DE LICENCIATURA EM F\u00cdSICA<\/span><\/span><\/strong><\/p>\n<p><span style=\"font-family: arial, sans-serif\"><b><span style=\"color: #000000\">Coordena\u00e7\u00e3o:<\/span><\/b><span style=\"color: #000000\"> Ana Roberta da Silva Paulino \/ anaroberta.paulino@servidor.uepb.edu.br<\/span><b><span style=\"color: #1155cc\"><br \/>\n<\/span><span style=\"color: #000000\">Coordena\u00e7\u00e3o Adjunta:<\/span><\/b><span style=\"color: #000000\"> Ruth Brito de Figueiredo Melo \/ ruthmelo@servidor.uepb.edu.br<\/span><b><span style=\"color: #1155cc\"><br \/>\n<\/span><span style=\"color: #000000\">Contatos:<\/span><\/b><span style=\"color: #000000\"> 3315-3338 \/\u00a0<\/span>coord.fisica.cct@setor.uepb.edu.br<\/span><\/p>\n<p>&nbsp;<\/p>\n<p><strong><span style=\"font-family: arial, sans-serif\"><span style=\"font-size: large\"><u>DEPARTAMENTO DE MATEM\u00c1TICA<\/u><\/span><\/span><\/strong><\/p>\n<p><span style=\"font-family: arial, sans-serif\"><b><span style=\"color: #000000\">Chefia:<\/span><\/b><span style=\"color: #000000\"> Vandenberg Lopes Vieira \/ vandenberglv@servidor.uepb.edu.br<\/span><b><span style=\"color: #1155cc\"><br \/>\n<\/span><span style=\"color: #000000\">Chefia Adjunta:<\/span><\/b><span style=\"color: #000000\"> Katia Suzana Medeiros Graciano \/ katiasuzana@servidor.uepb.edu.br<\/span><b><span style=\"color: #1155cc\"><br \/>\n<\/span><span style=\"color: #000000\">Contatos:<\/span><\/b><span style=\"color: #000000\"> 3315-3344 \/ <\/span>depo.matematica.cct@setor.uepb.edu.br<\/span><\/p>\n<p><strong><span style=\"font-family: arial, sans-serif\"><span style=\"font-size: large\">COORDENA\u00c7\u00c3O\u00a0DE LICENCIATURA EM MATEM\u00c1TICA<\/span><\/span><\/strong><\/p>\n<p><span style=\"font-family: arial, sans-serif\"><b>Coordena\u00e7\u00e3o: <\/b><\/span><span style=\"font-family: arial, sans-serif\">Vilmar Vaz da Silva \/ vilmar<span style=\"color: #000000\">@servidor.uepb.edu.br<\/span><\/span><span style=\"font-family: arial, sans-serif\"><br \/>\n<\/span><span style=\"font-family: arial, sans-serif\"><b>Coordena\u00e7\u00e3o Adjunta:<\/b><\/span><span style=\"font-family: arial, sans-serif\"> Onildo dos Reis Freire \/ onildo<span style=\"color: #000000\">@servidor.uepb.edu.br<\/span><\/span><span style=\"font-family: arial, sans-serif\"><br \/>\n<\/span><span style=\"font-family: arial, sans-serif\"><b>Contatos:<\/b><\/span><span style=\"font-family: arial, sans-serif\"> 3315-3344 \/ coord.matematica.cct@setor.uepb.edu.br<\/span><\/p>\n<p>&nbsp;<\/p>\n<p><span style=\"font-family: arial, sans-serif\"><span style=\"font-size: large\"><u><b>DEPARTAMENTO DE QU\u00cdMICA<\/b><\/u><\/span><\/span><\/p>\n<p><span style=\"font-family: arial, sans-serif\"><b>Chefia:<\/b><\/span><span style=\"color: #000000\"><span style=\"font-family: arial, sans-serif\"> Ver\u00f4nica Evangelista de Lima Enerich \/ veronica@servidor.uepb.edu.br<\/span><\/span><span style=\"font-family: arial, sans-serif\"><br \/>\n<\/span><span style=\"font-family: arial, sans-serif\"><b>Chefia Adjunta:<\/b><\/span><span style=\"font-family: arial, sans-serif\"> Vera L\u00facia Meira de Morais Silva \/ verameira<span style=\"color: #000000\">@servidor.uepb.edu.br<\/span><\/span><span style=\"font-family: arial, sans-serif\"><br \/>\n<\/span><span style=\"font-family: arial, sans-serif\"><b>Contatos:<\/b><\/span><span style=\"font-family: arial, sans-serif\"> 3315-3356 \/ depto.quimica.cct@setor.uepb.edu.br<\/span><\/p>\n<p><strong><span style=\"font-family: arial, sans-serif\"><span style=\"font-size: large\">COORDENA\u00c7\u00c3O\u00a0DE LICENCIATURA EM QU\u00cdMICA<\/span><\/span><\/strong><\/p>\n<p><span style=\"font-family: arial, sans-serif\"><b>Coordena\u00e7\u00e3o:<\/b><\/span> <span style=\"color: #000000\"><span style=\"font-family: arial, sans-serif\">Deoclecio Ferreira de Brito \/ deocleciofb@servidor.uepb.edu.br<\/span><\/span><span style=\"font-family: arial, sans-serif\"><br \/>\n<\/span><span style=\"font-family: arial, sans-serif\"><b>Coordena\u00e7\u00e3o Adjunta:<\/b><\/span><span style=\"font-family: arial, sans-serif\"> Gilberlandio Nunes da Silva \/ gilberlandionunesdasilva<span style=\"color: #000000\">@servidor.uepb.edu.br<\/span><\/span><span style=\"font-family: arial, sans-serif\"><br \/>\n<\/span><span style=\"font-family: arial, sans-serif\"><b>Contatos:<\/b><\/span><span style=\"font-family: arial, sans-serif\"> 3315-3345 \/ coord.quimica.cct@setor.uepb.edu.br<\/span><\/p>\n<p><strong><span style=\"font-family: arial, sans-serif\"><span style=\"font-size: large\">COORDENA\u00c7\u00c3O\u00a0DE QU\u00cdMICA INDUSTRIAL<\/span><\/span><\/strong><\/p>\n<p><span style=\"font-family: arial, sans-serif\"><b>Coordena\u00e7\u00e3o:<\/b><\/span><span style=\"font-family: arial, sans-serif\"> Sara Regina Ribeiro Carneiro de Barros \/ sarareginarbarros<span style=\"color: #000000\">@servidor.uepb.edu.br<\/span><\/span><span style=\"font-family: arial, sans-serif\"><br \/>\n<\/span><span style=\"font-family: arial, sans-serif\"><b>Coordena\u00e7\u00e3o Adjunta:<\/b><\/span><span style=\"font-family: arial, sans-serif\"> Maristela Alves da Silva \/ maristel<span style=\"color: #000000\">@servidor.uepb.edu.br<\/span><\/span><span style=\"font-family: arial, sans-serif\"><br \/>\n<\/span><span style=\"font-family: arial, sans-serif\"><b>Contato: <\/b><\/span><span style=\"font-family: arial, sans-serif\">3315-3345 \/ coord.quimicaindustrial.cct@setor.uepb.edu.br<\/span><\/p>\n","protected":false},"excerpt":{"rendered":"<p>DEPARTAMENTO DE COMPUTA\u00c7\u00c3O Chefia: F\u00e1bio Luiz leite J\u00fanior \/\u00a0fabioleite@servidor.uepb.edu.br Chefia Adjunta: Robson Pequeno de Sousa \/\u00a0sousarob@servidor.uepb.edu.br Contatos: 3315-3342 \/\u00a0depto.computacao.cct@setor.uepb.edu.br COORDENA\u00c7\u00c3O DE COMPUTA\u00c7\u00c3O Coordena\u00e7\u00e3o: Ana Isabella Muniz Leite \/\u00a0isabella@servidor.uepb.edu.br Coordena\u00e7\u00e3o Adjunta: Janderson Jason Barbosa Aguiar \/\u00a0janderson@servidor.uepb.edu.br Contatos: 3315-3342 \/\u00a0coord.computacao.cct@setor.uepb.edu.br &nbsp; DEPARTAMENTO DE ENGENHARIA SANIT\u00c1RIA E AMBIENTAL Chefia: Neyliane Costa de Souza \/ neyliane@servidor.uepb.edu.br Chefia Adjunta: Ruth <a class=\"leiamais\" href=\"https:\/\/centros.uepb.edu.br\/cct\/departamentos\/\">Leia Mais&#8230;<\/a><\/p>\n","protected":false},"author":26,"featured_media":0,"parent":0,"menu_order":0,"comment_status":"open","ping_status":"open","template":"","meta":{"jetpack_post_was_ever_published":false,"footnotes":""},"class_list":["post-8","page","type-page","status-publish","hentry"],"jetpack_sharing_enabled":true,"jetpack_shortlink":"https:\/\/wp.me\/P7WTHl-8","_links":{"self":[{"href":"https:\/\/centros.uepb.edu.br\/cct\/wp-json\/wp\/v2\/pages\/8","targetHints":{"allow":["GET"]}}],"collection":[{"href":"https:\/\/centros.uepb.edu.br\/cct\/wp-json\/wp\/v2\/pages"}],"about":[{"href":"https:\/\/centros.uepb.edu.br\/cct\/wp-json\/wp\/v2\/types\/page"}],"author":[{"embeddable":true,"href":"https:\/\/centros.uepb.edu.br\/cct\/wp-json\/wp\/v2\/users\/26"}],"replies":[{"embeddable":true,"href":"https:\/\/centros.uepb.edu.br\/cct\/wp-json\/wp\/v2\/comments?post=8"}],"version-history":[{"count":0,"href":"https:\/\/centros.uepb.edu.br\/cct\/wp-json\/wp\/v2\/pages\/8\/revisions"}],"wp:attachment":[{"href":"https:\/\/centros.uepb.edu.br\/cct\/wp-json\/wp\/v2\/media?parent=8"}],"curies":[{"name":"wp","href":"https:\/\/api.w.org\/{rel}","templated":true}]}}