{"id":364,"date":"2017-08-02T12:30:00","date_gmt":"2017-08-02T12:30:00","guid":{"rendered":"https:\/\/centros.uepb.edu.br\/cct\/?page_id=364"},"modified":"2025-04-05T20:08:03","modified_gmt":"2025-04-05T20:08:03","slug":"computacao","status":"publish","type":"page","link":"https:\/\/centros.uepb.edu.br\/cct\/computacao\/","title":{"rendered":"Computa\u00e7\u00e3o"},"content":{"rendered":"<p><strong>Departamento de Computa\u00e7\u00e3o<\/strong><\/p>\n<p><span style=\"color: #000000\"><span style=\"font-family: Arial, sans-serif\"><b>Chefe:<\/b><\/span><\/span><span style=\"color: #000000\"><span style=\"font-family: Arial, sans-serif\"> F\u00e1bio Luiz leite J\u00fanior \/\u00a0fabioleite@servidor.uepb.edu.br<br \/>\n<\/span><\/span><span style=\"color: #000000\"><span style=\"font-family: Arial, sans-serif\"><b>Chefe Adjunto:<\/b><\/span><\/span><span style=\"color: #000000\"><span style=\"font-family: Arial, sans-serif\"> Robson Pequeno de Sousa \/\u00a0sousarob@servidor.uepb.edu.br<br \/>\n<\/span><\/span><span style=\"color: #000000\"><span style=\"font-family: Arial, sans-serif\"><b>Contatos:<\/b><\/span><\/span><span style=\"color: #000000\"><span style=\"font-family: Arial, sans-serif\"> 3315-3342 \/\u00a0depto.computacao.cct@setor.uepb.edu.br<\/span><\/span><\/p>\n<p>P\u00e1gina do departamento: <a href=\"http:\/\/departamentos.uepb.edu.br\/computacao\/\" target=\"_blank\" rel=\"noopener\">http:\/\/departamentos.uepb.edu.br\/computacao\/<\/a><\/p>\n<p><strong>Coordena\u00e7\u00e3o de Computa\u00e7\u00e3o<\/strong><\/p>\n<p><a name=\"_Hlt194691125\"><\/a> <span style=\"color: #000000\"><span style=\"font-family: Arial, sans-serif\"><b>Coordena\u00e7\u00e3o:<\/b><\/span><\/span><span style=\"color: #000000\"><span style=\"font-family: Arial, sans-serif\"> Ana Isabella Muniz Leite<\/span><\/span><b> <\/b><span style=\"color: #000000\"><span style=\"font-family: Arial, sans-serif\">\/\u00a0isabella@servidor.uepb.edu.br<br \/>\n<\/span><\/span><span style=\"color: #000000\"><span style=\"font-family: Arial, sans-serif\"><b>Coordena\u00e7\u00e3o Adjunta:<\/b><\/span><\/span><span style=\"color: #000000\"><span style=\"font-family: Arial, sans-serif\"> Janderson Jason Barbosa Aguiar \/\u00a0janderson@servidor.uepb.edu.br<br \/>\n<\/span><\/span><span style=\"color: #000000\"><span style=\"font-family: Arial, sans-serif\"><b>Contatos:<\/b><\/span><\/span><span style=\"color: #000000\"><span style=\"font-family: Arial, sans-serif\"> 3315-3342 \/\u00a0coord.computacao.cct@setor.uepb.edu.br<\/span><\/span><\/p>\n","protected":false},"excerpt":{"rendered":"<p>Departamento de Computa\u00e7\u00e3o Chefe: F\u00e1bio Luiz leite J\u00fanior \/\u00a0fabioleite@servidor.uepb.edu.br Chefe Adjunto: Robson Pequeno de Sousa \/\u00a0sousarob@servidor.uepb.edu.br Contatos: 3315-3342 \/\u00a0depto.computacao.cct@setor.uepb.edu.br P\u00e1gina do departamento: http:\/\/departamentos.uepb.edu.br\/computacao\/ Coordena\u00e7\u00e3o de Computa\u00e7\u00e3o Coordena\u00e7\u00e3o: Ana Isabella Muniz Leite \/\u00a0isabella@servidor.uepb.edu.br Coordena\u00e7\u00e3o Adjunta: Janderson Jason Barbosa Aguiar \/\u00a0janderson@servidor.uepb.edu.br Contatos: 3315-3342 \/\u00a0coord.computacao.cct@setor.uepb.edu.br<\/p>\n","protected":false},"author":29,"featured_media":0,"parent":0,"menu_order":0,"comment_status":"closed","ping_status":"closed","template":"","meta":{"jetpack_post_was_ever_published":false,"footnotes":""},"class_list":["post-364","page","type-page","status-publish","hentry"],"jetpack_sharing_enabled":true,"jetpack_shortlink":"https:\/\/wp.me\/P7WTHl-5S","_links":{"self":[{"href":"https:\/\/centros.uepb.edu.br\/cct\/wp-json\/wp\/v2\/pages\/364","targetHints":{"allow":["GET"]}}],"collection":[{"href":"https:\/\/centros.uepb.edu.br\/cct\/wp-json\/wp\/v2\/pages"}],"about":[{"href":"https:\/\/centros.uepb.edu.br\/cct\/wp-json\/wp\/v2\/types\/page"}],"author":[{"embeddable":true,"href":"https:\/\/centros.uepb.edu.br\/cct\/wp-json\/wp\/v2\/users\/29"}],"replies":[{"embeddable":true,"href":"https:\/\/centros.uepb.edu.br\/cct\/wp-json\/wp\/v2\/comments?post=364"}],"version-history":[{"count":0,"href":"https:\/\/centros.uepb.edu.br\/cct\/wp-json\/wp\/v2\/pages\/364\/revisions"}],"wp:attachment":[{"href":"https:\/\/centros.uepb.edu.br\/cct\/wp-json\/wp\/v2\/media?parent=364"}],"curies":[{"name":"wp","href":"https:\/\/api.w.org\/{rel}","templated":true}]}}