{"id":361,"date":"2017-08-02T12:20:23","date_gmt":"2017-08-02T12:20:23","guid":{"rendered":"https:\/\/centros.uepb.edu.br\/cct\/?page_id=361"},"modified":"2025-04-12T20:17:34","modified_gmt":"2025-04-12T20:17:34","slug":"matematica","status":"publish","type":"page","link":"https:\/\/centros.uepb.edu.br\/cct\/matematica\/","title":{"rendered":"Matem\u00e1tica"},"content":{"rendered":"<p><strong>Departamento de Matem\u00e1tica<\/strong><\/p>\n<p><strong>Chefia:<\/strong> Vandenberg Lopes Vieira \/ vandenberglv@servidor.uepb.edu.br<br \/>\n<strong>Chefia Adjunta:<\/strong> Katia Suzana Medeiros Graciano \/ katiasuzana@servidor.uepb.edu.br<br \/>\n<strong>Contatos:<\/strong> 3315-3344 \/ depto.matematica.cct@setor.uepb.edu.br<br \/>\nP\u00e1gina do departamento: <a href=\"http:\/\/departamentos.uepb.edu.br\/matematica\/\" target=\"_blank\" rel=\"noopener noreferrer\">http:\/\/departamentos.uepb.edu.br\/matematica\/<\/a><\/p>\n<p><strong>Coordena\u00e7\u00e3o\u00a0de Licenciatura em Matem\u00e1tica<\/strong><\/p>\n<p><strong>Coordena\u00e7\u00e3o:<\/strong> Vilmar Vaz da Silva \/ vilmar@servidor.uepb.edu.br<br \/>\n<strong>Coordena\u00e7\u00e3o Adjunta:<\/strong> Onildo dos Reis Freire \/ onildo@servidor.uepb.edu.br<br \/>\n<strong>Contatos:<\/strong> 3315-3344 \/ coord.matematica.cct@setor.uepb.edu.br<\/p>\n<p>&nbsp;<\/p>\n<p>&nbsp;<\/p>\n","protected":false},"excerpt":{"rendered":"<p>Departamento de Matem\u00e1tica Chefia: Vandenberg Lopes Vieira \/ vandenberglv@servidor.uepb.edu.br Chefia Adjunta: Katia Suzana Medeiros Graciano \/ katiasuzana@servidor.uepb.edu.br Contatos: 3315-3344 \/ depto.matematica.cct@setor.uepb.edu.br P\u00e1gina do departamento: http:\/\/departamentos.uepb.edu.br\/matematica\/ Coordena\u00e7\u00e3o\u00a0de Licenciatura em Matem\u00e1tica Coordena\u00e7\u00e3o: Vilmar Vaz da Silva \/ vilmar@servidor.uepb.edu.br Coordena\u00e7\u00e3o Adjunta: Onildo dos Reis Freire \/ onildo@servidor.uepb.edu.br Contatos: 3315-3344 \/ coord.matematica.cct@setor.uepb.edu.br &nbsp; &nbsp;<\/p>\n","protected":false},"author":29,"featured_media":0,"parent":0,"menu_order":0,"comment_status":"closed","ping_status":"closed","template":"","meta":{"jetpack_post_was_ever_published":false,"footnotes":""},"class_list":["post-361","page","type-page","status-publish","hentry"],"jetpack_sharing_enabled":true,"jetpack_shortlink":"https:\/\/wp.me\/P7WTHl-5P","_links":{"self":[{"href":"https:\/\/centros.uepb.edu.br\/cct\/wp-json\/wp\/v2\/pages\/361","targetHints":{"allow":["GET"]}}],"collection":[{"href":"https:\/\/centros.uepb.edu.br\/cct\/wp-json\/wp\/v2\/pages"}],"about":[{"href":"https:\/\/centros.uepb.edu.br\/cct\/wp-json\/wp\/v2\/types\/page"}],"author":[{"embeddable":true,"href":"https:\/\/centros.uepb.edu.br\/cct\/wp-json\/wp\/v2\/users\/29"}],"replies":[{"embeddable":true,"href":"https:\/\/centros.uepb.edu.br\/cct\/wp-json\/wp\/v2\/comments?post=361"}],"version-history":[{"count":0,"href":"https:\/\/centros.uepb.edu.br\/cct\/wp-json\/wp\/v2\/pages\/361\/revisions"}],"wp:attachment":[{"href":"https:\/\/centros.uepb.edu.br\/cct\/wp-json\/wp\/v2\/media?parent=361"}],"curies":[{"name":"wp","href":"https:\/\/api.w.org\/{rel}","templated":true}]}}

Matemática

<p><strong>Departamento de Matemática</strong></p>
<p><strong>Chefia:</strong> Vandenberg Lopes Vieira / vandenberglv@servidor.uepb.edu.br<br />
<strong>Chefia Adjunta:</strong> Katia Suzana Medeiros Graciano / katiasuzana@servidor.uepb.edu.br<br />
<strong>Contatos:</strong> 3315-3344 / depto.matematica.cct@setor.uepb.edu.br<br />
Página do departamento: <a href="http://departamentos.uepb.edu.br/matematica/" target="_blank" rel="noopener noreferrer">http://departamentos.uepb.edu.br/matematica/</a></p>
<p><strong>Coordenação de Licenciatura em Matemática</strong></p>
<p><strong>Coordenação:</strong> Vilmar Vaz da Silva / vilmar@servidor.uepb.edu.br<br />
<strong>Coordenação Adjunta:</strong> Onildo dos Reis Freire / onildo@servidor.uepb.edu.br<br />
<strong>Contatos:</strong> 3315-3344 / coord.matematica.cct@setor.uepb.edu.br</p>
<p>&nbsp;</p>
<p>&nbsp;</p>

<p>Departamento de Matemática Chefia: Vandenberg Lopes Vieira / vandenberglv@servidor.uepb.edu.br Chefia Adjunta: Katia Suzana Medeiros Graciano / katiasuzana@servidor.uepb.edu.br Contatos: 3315-3344 / depto.matematica.cct@setor.uepb.edu.br Página do departamento: http://departamentos.uepb.edu.br/matematica/ Coordenação de Licenciatura em Matemática Coordenação: Vilmar Vaz da Silva / vilmar@servidor.uepb.edu.br Coordenação Adjunta: Onildo dos Reis Freire / onildo@servidor.uepb.edu.br Contatos: 3315-3344 / coord.matematica.cct@setor.uepb.edu.br &nbsp; &nbsp;</p>
