{"id":1701,"date":"2022-05-26T13:20:42","date_gmt":"2022-05-26T13:20:42","guid":{"rendered":"https:\/\/centros.uepb.edu.br\/cct\/?page_id=1701"},"modified":"2022-05-26T13:23:49","modified_gmt":"2022-05-26T13:23:49","slug":"pagina-inicial","status":"publish","type":"page","link":"https:\/\/centros.uepb.edu.br\/cct\/","title":{"rendered":"P\u00e1gina Inicial"},"content":{"rendered":"<div class=\"wpb-content-wrapper\"><p>[vc_row][vc_column width=&#8221;2\/3&#8243;][vc_text_separator title=&#8221;Not\u00edcias do CCT&#8221; i_icon_fontawesome=&#8221;fas fa-newspaper&#8221; i_color=&#8221;custom&#8221; title_align=&#8221;separator_align_left&#8221; add_icon=&#8221;true&#8221; i_custom_color=&#8221;#cc0000&#8243;]<div class=\"mdl-grid\"><div class=\"mdl-cell--6-col mdl-cell--6-col-tablet mdl-cell--12-col-phone bloco-noticias\"><div class=\"titulo-noticia-widget\"><a href=\"https:\/\/uepb.edu.br\/programa-de-pos-graduacao-em-quimica-abre-selecao-com-25-vagas-para-turma-de-mestrado-2026-2\/\" target=\"_blank\"><h3 class=\"titulo-destaque-noticia\">Programa de P\u00f3s-gradua\u00e7\u00e3o em Qu\u00edmica abre sele\u00e7\u00e3o com 25 vagas para turma de Mestrado 2026.2<\/h3><\/a><\/div><div class=\"titulo-noticia-widget\"><a href=\"https:\/\/uepb.edu.br\/universidade-estadual-da-paraiba-lamenta-falecimento-de-professora-aposentada-do-departamento-de-quimica\/\" target=\"_blank\"><h3 class=\"titulo-destaque-noticia\">Universidade Estadual da Para\u00edba lamenta falecimento de professora aposentada do Departamento de Qu\u00edmica<\/h3><\/a><\/div><div class=\"titulo-noticia-widget\"><a href=\"https:\/\/uepb.edu.br\/mestrado-profissional-em-ensino-de-fisica-abre-edital-e-oferece-cinco-vagas-para-credenciamento-docente\/\" target=\"_blank\"><h3 class=\"titulo-destaque-noticia\">Mestrado Profissional em Ensino de F\u00edsica abre edital e oferece cinco vagas para credenciamento docente<\/h3><\/a><\/div><div class=\"titulo-noticia-widget\"><a href=\"https:\/\/uepb.edu.br\/pesquisadores-que-desenvolveram-metodo-para-identificar-metanol-em-bebida-se-reunem-com-procon\/\" target=\"_blank\"><h3 class=\"titulo-destaque-noticia\">Pesquisadores que desenvolveram m\u00e9todo para identificar metanol em bebida se re\u00fanem com Procon<\/h3><\/a><\/div><div class=\"titulo-noticia-widget\"><a href=\"https:\/\/uepb.edu.br\/uepb-promove-26o-workshop-de-quimiometria-com-participacao-de-pesquisadores-do-brasil-e-do-exterior\/\" target=\"_blank\"><h3 class=\"titulo-destaque-noticia\">UEPB promove 26\u00ba Workshop de Quimiometria com participa\u00e7\u00e3o de pesquisadores do Brasil e do exterior<\/h3><\/a><\/div><\/div><div class=\"mdl-cell--6-col mdl-cell--6-col-tablet mdl-cell--12-col-phone bloco-noticias\"><div class=\"titulo-noticia-widget\"><a href=\"https:\/\/uepb.edu.br\/universidade-estadual-da-paraiba-promove-acoes-do-abril-verde-e-encerra-campanha-com-atividade-no-jardim-botanico\/\" target=\"_blank\"><h3 class=\"titulo-destaque-noticia\">Universidade Estadual da Para\u00edba promove a\u00e7\u00f5es do Abril Verde e encerra campanha com atividade no Jardim Bot\u00e2nico<\/h3><\/a><\/div><div class=\"titulo-noticia-widget\"><a href=\"https:\/\/uepb.edu.br\/edicao-2026-da-campanha-abril-verde-promove-acoes-de-conscientizacao-sobre-saude-e-seguranca-no-ambiente-laboral\/\" target=\"_blank\"><h3 class=\"titulo-destaque-noticia\">Edi\u00e7\u00e3o 2026 da Campanha Abril Verde promove a\u00e7\u00f5es de conscientiza\u00e7\u00e3o sobre sa\u00fade e seguran\u00e7a no ambiente laboral<\/h3><\/a><\/div><div class=\"titulo-noticia-widget\"><a href=\"https:\/\/uepb.edu.br\/uepb-leva-conhecimento-sobre-educacao-ambiental-a-escolas-e-comunidades-do-entorno-do-acude-de-boqueirao\/\" target=\"_blank\"><h3 class=\"titulo-destaque-noticia\">UEPB leva conhecimento sobre educa\u00e7\u00e3o ambiental a escolas e comunidades do entorno do A\u00e7ude de Boqueir\u00e3o<\/h3><\/a><\/div><div class=\"titulo-noticia-widget\"><a href=\"https:\/\/uepb.edu.br\/estudantes-conquistam-medalhas-na-edicao-2026-do-campeonato-paraibano-de-xadrez-escolar-e-universitario\/\" target=\"_blank\"><h3 class=\"titulo-destaque-noticia\">Estudantes conquistam medalhas na edi\u00e7\u00e3o 2026 do Campeonato Paraibano de Xadrez Escolar e Universit\u00e1rio<\/h3><\/a><\/div><div class=\"titulo-noticia-widget\"><a href=\"https:\/\/uepb.edu.br\/inovatec-recebe-carta-de-patente-de-kit-de-dispositivos-para-pratica-esportiva-e-deposita-mais-um-software-no-inpi\/\" target=\"_blank\"><h3 class=\"titulo-destaque-noticia\">Inovatec recebe carta de patente de kit de dispositivos para pr\u00e1tica esportiva e deposita mais um software no INPI<\/h3><\/a><\/div><\/div><\/div>[vc_text_separator title=&#8221;Mais Not\u00edcias&#8221; i_icon_fontawesome=&#8221;fas fa-newspaper&#8221; i_color=&#8221;custom&#8221; title_align=&#8221;separator_align_left&#8221; add_icon=&#8221;true&#8221; i_custom_color=&#8221;#cc0000&#8243;]<div class=\"mdl-grid\"><div class=\"mdl-cell--6-col mdl-cell--6-col-tablet mdl-cell--12-col-phone bloco-noticias\"><div class=\"titulo-noticia-widget\"><a href=\"https:\/\/centros.uepb.edu.br\/cct\/2022\/05\/24\/encontro-de-matematica-pura-e-aplicada-abre-inscricoes-para-participacao-e-submissao-de-trabalhos\/\"><h3 class=\"titulo-destaque-noticia\">Encontro de Matem\u00e1tica Pura e Aplicada abre inscri\u00e7\u00f5es para participa\u00e7\u00e3o e submiss\u00e3o de trabalhos<\/h3><\/a><\/div><div class=\"titulo-noticia-widget\"><a href=\"https:\/\/centros.uepb.edu.br\/cct\/2022\/05\/11\/programa-de-pos-graduacao-em-quimica-lanca-edital-para-formacao-de-nova-turma-de-mestrado-com-16-vagas-2\/\"><h3 class=\"titulo-destaque-noticia\">Programa de P\u00f3s-Gradua\u00e7\u00e3o em Qu\u00edmica lan\u00e7a edital para forma\u00e7\u00e3o de nova turma de mestrado com 16 vagas<\/h3><\/a><\/div><div class=\"titulo-noticia-widget\"><a href=\"https:\/\/centros.uepb.edu.br\/cct\/2022\/05\/09\/divulgados-os-editais-para-apresentacao-de-propostas-junto-ao-pibid-e-ao-programa-de-residencia-pedagogica\/\"><h3 class=\"titulo-destaque-noticia\">Divulgados os editais para apresenta\u00e7\u00e3o de propostas junto ao PIBID e ao Programa de Resid\u00eancia Pedag\u00f3gica<\/h3><\/a><\/div><div class=\"titulo-noticia-widget\"><a href=\"https:\/\/centros.uepb.edu.br\/cct\/2022\/04\/30\/colacao-de-grau-encerra-semestre-2021-2-nos-campus-i-e-ii-e-coloca-mais-de-500-profissionais-no-mercado\/\"><h3 class=\"titulo-destaque-noticia\">Cola\u00e7\u00e3o de Grau encerra semestre 2021.2 nos c\u00e2mpus I e II e coloca mais de 500 profissionais no mercado<\/h3><\/a><\/div><div class=\"titulo-noticia-widget\"><a href=\"https:\/\/centros.uepb.edu.br\/cct\/2022\/04\/08\/pos-em-quimica-promove-seminario-sobre-como-a-nanotecnologia-pode-mitigar-impactos-da-crise-de-fertilizantes\/\"><h3 class=\"titulo-destaque-noticia\">P\u00f3s em Qu\u00edmica promove semin\u00e1rio sobre como a nanotecnologia pode mitigar impactos da crise de fertilizantes<\/h3><\/a><\/div><div class=\"titulo-noticia-widget\"><a href=\"https:\/\/centros.uepb.edu.br\/cct\/2022\/03\/24\/pos-graduacao-em-ciencia-e-tecnologia-ambiental-abre-processo-seletivo-para-nova-turma-de-mestrado\/\"><h3 class=\"titulo-destaque-noticia\">P\u00f3s-Gradua\u00e7\u00e3o em Ci\u00eancia e Tecnologia Ambiental abre processo seletivo para nova turma de mestrado<\/h3><\/a><\/div><\/div><div class=\"mdl-cell--6-col mdl-cell--6-col-tablet mdl-cell--12-col-phone bloco-noticias\"><div class=\"titulo-noticia-widget\"><a href=\"https:\/\/centros.uepb.edu.br\/cct\/2022\/02\/23\/pro-reitoria-estudantil-divulga-novo-edital-com-vagas-do-programa-de-tutoria-especial-para-o-campus-i\/\"><h3 class=\"titulo-destaque-noticia\">Pr\u00f3-Reitoria Estudantil divulga novo edital com vagas do Programa de Tutoria Especial para o C\u00e2mpus I<\/h3><\/a><\/div><div class=\"titulo-noticia-widget\"><a href=\"https:\/\/centros.uepb.edu.br\/cct\/2022\/02\/22\/programa-capa-citta-prorroga-periodo-de-inscricoes-para-envio-de-propostas-de-aceleracao-para-pesquisas\/\"><h3 class=\"titulo-destaque-noticia\">Programa Capa.CITTA prorroga per\u00edodo de inscri\u00e7\u00f5es para envio de propostas de acelera\u00e7\u00e3o para pesquisas<\/h3><\/a><\/div><div class=\"titulo-noticia-widget\"><a href=\"https:\/\/centros.uepb.edu.br\/cct\/2022\/02\/21\/ciclo-de-encontros-com-temas-que-envolvem-a-matematica-tem-primeiro-encontro-virtual-nesta-sexta-feira-25\/\"><h3 class=\"titulo-destaque-noticia\">Ciclo de Encontros com temas que envolvem a Matem\u00e1tica tem primeiro encontro virtual nesta sexta-feira, 25<\/h3><\/a><\/div><div class=\"titulo-noticia-widget\"><a href=\"https:\/\/centros.uepb.edu.br\/cct\/2022\/02\/14\/programa-de-pos-graduacao-em-ensino-de-ciencias-e-educacao-matematica-oferta-122-vagas-para-alunos-especiais\/\"><h3 class=\"titulo-destaque-noticia\">Programa de P\u00f3s-Gradua\u00e7\u00e3o em Ensino de Ci\u00eancias e Educa\u00e7\u00e3o Matem\u00e1tica oferta 122 vagas para alunos especiais<\/h3><\/a><\/div><div class=\"titulo-noticia-widget\"><a href=\"https:\/\/centros.uepb.edu.br\/cct\/2022\/01\/26\/universidade-estadual-recebe-terreno-para-construcao-de-observatorio-astronomico-em-juazeirinho\/\"><h3 class=\"titulo-destaque-noticia\">Universidade Estadual recebe terreno para constru\u00e7\u00e3o de Observat\u00f3rio Astron\u00f4mico em Juazeirinho<\/h3><\/a><\/div><div class=\"titulo-noticia-widget\"><a href=\"https:\/\/centros.uepb.edu.br\/cct\/2022\/01\/24\/inovatec-e-centro-telmo-araujo-firmam-parceria-em-programa-voltado-para-financiamento-de-pesquisas\/\"><h3 class=\"titulo-destaque-noticia\">INOVATEC e Centro Telmo Ara\u00fajo firmam parceria em programa voltado para financiamento de pesquisas<\/h3><\/a><\/div><\/div><\/div>[\/vc_column][vc_column width=&#8221;1\/3&#8243;][vc_text_separator title=&#8221;Acesso R\u00e1pido&#8221; i_icon_fontawesome=&#8221;fas fa-external-link-square-alt&#8221; i_color=&#8221;custom&#8221; title_align=&#8221;separator_align_left&#8221; add_icon=&#8221;true&#8221; i_custom_color=&#8221;#cc0000&#8243;][vc_column_text]<\/p>\n<ul class=\"xoxo blogroll\">\n<li><a title=\"Portal da Capes\" href=\"http:\/\/www.capes.gov.br\/\" target=\"_blank\" rel=\"noopener\">Capes<\/a><\/li>\n<li><a title=\"Portal do CNPq\" href=\"http:\/\/cnpq.br\/\" target=\"_blank\" rel=\"noopener\">CNPq<\/a><\/li>\n<li><a href=\"http:\/\/ca.uepb.edu.br\/\" target=\"_blank\" rel=\"noopener\">Controle Acad\u00eamico<\/a><\/li>\n<li><a href=\"https:\/\/centros.uepb.edu.br\/cct\/fale-conosco\/\" target=\"_blank\" rel=\"noopener\">Fale Conosco<\/a><\/li>\n<li><a title=\"Pr\u00f3-Reitoria de Gradua\u00e7\u00e3o\" href=\"http:\/\/proreitorias.uepb.edu.br\/prograd\/\" target=\"_blank\" rel=\"noopener\">PROGRAD<\/a><\/li>\n<\/ul>\n<p>[\/vc_column_text][\/vc_column][\/vc_row]<\/p>\n<\/div>","protected":false},"excerpt":{"rendered":"<p>[vc_row][vc_column width=&#8221;2\/3&#8243;][vc_text_separator title=&#8221;Not\u00edcias do CCT&#8221; i_icon_fontawesome=&#8221;fas fa-newspaper&#8221; i_color=&#8221;custom&#8221; title_align=&#8221;separator_align_left&#8221; add_icon=&#8221;true&#8221; i_custom_color=&#8221;#cc0000&#8243;][vc_text_separator title=&#8221;Mais Not\u00edcias&#8221; i_icon_fontawesome=&#8221;fas fa-newspaper&#8221; i_color=&#8221;custom&#8221; title_align=&#8221;separator_align_left&#8221; add_icon=&#8221;true&#8221; i_custom_color=&#8221;#cc0000&#8243;][\/vc_column][vc_column width=&#8221;1\/3&#8243;][vc_text_separator title=&#8221;Acesso R\u00e1pido&#8221; i_icon_fontawesome=&#8221;fas fa-external-link-square-alt&#8221; i_color=&#8221;custom&#8221; title_align=&#8221;separator_align_left&#8221; add_icon=&#8221;true&#8221; i_custom_color=&#8221;#cc0000&#8243;][vc_column_text] Capes CNPq Controle Acad\u00eamico Fale Conosco PROGRAD [\/vc_column_text][\/vc_column][\/vc_row]<\/p>\n","protected":false},"author":18,"featured_media":0,"parent":0,"menu_order":0,"comment_status":"closed","ping_status":"closed","template":"","meta":{"footnotes":""},"class_list":["post-1701","page","type-page","status-publish","hentry"],"jetpack_sharing_enabled":true,"jetpack_shortlink":"https:\/\/wp.me\/P7WTHl-rr","_links":{"self":[{"href":"https:\/\/centros.uepb.edu.br\/cct\/wp-json\/wp\/v2\/pages\/1701","targetHints":{"allow":["GET"]}}],"collection":[{"href":"https:\/\/centros.uepb.edu.br\/cct\/wp-json\/wp\/v2\/pages"}],"about":[{"href":"https:\/\/centros.uepb.edu.br\/cct\/wp-json\/wp\/v2\/types\/page"}],"author":[{"embeddable":true,"href":"https:\/\/centros.uepb.edu.br\/cct\/wp-json\/wp\/v2\/users\/18"}],"replies":[{"embeddable":true,"href":"https:\/\/centros.uepb.edu.br\/cct\/wp-json\/wp\/v2\/comments?post=1701"}],"version-history":[{"count":0,"href":"https:\/\/centros.uepb.edu.br\/cct\/wp-json\/wp\/v2\/pages\/1701\/revisions"}],"wp:attachment":[{"href":"https:\/\/centros.uepb.edu.br\/cct\/wp-json\/wp\/v2\/media?parent=1701"}],"curies":[{"name":"wp","href":"https:\/\/api.w.org\/{rel}","templated":true}]}}