{"id":41,"date":"2014-06-16T14:08:31","date_gmt":"2014-06-16T14:08:31","guid":{"rendered":"\/ccsa\/?page_id=41"},"modified":"2025-10-16T12:19:14","modified_gmt":"2025-10-16T12:19:14","slug":"bacharelado-em-servico-social","status":"publish","type":"page","link":"https:\/\/centros.uepb.edu.br\/ccsa\/cursos\/bacharelado-em-servico-social\/","title":{"rendered":"Servi\u00e7o Social"},"content":{"rendered":"<div class=\"wpb-content-wrapper\"><p>[vc_row gap=&#8221;30&#8243; equal_height=&#8221;yes&#8221;][vc_column width=&#8221;1\/2&#8243;][vc_column_text css=&#8221;&#8221;]<strong>Coordenadora do Curso<\/strong><br \/>\nProf.\u00aa Thereza Karla de Souza Melo<br \/>\ntherezakarla@servidor.uepb.edu.br<\/p>\n<p><strong>Coordenadora Adjunta<\/strong><br \/>\nProf.\u00aa Maria do Socorro Pontes de Souza<br \/>\npontesfelix@servidor.uepb.edu.br<\/p>\n<p><strong>Secret\u00e1rio<\/strong><br \/>\nOl\u00edmpio Armando de Ara\u00fajo Leal<\/p>\n<p><strong>Informa\u00e7\u00f5es Gerais<\/strong><\/p>\n<ul>\n<li><em>Modalidade<\/em>: bacharelado<\/li>\n<li>Titula\u00e7\u00e3o: Bacharel em Servi\u00e7o Social<\/li>\n<li><em>Cria\u00e7\u00e3o do curso<\/em>: Instrumento de Autoriza\u00e7\u00e3o n\u00ba 47.245\/59<\/li>\n<li><em>Reconhecimento do Curso<\/em>: Decreto No. 55667 de 01\/02\/1965<\/li>\n<li><em>C\u00f3digo do Curso<\/em>: 24<\/li>\n<li><em>Regime de matr\u00edcula<\/em>: semestral<\/li>\n<li><em>Regime de funcionamento<\/em>: semestral<\/li>\n<li><em>Carga hor\u00e1ria<\/em><strong>: <\/strong>3.144 horas<\/li>\n<li><em>Dura\u00e7\u00e3o m\u00ednima<\/em>: 04 anos para o curso diurno (08 semestres) e 05 anos para o noturno (10 semestres)<\/li>\n<li><em>Dura\u00e7\u00e3o m\u00e1xima<\/em>: 06 anos para o curso diurno (12 semestres) e de 07 anos para o noturno (14 semestres)<\/li>\n<li><em>Est\u00e1gio Supervisionado<\/em>: 480hs, distribu\u00eddas em tr\u00eas semestres letivos<\/li>\n<li><a href=\"https:\/\/centros.uepb.edu.br\/ccsa\/download\/historico-do-curso-de-servico-social\/?wpdmdl=1700&amp;masterkey\">Hist\u00f3rico do Curso de Servi\u00e7o Social<\/a><\/li>\n<\/ul>\n<p>[\/vc_column_text][\/vc_column][vc_column width=&#8221;1\/2&#8243;][vc_column_text]<strong>Contatos<\/strong><\/p>\n<p>Telefone\/WhatsApp: (83) 3344-5303<br \/>\nEmail: coord.servicosocial.ccsa@setor.uepb.edu.br[\/vc_column_text][vc_btn title=&#8221;Facebook&#8221; shape=&#8221;square&#8221; color=&#8221;primary&#8221; link=&#8221;url:https%3A%2F%2Fwww.facebook.com%2Fprofile.php%3Fid%3D100005466285896|target:_blank&#8221;][vc_btn title=&#8221;Site do Curso&#8221; shape=&#8221;square&#8221; color=&#8221;primary&#8221; css=&#8221;.vc_custom_1653997956697{margin-left: 5px !important;}&#8221; link=&#8221;url:https%3A%2F%2Fcoordenacaoservico.wixsite.com%2Fservsocialuepb|target:_blank&#8221;][vc_column_text css=&#8221;.vc_custom_1653997664848{margin-top: 30px !important;}&#8221;]<strong>Localiza\u00e7\u00e3o<\/strong><br \/>\nSala 307, Central de Integra\u00e7\u00e3o Acad\u00eamica.<\/p>\n<p><strong>Objetivos do curso<\/strong><\/p>\n<p style=\"text-align: justify\">O curso de gradua\u00e7\u00e3o em Servi\u00e7o Social da UEPB tem como objetivo principal formar profissionais habilitados com capacita\u00e7\u00e3o te\u00f3rica, metodol\u00f3gica, \u00e9tica e pol\u00edtica, que permita uma a\u00e7\u00e3o cr\u00edtico-propositiva, investigativa e interventiva na realidade social. Os objetivos espec\u00edficos do curso s\u00e3o:<\/p>\n<ul>\n<li style=\"text-align: justify\">Formar profissionais com capacidade para apreender criticamente a sociabilidade burguesa, sua forma\u00e7\u00e3o e suas contradi\u00e7\u00f5es, bem como a particularidade da forma\u00e7\u00e3o da sociedade brasileira e de sua inser\u00e7\u00e3o no modo capitalista de produ\u00e7\u00e3o;<\/li>\n<li style=\"text-align: justify\">Promover a reflex\u00e3o acerca das transforma\u00e7\u00f5es no mundo do trabalho e das particularidades da inser\u00e7\u00e3o do Brasil na Divis\u00e3o Internacional do trabalho;<\/li>\n<li style=\"text-align: justify\">Capacitar os discentes para a compreens\u00e3o cr\u00edtica dos fundamentos da Quest\u00e3o Social e das suas express\u00f5es tradicionais e emergentes na contemporaneidade;<\/li>\n<li style=\"text-align: justify\">Favorecer a compreens\u00e3o da articula\u00e7\u00e3o entre as dimens\u00f5es te\u00f3rico-metodol\u00f3gica, \u00e9tico-pol\u00edtica e t\u00e9cnico-operativa na pr\u00e1tica profissional;<\/li>\n<li style=\"text-align: justify\">Preparar os discentes para a atua\u00e7\u00e3o profissional nos v\u00e1rios espa\u00e7os s\u00f3cio-ocupacionais;<\/li>\n<li style=\"text-align: justify\">Capacitar o futuro profissional para as novas demandas do mercado, mediante compet\u00eancia profissional que remeta \u00e0 pesquisa, \u00e0 produ\u00e7\u00e3o de conhecimento e \u00e0s alternativas de interven\u00e7\u00e3o, tendo como par\u00e2metro o Projeto \u00c9tico-Pol\u00edtico Profissional e o C\u00f3digo de \u00c9tica profissional.<\/li>\n<li style=\"text-align: justify\">Capacitar os discentes para um processo de forma\u00e7\u00e3o cont\u00ednua, no sentido de favorecer a inser\u00e7\u00e3o nos programas de p\u00f3s-gradua\u00e7\u00e3o tanto da Regi\u00e3o Nordeste, quanto em \u00e2mbito nacional.<\/li>\n<\/ul>\n<p>[\/vc_column_text][\/vc_column][\/vc_row]<\/p>\n<\/div>","protected":false},"excerpt":{"rendered":"<p>[vc_row gap=&#8221;30&#8243; equal_height=&#8221;yes&#8221;][vc_column width=&#8221;1\/2&#8243;][vc_column_text css=&#8221;&#8221;]Coordenadora do Curso Prof.\u00aa Thereza Karla de Souza Melo therezakarla@servidor.uepb.edu.br Coordenadora Adjunta Prof.\u00aa Maria do Socorro Pontes de Souza pontesfelix@servidor.uepb.edu.br Secret\u00e1rio Ol\u00edmpio Armando de Ara\u00fajo Leal Informa\u00e7\u00f5es Gerais Modalidade: bacharelado Titula\u00e7\u00e3o: Bacharel em Servi\u00e7o Social Cria\u00e7\u00e3o do curso: Instrumento de Autoriza\u00e7\u00e3o n\u00ba 47.245\/59 Reconhecimento do Curso: Decreto No. 55667 de 01\/02\/1965 <a class=\"leiamais\" href=\"https:\/\/centros.uepb.edu.br\/ccsa\/cursos\/bacharelado-em-servico-social\/\">Leia Mais&#8230;<\/a><\/p>\n","protected":false},"author":19,"featured_media":0,"parent":22,"menu_order":0,"comment_status":"open","ping_status":"open","template":"","meta":{"jetpack_post_was_ever_published":false,"footnotes":""},"class_list":["post-41","page","type-page","status-publish","hentry"],"jetpack_sharing_enabled":true,"jetpack_shortlink":"https:\/\/wp.me\/P6eGxq-F","_links":{"self":[{"href":"https:\/\/centros.uepb.edu.br\/ccsa\/wp-json\/wp\/v2\/pages\/41","targetHints":{"allow":["GET"]}}],"collection":[{"href":"https:\/\/centros.uepb.edu.br\/ccsa\/wp-json\/wp\/v2\/pages"}],"about":[{"href":"https:\/\/centros.uepb.edu.br\/ccsa\/wp-json\/wp\/v2\/types\/page"}],"author":[{"embeddable":true,"href":"https:\/\/centros.uepb.edu.br\/ccsa\/wp-json\/wp\/v2\/users\/19"}],"replies":[{"embeddable":true,"href":"https:\/\/centros.uepb.edu.br\/ccsa\/wp-json\/wp\/v2\/comments?post=41"}],"version-history":[{"count":2,"href":"https:\/\/centros.uepb.edu.br\/ccsa\/wp-json\/wp\/v2\/pages\/41\/revisions"}],"predecessor-version":[{"id":2130,"href":"https:\/\/centros.uepb.edu.br\/ccsa\/wp-json\/wp\/v2\/pages\/41\/revisions\/2130"}],"up":[{"embeddable":true,"href":"https:\/\/centros.uepb.edu.br\/ccsa\/wp-json\/wp\/v2\/pages\/22"}],"wp:attachment":[{"href":"https:\/\/centros.uepb.edu.br\/ccsa\/wp-json\/wp\/v2\/media?parent=41"}],"curies":[{"name":"wp","href":"https:\/\/api.w.org\/{rel}","templated":true}]}}

Serviço Social

<div class="wpb-content-wrapper"><p>[vc_row gap=&#8221;30&#8243; equal_height=&#8221;yes&#8221;][vc_column width=&#8221;1/2&#8243;][vc_column_text css=&#8221;&#8221;]<strong>Coordenadora do Curso</strong><br />
Prof.ª Thereza Karla de Souza Melo<br />
therezakarla@servidor.uepb.edu.br</p>
<p><strong>Coordenadora Adjunta</strong><br />
Prof.ª Maria do Socorro Pontes de Souza<br />
pontesfelix@servidor.uepb.edu.br</p>
<p><strong>Secretário</strong><br />
Olímpio Armando de Araújo Leal</p>
<p><strong>Informações Gerais</strong></p>
<ul>
<li><em>Modalidade</em>: bacharelado</li>
<li>Titulação: Bacharel em Serviço Social</li>
<li><em>Criação do curso</em>: Instrumento de Autorização nº 47.245/59</li>
<li><em>Reconhecimento do Curso</em>: Decreto No. 55667 de 01/02/1965</li>
<li><em>Código do Curso</em>: 24</li>
<li><em>Regime de matrícula</em>: semestral</li>
<li><em>Regime de funcionamento</em>: semestral</li>
<li><em>Carga horária</em><strong>: </strong>3.144 horas</li>
<li><em>Duração mínima</em>: 04 anos para o curso diurno (08 semestres) e 05 anos para o noturno (10 semestres)</li>
<li><em>Duração máxima</em>: 06 anos para o curso diurno (12 semestres) e de 07 anos para o noturno (14 semestres)</li>
<li><em>Estágio Supervisionado</em>: 480hs, distribuídas em três semestres letivos</li>
<li><a href="https://centros.uepb.edu.br/ccsa/download/historico-do-curso-de-servico-social/?wpdmdl=1700&amp;masterkey">Histórico do Curso de Serviço Social</a></li>
</ul>
<p>[/vc_column_text][/vc_column][vc_column width=&#8221;1/2&#8243;][vc_column_text]<strong>Contatos</strong></p>
<p>Telefone/WhatsApp: (83) 3344-5303<br />
Email: coord.servicosocial.ccsa@setor.uepb.edu.br[/vc_column_text][vc_btn title=&#8221;Facebook&#8221; shape=&#8221;square&#8221; color=&#8221;primary&#8221; link=&#8221;url:https%3A%2F%2Fwww.facebook.com%2Fprofile.php%3Fid%3D100005466285896|target:_blank&#8221;][vc_btn title=&#8221;Site do Curso&#8221; shape=&#8221;square&#8221; color=&#8221;primary&#8221; css=&#8221;.vc_custom_1653997956697{margin-left: 5px !important;}&#8221; link=&#8221;url:https%3A%2F%2Fcoordenacaoservico.wixsite.com%2Fservsocialuepb|target:_blank&#8221;][vc_column_text css=&#8221;.vc_custom_1653997664848{margin-top: 30px !important;}&#8221;]<strong>Localização</strong><br />
Sala 307, Central de Integração Acadêmica.</p>
<p><strong>Objetivos do curso</strong></p>
<p style="text-align: justify">O curso de graduação em Serviço Social da UEPB tem como objetivo principal formar profissionais habilitados com capacitação teórica, metodológica, ética e política, que permita uma ação crítico-propositiva, investigativa e interventiva na realidade social. Os objetivos específicos do curso são:</p>
<ul>
<li style="text-align: justify">Formar profissionais com capacidade para apreender criticamente a sociabilidade burguesa, sua formação e suas contradições, bem como a particularidade da formação da sociedade brasileira e de sua inserção no modo capitalista de produção;</li>
<li style="text-align: justify">Promover a reflexão acerca das transformações no mundo do trabalho e das particularidades da inserção do Brasil na Divisão Internacional do trabalho;</li>
<li style="text-align: justify">Capacitar os discentes para a compreensão crítica dos fundamentos da Questão Social e das suas expressões tradicionais e emergentes na contemporaneidade;</li>
<li style="text-align: justify">Favorecer a compreensão da articulação entre as dimensões teórico-metodológica, ético-política e técnico-operativa na prática profissional;</li>
<li style="text-align: justify">Preparar os discentes para a atuação profissional nos vários espaços sócio-ocupacionais;</li>
<li style="text-align: justify">Capacitar o futuro profissional para as novas demandas do mercado, mediante competência profissional que remeta à pesquisa, à produção de conhecimento e às alternativas de intervenção, tendo como parâmetro o Projeto Ético-Político Profissional e o Código de Ética profissional.</li>
<li style="text-align: justify">Capacitar os discentes para um processo de formação contínua, no sentido de favorecer a inserção nos programas de pós-graduação tanto da Região Nordeste, quanto em âmbito nacional.</li>
</ul>
<p>[/vc_column_text][/vc_column][/vc_row]</p>
</div>

<p>[vc_row gap=&#8221;30&#8243; equal_height=&#8221;yes&#8221;][vc_column width=&#8221;1/2&#8243;][vc_column_text css=&#8221;&#8221;]Coordenadora do Curso Prof.ª Thereza Karla de Souza Melo therezakarla@servidor.uepb.edu.br Coordenadora Adjunta Prof.ª Maria do Socorro Pontes de Souza pontesfelix@servidor.uepb.edu.br Secretário Olímpio Armando de Araújo Leal Informações Gerais Modalidade: bacharelado Titulação: Bacharel em Serviço Social Criação do curso: Instrumento de Autorização nº 47.245/59 Reconhecimento do Curso: Decreto No. 55667 de 01/02/1965 <a class="leiamais" href="https://centros.uepb.edu.br/ccsa/cursos/bacharelado-em-servico-social/">Leia Mais&#8230;</a></p>
