{"id":39,"date":"2014-06-16T14:08:13","date_gmt":"2014-06-16T14:08:13","guid":{"rendered":"\/ccsa\/?page_id=39"},"modified":"2025-10-16T12:28:36","modified_gmt":"2025-10-16T12:28:36","slug":"bacharelado-em-comunicacao-social","status":"publish","type":"page","link":"https:\/\/centros.uepb.edu.br\/ccsa\/cursos\/bacharelado-em-comunicacao-social\/","title":{"rendered":"Jornalismo"},"content":{"rendered":"<div class=\"wpb-content-wrapper\"><p>[vc_row gap=&#8221;30&#8243;][vc_column width=&#8221;1\/2&#8243;][vc_column_text css=&#8221;&#8221;]<strong>Coordena\u00e7\u00e3o do Curso<\/strong><\/p>\n<p><strong>Coordenador<\/strong><br \/>\nProf. Orlando \u00c2ngelo da Silva<br \/>\norlandoangelo@servidor.uepb.edu.br<\/p>\n<p><strong>Coordenador Adjunto<\/strong><br \/>\nProf. Rostand de Albuquerque Melo<br \/>\nrostand@servidor.uepb.edu.br<\/p>\n<p><strong>Secret\u00e1rios<\/strong><\/p>\n<p>Gustavo Silva Medeiros<br \/>\nVivian de Freitas Ara\u00fajo[\/vc_column_text][\/vc_column][vc_column width=&#8221;1\/2&#8243;][vc_column_text]<strong>Contatos<\/strong><br \/>\nTelefone: (83) 3344-5316<br \/>\nEmail: coord.jornalismo.ccsa@setor.uepb.edu.br<\/p>\n<p><strong>Localiza\u00e7\u00e3o<\/strong><br \/>\nSala 308, Central de Integra\u00e7\u00e3o Acad\u00eamica.<\/p>\n<p>[\/vc_column_text][\/vc_column][\/vc_row]<\/p>\n<\/div>","protected":false},"excerpt":{"rendered":"<p>[vc_row gap=&#8221;30&#8243;][vc_column width=&#8221;1\/2&#8243;][vc_column_text css=&#8221;&#8221;]Coordena\u00e7\u00e3o do Curso Coordenador Prof. Orlando \u00c2ngelo da Silva orlandoangelo@servidor.uepb.edu.br Coordenador Adjunto Prof. Rostand de Albuquerque Melo rostand@servidor.uepb.edu.br Secret\u00e1rios Gustavo Silva Medeiros Vivian de Freitas Ara\u00fajo[\/vc_column_text][\/vc_column][vc_column width=&#8221;1\/2&#8243;][vc_column_text]Contatos Telefone: (83) 3344-5316 Email: coord.jornalismo.ccsa@setor.uepb.edu.br Localiza\u00e7\u00e3o Sala 308, Central de Integra\u00e7\u00e3o Acad\u00eamica. [\/vc_column_text][\/vc_column][\/vc_row]<\/p>\n","protected":false},"author":19,"featured_media":0,"parent":22,"menu_order":0,"comment_status":"open","ping_status":"open","template":"","meta":{"jetpack_post_was_ever_published":false,"footnotes":""},"class_list":["post-39","page","type-page","status-publish","hentry"],"jetpack_sharing_enabled":true,"jetpack_shortlink":"https:\/\/wp.me\/P6eGxq-D","_links":{"self":[{"href":"https:\/\/centros.uepb.edu.br\/ccsa\/wp-json\/wp\/v2\/pages\/39","targetHints":{"allow":["GET"]}}],"collection":[{"href":"https:\/\/centros.uepb.edu.br\/ccsa\/wp-json\/wp\/v2\/pages"}],"about":[{"href":"https:\/\/centros.uepb.edu.br\/ccsa\/wp-json\/wp\/v2\/types\/page"}],"author":[{"embeddable":true,"href":"https:\/\/centros.uepb.edu.br\/ccsa\/wp-json\/wp\/v2\/users\/19"}],"replies":[{"embeddable":true,"href":"https:\/\/centros.uepb.edu.br\/ccsa\/wp-json\/wp\/v2\/comments?post=39"}],"version-history":[{"count":2,"href":"https:\/\/centros.uepb.edu.br\/ccsa\/wp-json\/wp\/v2\/pages\/39\/revisions"}],"predecessor-version":[{"id":2135,"href":"https:\/\/centros.uepb.edu.br\/ccsa\/wp-json\/wp\/v2\/pages\/39\/revisions\/2135"}],"up":[{"embeddable":true,"href":"https:\/\/centros.uepb.edu.br\/ccsa\/wp-json\/wp\/v2\/pages\/22"}],"wp:attachment":[{"href":"https:\/\/centros.uepb.edu.br\/ccsa\/wp-json\/wp\/v2\/media?parent=39"}],"curies":[{"name":"wp","href":"https:\/\/api.w.org\/{rel}","templated":true}]}}

<div class="wpb-content-wrapper"><p>[vc_row gap=&#8221;30&#8243;][vc_column width=&#8221;1/2&#8243;][vc_column_text css=&#8221;&#8221;]<strong>Coordenação do Curso</strong></p>
<p><strong>Coordenador</strong><br />
Prof. Orlando Ângelo da Silva<br />
orlandoangelo@servidor.uepb.edu.br</p>
<p><strong>Coordenador Adjunto</strong><br />
Prof. Rostand de Albuquerque Melo<br />
rostand@servidor.uepb.edu.br</p>
<p><strong>Secretários</strong></p>
<p>Gustavo Silva Medeiros<br />
Vivian de Freitas Araújo[/vc_column_text][/vc_column][vc_column width=&#8221;1/2&#8243;][vc_column_text]<strong>Contatos</strong><br />
Telefone: (83) 3344-5316<br />
Email: coord.jornalismo.ccsa@setor.uepb.edu.br</p>
<p><strong>Localização</strong><br />
Sala 308, Central de Integração Acadêmica.</p>
<p>[/vc_column_text][/vc_column][/vc_row]</p>
</div>

<p>[vc_row gap=&#8221;30&#8243;][vc_column width=&#8221;1/2&#8243;][vc_column_text css=&#8221;&#8221;]Coordenação do Curso Coordenador Prof. Orlando Ângelo da Silva orlandoangelo@servidor.uepb.edu.br Coordenador Adjunto Prof. Rostand de Albuquerque Melo rostand@servidor.uepb.edu.br Secretários Gustavo Silva Medeiros Vivian de Freitas Araújo[/vc_column_text][/vc_column][vc_column width=&#8221;1/2&#8243;][vc_column_text]Contatos Telefone: (83) 3344-5316 Email: coord.jornalismo.ccsa@setor.uepb.edu.br Localização Sala 308, Central de Integração Acadêmica. [/vc_column_text][/vc_column][/vc_row]</p>
