{"id":35,"date":"2014-06-16T14:07:33","date_gmt":"2014-06-16T14:07:33","guid":{"rendered":"\/ccsa\/?page_id=35"},"modified":"2025-10-16T12:22:01","modified_gmt":"2025-10-16T12:22:01","slug":"bacharelado-em-administracao","status":"publish","type":"page","link":"https:\/\/centros.uepb.edu.br\/ccsa\/cursos\/bacharelado-em-administracao\/","title":{"rendered":"Administra\u00e7\u00e3o"},"content":{"rendered":"<div class=\"wpb-content-wrapper\"><p>[vc_row][vc_column width=&#8221;1\/2&#8243;][vc_column_text css=&#8221;&#8221;]<strong>COORDENA\u00c7\u00c3O DO CURSO<\/strong><\/p>\n<p><strong>Coordenador<\/strong><br \/>\nProf. Gibson Meira Oliveira<br \/>\ngibson.meira@servidor.uepb.edu.br<\/p>\n<p><strong>Coordenadora Adjunta<\/strong><br \/>\nProf.\u00aa Janayna Souto Leal<br \/>\njanaynaleal@servidor.uepb.edu.br<\/p>\n<p><strong>Secret\u00e1rio<\/strong><br \/>\nJos\u00e9 Helder da Costa Vasconcelos[\/vc_column_text][\/vc_column][vc_column width=&#8221;1\/2&#8243;][vc_column_text css=&#8221;&#8221;]<strong>Contatos<\/strong><br \/>\nTelefone: (83) 3344-5312<br \/>\nE-mail: coord.administracao.ccsa@setor.uepb.edu.br<\/p>\n<p><strong>Localiza\u00e7\u00e3o<\/strong><br \/>\nSala 306, Central de Integra\u00e7\u00e3o Acad\u00eamica.[\/vc_column_text][\/vc_column][\/vc_row][vc_row css=&#8221;.vc_custom_1653922649224{margin-top: 30px !important;}&#8221;][vc_column][vc_text_separator title=&#8221;Objetivos\/Miss\u00e3o&#8221; title_align=&#8221;separator_align_left&#8221;][vc_column_text]O Curso de Administra\u00e7\u00e3o da UEPB\/CCSA\/DAEC destina-se a forma\u00e7\u00e3o de profissionais no campo da administra\u00e7\u00e3o, capacitados e aptos a tomar decis\u00f5es e otimizar resultados, atrav\u00e9s de atividades pertinentes ao processo produtivo e o seu gerenciamento, com base em princ\u00edpios \u00e9ticos e human\u00edsticos, em conson\u00e2ncia com as necessidades e demandas regionais, nacionais e globais, mediante a\u00e7\u00f5es cientificamente fundamentadas, tecnicamente adequadas e socialmente significativas.[\/vc_column_text][vc_text_separator title=&#8221;Informa\u00e7\u00f5es gerais&#8221; title_align=&#8221;separator_align_left&#8221; css=&#8221;.vc_custom_1653922787498{margin-top: 30px !important;}&#8221;][vc_column_text]<em>Modalidade\/habilita\u00e7\u00e3o<\/em>: Bacharelado em administra\u00e7\u00e3o<br \/>\n<em>Titula\u00e7\u00e3o do egresso<\/em>: Bacharel em administra\u00e7\u00e3o<br \/>\n<em>Cria\u00e7\u00e3o do curso<\/em>: Resolu\u00e7\u00e3o N.\u00ba 22\/80 do Conselho Estadual de Educa\u00e7\u00e3o \u2013 CEE<br \/>\n<em>Reconhecimento<\/em>: Decreto Federal N.\u00ba 71.165\/72<br \/>\n<em>C\u00f3digo do curso<\/em>: 2051 \u2013 Regime de matr\u00edcula: semestral<br \/>\n<em>Turnos de funcionamento<\/em>: Diurno e noturno<\/p>\n<p><em>Dura\u00e7\u00e3o<\/em>:<\/p>\n<ul>\n<li>Turno diurno: m\u00ednima de 08(oito) semestres e m\u00e1xima de 12(doze) semestres<\/li>\n<li>Turno noturno: m\u00ednima de 10(dez) semestres e m\u00e1xima de 15(quinze) semestres<\/li>\n<\/ul>\n<p><em>Est\u00e1gio supervisionado obrigat\u00f3rio<\/em>: 300h\/a<br \/>\n<em>Atividades eletivas complementares<\/em>: 100h\/a, regulamentadas pela PORTARIA\/ UEPB\/ CCAEC\/ 001\/ 2012 e PORTARIA\/ UEPB\/ CCAEC\/ 001\/ 2014, e distribu\u00eddas nas categorias abaixo.[\/vc_column_text][\/vc_column][\/vc_row][vc_row css=&#8221;.vc_custom_1653921215767{margin-top: 30px !important;}&#8221;][vc_column][vc_text_separator title=&#8221;Curso Diurno&#8221; title_align=&#8221;separator_align_left&#8221;][vc_tta_tabs][vc_tta_section title=&#8221;1\u00ba semestre&#8221; tab_id=&#8221;1653921369791-f0b33a80-ab1f&#8221;][vc_column_text]<\/p>\n<table>\n<tbody>\n<tr>\n<td width=\"321\"><strong>COMPONENTES CURRICULARES<\/strong><\/td>\n<td width=\"151\"><strong>CH Semestral (h\/a)<\/strong><\/td>\n<td width=\"107\"><strong>CH Semanal<\/strong><\/td>\n<\/tr>\n<tr>\n<td width=\"321\">Contabilidade B\u00e1sica I<\/td>\n<td width=\"151\">60<\/td>\n<td width=\"107\">04<\/td>\n<\/tr>\n<tr>\n<td width=\"321\">Economia I<\/td>\n<td width=\"151\">60<\/td>\n<td width=\"107\">04<\/td>\n<\/tr>\n<tr>\n<td width=\"321\">Matem\u00e1tica Aplicada \u00e0 Administra\u00e7\u00e3o<\/td>\n<td width=\"151\">60<\/td>\n<td width=\"107\">04<\/td>\n<\/tr>\n<tr>\n<td width=\"321\">Metodologia Cient\u00edfica<\/td>\n<td width=\"151\">60<\/td>\n<td width=\"107\">04<\/td>\n<\/tr>\n<tr>\n<td width=\"321\">Psicologia Aplicada \u00e0 Administra\u00e7\u00e3o<\/td>\n<td width=\"151\">60<\/td>\n<td width=\"107\">04<\/td>\n<\/tr>\n<tr>\n<td width=\"321\">Teorias Administrativas I<\/td>\n<td width=\"151\">60<\/td>\n<td width=\"107\">04<\/td>\n<\/tr>\n<tr>\n<td width=\"321\"><strong>TOTAL<\/strong><\/td>\n<td width=\"151\"><strong>360<\/strong><\/td>\n<td width=\"107\"><strong>24<\/strong><\/td>\n<\/tr>\n<\/tbody>\n<\/table>\n<p>[\/vc_column_text][\/vc_tta_section][vc_tta_section title=&#8221;2\u00ba semestre&#8221; tab_id=&#8221;1653921369838-dfe98260-7684&#8243;][vc_column_text]<\/p>\n<table>\n<tbody>\n<tr>\n<td width=\"321\"><strong>COMPONENTES CURRICULARES<\/strong><\/td>\n<td width=\"151\"><strong>CH Semestral (h\/a)<\/strong><\/td>\n<td width=\"104\"><strong>CH Semanal<\/strong><\/td>\n<\/tr>\n<tr>\n<td width=\"321\">Computa\u00e7\u00e3o Aplicada \u00e0 Administra\u00e7\u00e3o<\/td>\n<td width=\"151\">60<\/td>\n<td width=\"104\">04<\/td>\n<\/tr>\n<tr>\n<td width=\"321\">Contabilidade B\u00e1sica II<\/td>\n<td width=\"151\">60<\/td>\n<td width=\"104\">04<\/td>\n<\/tr>\n<tr>\n<td width=\"321\">Economia II<\/td>\n<td width=\"151\">60<\/td>\n<td width=\"104\">04<\/td>\n<\/tr>\n<tr>\n<td width=\"321\">Introdu\u00e7\u00e3o \u00e0 Filosofia<\/td>\n<td width=\"151\">60<\/td>\n<td width=\"104\">04<\/td>\n<\/tr>\n<tr>\n<td width=\"321\">Sociologia das Organiza\u00e7\u00f5es<\/td>\n<td width=\"151\">60<\/td>\n<td width=\"104\">04<\/td>\n<\/tr>\n<tr>\n<td width=\"321\">Teorias Administrativas II<\/td>\n<td width=\"151\">60<\/td>\n<td width=\"104\">04<\/td>\n<\/tr>\n<tr>\n<td width=\"321\"><strong>TOTAL<\/strong><\/td>\n<td width=\"151\"><strong>360<\/strong><\/td>\n<td width=\"104\"><strong>24<\/strong><\/td>\n<\/tr>\n<\/tbody>\n<\/table>\n<p>[\/vc_column_text][\/vc_tta_section][vc_tta_section title=&#8221;3\u00ba semestre&#8221; tab_id=&#8221;1653921516179-1cbacc0a-a54f&#8221;][vc_column_text]<\/p>\n<table>\n<tbody>\n<tr>\n<td width=\"284\"><strong>COMPONENTES CURRICULARES<\/strong><\/td>\n<td width=\"161\"><strong>CH Semestral (h\/a)<\/strong><\/td>\n<td width=\"123\"><strong>CH Semanal<\/strong><\/td>\n<\/tr>\n<tr>\n<td width=\"284\">Administra\u00e7\u00e3o de Marketing I<\/td>\n<td width=\"161\">60<\/td>\n<td width=\"123\">04<\/td>\n<\/tr>\n<tr>\n<td width=\"284\">Estat\u00edstica Aplicada \u00e0 Administra\u00e7\u00e3o I<\/td>\n<td width=\"161\">60<\/td>\n<td width=\"123\">04<\/td>\n<\/tr>\n<tr>\n<td width=\"284\">Gest\u00e3o de Pessoas I<\/td>\n<td width=\"161\">60<\/td>\n<td width=\"123\">04<\/td>\n<\/tr>\n<tr>\n<td width=\"284\">Legisla\u00e7\u00e3o Social<\/td>\n<td width=\"161\">60<\/td>\n<td width=\"123\">04<\/td>\n<\/tr>\n<tr>\n<td width=\"284\">Matem\u00e1tica Financeira<\/td>\n<td width=\"161\">60<\/td>\n<td width=\"123\">04<\/td>\n<\/tr>\n<tr>\n<td width=\"284\">Fundamentos da \u00c9tica e da Pol\u00edtica<\/td>\n<td width=\"161\">60<\/td>\n<td width=\"123\">04<\/td>\n<\/tr>\n<tr>\n<td width=\"284\"><strong>TOTAL<\/strong><\/td>\n<td width=\"161\"><strong>360<\/strong><\/td>\n<td width=\"123\"><strong>24<\/strong><\/td>\n<\/tr>\n<\/tbody>\n<\/table>\n<p>[\/vc_column_text][\/vc_tta_section][vc_tta_section title=&#8221;4\u00ba semestre&#8221; tab_id=&#8221;1653921546030-ef368603-fa0d&#8221;][vc_column_text]<\/p>\n<table>\n<tbody>\n<tr>\n<td width=\"321\"><strong>COMPONENTES CURRICULARES<\/strong><\/td>\n<td width=\"151\"><strong>CH Semestral (h\/a)<\/strong><\/td>\n<td width=\"95\"><strong>CH Semanal<\/strong><\/td>\n<\/tr>\n<tr>\n<td width=\"321\">Administra\u00e7\u00e3o de Marketing II<\/td>\n<td width=\"151\">60<\/td>\n<td width=\"95\">04<\/td>\n<\/tr>\n<tr>\n<td width=\"321\">Administra\u00e7\u00e3o de Recursos Materiais e Patrimoniais<\/td>\n<td width=\"151\">60<\/td>\n<td width=\"95\">04<\/td>\n<\/tr>\n<tr>\n<td width=\"321\">Direito Administrativo<\/td>\n<td width=\"151\">60<\/td>\n<td width=\"95\">04<\/td>\n<\/tr>\n<tr>\n<td width=\"321\">Estat\u00edstica Aplicada \u00e0 Administra\u00e7\u00e3o II<\/td>\n<td width=\"151\">60<\/td>\n<td width=\"95\">04<\/td>\n<\/tr>\n<tr>\n<td width=\"321\">Contabilidade de Custos<\/td>\n<td width=\"151\">60<\/td>\n<td width=\"95\">04<\/td>\n<\/tr>\n<tr>\n<td width=\"321\">Gest\u00e3o de Pessoas II<\/td>\n<td width=\"151\">60<\/td>\n<td width=\"95\">04<\/td>\n<\/tr>\n<tr>\n<td width=\"321\"><strong>TOTAL<\/strong><\/td>\n<td width=\"151\"><strong>360<\/strong><\/td>\n<td width=\"95\"><strong>24<\/strong><\/td>\n<\/tr>\n<\/tbody>\n<\/table>\n<p>[\/vc_column_text][\/vc_tta_section][vc_tta_section title=&#8221;5\u00ba semestre&#8221; tab_id=&#8221;1653921589252-dc65eb8b-06bc&#8221;][vc_column_text]<\/p>\n<table>\n<tbody>\n<tr>\n<td width=\"302\"><strong>COMPONENTES CURRICULARES<\/strong><\/td>\n<td width=\"161\"><strong>CH Semestral (h\/a)<\/strong><\/td>\n<td width=\"104\"><strong>CH Semanal<\/strong><\/td>\n<\/tr>\n<tr>\n<td width=\"302\">Administra\u00e7\u00e3o da Produ\u00e7\u00e3o e Opera\u00e7\u00f5es<\/td>\n<td width=\"161\">60<\/td>\n<td width=\"104\">04<\/td>\n<\/tr>\n<tr>\n<td width=\"302\">Administra\u00e7\u00e3o Financeira<\/td>\n<td width=\"161\">60<\/td>\n<td width=\"104\">04<\/td>\n<\/tr>\n<tr>\n<td width=\"302\">Gest\u00e3o da Qualidade e Produtividade<\/td>\n<td width=\"161\">60<\/td>\n<td width=\"104\">04<\/td>\n<\/tr>\n<tr>\n<td width=\"302\">Cultura Organizacional<\/td>\n<td width=\"161\">60<\/td>\n<td width=\"104\">04<\/td>\n<\/tr>\n<tr>\n<td width=\"302\">Direito Tribut\u00e1rio<\/td>\n<td width=\"161\">60<\/td>\n<td width=\"104\">04<\/td>\n<\/tr>\n<tr>\n<td width=\"302\">Organiza\u00e7\u00e3o e M\u00e9todos<\/td>\n<td width=\"161\">60<\/td>\n<td width=\"104\">04<\/td>\n<\/tr>\n<tr>\n<td width=\"302\"><strong>TOTAL<\/strong><\/td>\n<td width=\"161\"><strong>360<\/strong><\/td>\n<td width=\"104\"><strong>24<\/strong><\/td>\n<\/tr>\n<\/tbody>\n<\/table>\n<p>[\/vc_column_text][\/vc_tta_section][vc_tta_section title=&#8221;6\u00ba semestre&#8221; tab_id=&#8221;1653921647494-fc74d522-2973&#8243;][vc_column_text]<\/p>\n<table style=\"height: 202px\" width=\"577\">\n<tbody>\n<tr>\n<td width=\"293\"><strong>COMPONENTES CURRICULARES<\/strong><\/td>\n<td width=\"170\"><strong>CH Semestral<\/strong><strong>(h\/a)<\/strong><\/td>\n<td width=\"104\"><strong>CH Semanal<\/strong><\/td>\n<\/tr>\n<tr>\n<td width=\"293\">Administra\u00e7\u00e3o P\u00fablica<\/td>\n<td width=\"170\">60<\/td>\n<td width=\"104\">04<\/td>\n<\/tr>\n<tr>\n<td width=\"293\">Gest\u00e3o Ambiental<\/td>\n<td width=\"170\">60<\/td>\n<td width=\"104\">04<\/td>\n<\/tr>\n<tr>\n<td width=\"293\">Empreendedorismo<\/td>\n<td width=\"170\">60<\/td>\n<td width=\"104\">04<\/td>\n<\/tr>\n<tr>\n<td width=\"293\">Or\u00e7amento Empresarial e P\u00fablico<\/td>\n<td width=\"170\">60<\/td>\n<td width=\"104\">04<\/td>\n<\/tr>\n<tr>\n<td width=\"293\">Planejamento Estrat\u00e9gico<\/td>\n<td width=\"170\">60<\/td>\n<td width=\"104\">04<\/td>\n<\/tr>\n<tr>\n<td width=\"293\">Sistemas de Informa\u00e7\u00e3o Gerencial<\/td>\n<td width=\"170\">60<\/td>\n<td width=\"104\">04<\/td>\n<\/tr>\n<tr>\n<td width=\"293\"><strong>TOTAL<\/strong><\/td>\n<td width=\"170\"><strong>360<\/strong><\/td>\n<td width=\"104\"><strong>24<\/strong><\/td>\n<\/tr>\n<\/tbody>\n<\/table>\n<p>[\/vc_column_text][\/vc_tta_section][vc_tta_section title=&#8221;7\u00ba semestre&#8221; tab_id=&#8221;1653921741269-9e868c0a-4817&#8243;][vc_column_text]<\/p>\n<table style=\"height: 102px\" width=\"577\">\n<tbody>\n<tr>\n<td width=\"265\"><strong>COMPONENTES CURRICULARES<\/strong><\/td>\n<td width=\"161\"><strong>CH Semestral (h\/a)<\/strong><\/td>\n<td width=\"142\"><strong>CH Semanal<\/strong><\/td>\n<\/tr>\n<tr>\n<td width=\"265\">Disciplinas Eletivas (4 x 60h)<\/td>\n<td width=\"161\">240<\/td>\n<td width=\"142\">16<\/td>\n<\/tr>\n<tr>\n<td width=\"265\">Pesquisa em Administra\u00e7\u00e3o<\/td>\n<td width=\"161\">60<\/td>\n<td width=\"142\">04<\/td>\n<\/tr>\n<tr>\n<td width=\"265\"><strong>TOTAL<\/strong><\/td>\n<td width=\"161\"><strong>300<\/strong><\/td>\n<td width=\"142\"><strong>20<\/strong><\/td>\n<\/tr>\n<\/tbody>\n<\/table>\n<p>[\/vc_column_text][\/vc_tta_section][vc_tta_section title=&#8221;8\u00ba semestre&#8221; tab_id=&#8221;1653922074747-d1aa4aaa-dbe7&#8243;][vc_column_text]<\/p>\n<table style=\"height: 102px\" width=\"577\">\n<tbody>\n<tr>\n<td width=\"265\"><strong>COMPONENTES CURRICULARES<\/strong><\/td>\n<td width=\"161\"><strong>CH Semestral (h\/a)<\/strong><\/td>\n<td width=\"142\"><strong>CH Semanal<\/strong><\/td>\n<\/tr>\n<tr>\n<td width=\"265\">Est\u00e1gio Supervisionado<\/td>\n<td width=\"161\">300<\/td>\n<td width=\"142\">18<\/td>\n<\/tr>\n<tr>\n<td width=\"265\">Trabalho Acad\u00eamico Orientado<\/td>\n<td width=\"161\">60<\/td>\n<td width=\"142\">04<\/td>\n<\/tr>\n<tr>\n<td width=\"265\"><strong>TOTAL<\/strong><\/td>\n<td width=\"161\"><strong>360<\/strong><\/td>\n<td width=\"142\"><strong>22<\/strong><\/td>\n<\/tr>\n<\/tbody>\n<\/table>\n<p>[\/vc_column_text][\/vc_tta_section][\/vc_tta_tabs][vc_text_separator title=&#8221;Curso Noturno&#8221; title_align=&#8221;separator_align_left&#8221; css=&#8221;.vc_custom_1653922181500{margin-top: 30px !important;}&#8221;][vc_tta_tabs][vc_tta_section title=&#8221;1\u00ba semestre&#8221; tab_id=&#8221;1653922961067-0a7e73a6-6ff1&#8243;][vc_column_text]<\/p>\n<table width=\"567\">\n<tbody>\n<tr>\n<td width=\"293\"><strong>COMPONENTES CURRICULARES<\/strong><\/td>\n<td width=\"170\"><strong>CH Semestral (h\/a)<\/strong><\/td>\n<td width=\"104\"><strong>CH Semanal<\/strong><\/td>\n<\/tr>\n<tr>\n<td width=\"293\">Contabilidade B\u00e1sica I<\/td>\n<td width=\"170\">60<\/td>\n<td width=\"104\">04<\/td>\n<\/tr>\n<tr>\n<td width=\"293\">Economia I<\/td>\n<td width=\"170\">60<\/td>\n<td width=\"104\">04<\/td>\n<\/tr>\n<tr>\n<td width=\"293\">Matem\u00e1tica Aplicada \u00e0 Administra\u00e7\u00e3o<\/td>\n<td width=\"170\">60<\/td>\n<td width=\"104\">04<\/td>\n<\/tr>\n<tr>\n<td width=\"293\">Metodologia Cient\u00edfica<\/td>\n<td width=\"170\">60<\/td>\n<td width=\"104\">04<\/td>\n<\/tr>\n<tr>\n<td width=\"293\">Teorias Administrativas I<\/td>\n<td width=\"170\">60<\/td>\n<td width=\"104\">04<\/td>\n<\/tr>\n<tr>\n<td width=\"293\"><strong>TOTAL<\/strong><\/td>\n<td width=\"170\"><strong>300<\/strong><\/td>\n<td width=\"104\"><strong>20<\/strong><\/td>\n<\/tr>\n<\/tbody>\n<\/table>\n<p>[\/vc_column_text][\/vc_tta_section][vc_tta_section title=&#8221;2\u00ba semestre&#8221; tab_id=&#8221;1653922961258-4df98abd-c9ef&#8221;][vc_column_text]<\/p>\n<table width=\"567\">\n<tbody>\n<tr>\n<td width=\"293\"><strong>COMPONENTES CURRICULARES<\/strong><\/td>\n<td width=\"170\"><strong>CH Semestral (h\/a)<\/strong><\/td>\n<td width=\"104\"><strong>CH Semanal<\/strong><\/td>\n<\/tr>\n<tr>\n<td width=\"293\">Contabilidade B\u00e1sica II<\/td>\n<td width=\"170\">60<\/td>\n<td width=\"104\">04<\/td>\n<\/tr>\n<tr>\n<td width=\"293\">Economia II<\/td>\n<td width=\"170\">60<\/td>\n<td width=\"104\">04<\/td>\n<\/tr>\n<tr>\n<td width=\"293\">Introdu\u00e7\u00e3o \u00e0 Filosofia<\/td>\n<td width=\"170\">60<\/td>\n<td width=\"104\">04<\/td>\n<\/tr>\n<tr>\n<td width=\"293\">Psicologia Aplicada \u00e0 Administra\u00e7\u00e3o<\/td>\n<td width=\"170\">60<\/td>\n<td width=\"104\">04<\/td>\n<\/tr>\n<tr>\n<td width=\"293\">Teorias Administrativas II<\/td>\n<td width=\"170\">60<\/td>\n<td width=\"104\">04<\/td>\n<\/tr>\n<tr>\n<td width=\"293\"><strong>TOTAL<\/strong><\/td>\n<td width=\"170\"><strong>300<\/strong><\/td>\n<td width=\"104\"><strong>20<\/strong><\/td>\n<\/tr>\n<\/tbody>\n<\/table>\n<p>[\/vc_column_text][\/vc_tta_section][vc_tta_section title=&#8221;3\u00ba semestre&#8221; tab_id=&#8221;1653922961424-031e816f-ed1a&#8221;][vc_column_text]<\/p>\n<table width=\"567\">\n<tbody>\n<tr>\n<td width=\"293\"><strong>COMPONENTES CURRICULARES<\/strong><\/td>\n<td width=\"170\"><strong>CH Semestral (h\/a)<\/strong><\/td>\n<td width=\"104\"><strong>CH Semanal<\/strong><\/td>\n<\/tr>\n<tr>\n<td width=\"293\">Administra\u00e7\u00e3o de Marketing I<\/td>\n<td width=\"170\">60<\/td>\n<td width=\"104\">04<\/td>\n<\/tr>\n<tr>\n<td width=\"293\">Computa\u00e7\u00e3o Aplicada \u00e0 Administra\u00e7\u00e3o<\/td>\n<td width=\"170\">60<\/td>\n<td width=\"104\">04<\/td>\n<\/tr>\n<tr>\n<td width=\"293\">Estat\u00edstica Aplicada \u00e0 Administra\u00e7\u00e3o I<\/td>\n<td width=\"170\">60<\/td>\n<td width=\"104\">04<\/td>\n<\/tr>\n<tr>\n<td width=\"293\">Gest\u00e3o de Pessoas I<\/td>\n<td width=\"170\">60<\/td>\n<td width=\"104\">04<\/td>\n<\/tr>\n<tr>\n<td width=\"293\">Sociologia das Organiza\u00e7\u00f5es<\/td>\n<td width=\"170\">60<\/td>\n<td width=\"104\">04<\/td>\n<\/tr>\n<tr>\n<td width=\"293\"><strong>TOTAL<\/strong><\/td>\n<td width=\"170\"><strong>300<\/strong><\/td>\n<td width=\"104\"><strong>20<\/strong><\/td>\n<\/tr>\n<\/tbody>\n<\/table>\n<p>[\/vc_column_text][\/vc_tta_section][vc_tta_section title=&#8221;4\u00ba semestre&#8221; tab_id=&#8221;1653922961551-b56b8ff9-3421&#8243;][vc_column_text]<\/p>\n<table width=\"567\">\n<tbody>\n<tr>\n<td width=\"293\"><strong>COMPONENTES CURRICULARES<\/strong><\/td>\n<td width=\"170\"><strong>CH Semestral(h\/a)<\/strong><\/td>\n<td width=\"104\"><strong>CH Semanal<\/strong><\/td>\n<\/tr>\n<tr>\n<td width=\"293\">Administra\u00e7\u00e3o de Marketing II<\/td>\n<td width=\"170\">60<\/td>\n<td width=\"104\">04<\/td>\n<\/tr>\n<tr>\n<td width=\"293\">Matem\u00e1tica Financeira<\/td>\n<td width=\"170\">60<\/td>\n<td width=\"104\">04<\/td>\n<\/tr>\n<tr>\n<td width=\"293\">Estat\u00edstica Aplicada \u00e0 Administra\u00e7\u00e3o II<\/td>\n<td width=\"170\">60<\/td>\n<td width=\"104\">04<\/td>\n<\/tr>\n<tr>\n<td width=\"293\">Gest\u00e3o de Pessoas II<\/td>\n<td width=\"170\">60<\/td>\n<td width=\"104\">04<\/td>\n<\/tr>\n<tr>\n<td width=\"293\">Legisla\u00e7\u00e3o Social<\/td>\n<td width=\"170\">60<\/td>\n<td width=\"104\">04<\/td>\n<\/tr>\n<tr>\n<td width=\"293\"><strong>TOTAL<\/strong><\/td>\n<td width=\"170\"><strong>300<\/strong><\/td>\n<td width=\"104\"><strong>20<\/strong><\/td>\n<\/tr>\n<\/tbody>\n<\/table>\n<p>[\/vc_column_text][\/vc_tta_section][vc_tta_section title=&#8221;5\u00ba semestre&#8221; tab_id=&#8221;1653922961704-1d1a14be-e68a&#8221;][vc_column_text]<\/p>\n<table width=\"567\">\n<tbody>\n<tr>\n<td width=\"312\"><strong>COMPONENTES CURRICULARES<\/strong><\/td>\n<td width=\"142\"><strong>CH Semestral (h\/a)<\/strong><\/td>\n<td width=\"113\"><strong>CH Semanal<\/strong><\/td>\n<\/tr>\n<tr>\n<td width=\"312\">Direito Administrativo<\/td>\n<td width=\"142\">60<\/td>\n<td width=\"113\">04<\/td>\n<\/tr>\n<tr>\n<td width=\"312\">Administra\u00e7\u00e3o de Recursos Materiais e Patrimoniais<\/td>\n<td width=\"142\">60<\/td>\n<td width=\"113\">04<\/td>\n<\/tr>\n<tr>\n<td width=\"312\">Fundamentos da \u00c9tica e da Pol\u00edtica<\/td>\n<td width=\"142\">60<\/td>\n<td width=\"113\">04<\/td>\n<\/tr>\n<tr>\n<td width=\"312\">Contabilidade de Custos<\/td>\n<td width=\"142\">60<\/td>\n<td width=\"113\">04<\/td>\n<\/tr>\n<tr>\n<td width=\"312\">Organiza\u00e7\u00e3o e M\u00e9todos<\/td>\n<td width=\"142\">60<\/td>\n<td width=\"113\">04<\/td>\n<\/tr>\n<tr>\n<td width=\"312\"><strong>TOTAL<\/strong><\/td>\n<td width=\"142\"><strong>300<\/strong><\/td>\n<td width=\"113\"><strong>20<\/strong><\/td>\n<\/tr>\n<\/tbody>\n<\/table>\n<p>[\/vc_column_text][\/vc_tta_section][vc_tta_section title=&#8221;6\u00ba semestre&#8221; tab_id=&#8221;1653922961836-924d89bc-f652&#8243;][vc_column_text]<\/p>\n<table width=\"567\">\n<tbody>\n<tr>\n<td width=\"312\"><strong>COMPONENTES CURRICULARES<\/strong><\/td>\n<td width=\"151\"><strong>CH Semestral(h\/a)<\/strong><\/td>\n<td width=\"104\"><strong>CH Semanal<\/strong><\/td>\n<\/tr>\n<tr>\n<td width=\"312\">Administra\u00e7\u00e3o da Produ\u00e7\u00e3o e Opera\u00e7\u00f5es<\/td>\n<td width=\"151\">60<\/td>\n<td width=\"104\">04<\/td>\n<\/tr>\n<tr>\n<td width=\"312\">Administra\u00e7\u00e3o Financeira<\/td>\n<td width=\"151\">60<\/td>\n<td width=\"104\">04<\/td>\n<\/tr>\n<tr>\n<td width=\"312\">Direito Tribut\u00e1rio<\/td>\n<td width=\"151\">60<\/td>\n<td width=\"104\">04<\/td>\n<\/tr>\n<tr>\n<td width=\"312\">Cultura Organizacional<\/td>\n<td width=\"151\">60<\/td>\n<td width=\"104\">04<\/td>\n<\/tr>\n<tr>\n<td width=\"312\">Sistemas de Informa\u00e7\u00e3o Gerencial<\/td>\n<td width=\"151\">60<\/td>\n<td width=\"104\">04<\/td>\n<\/tr>\n<tr>\n<td width=\"312\"><strong>TOTAL<\/strong><\/td>\n<td width=\"151\"><strong>300<\/strong><\/td>\n<td width=\"104\"><strong>20<\/strong><\/td>\n<\/tr>\n<\/tbody>\n<\/table>\n<p>[\/vc_column_text][\/vc_tta_section][vc_tta_section title=&#8221;7\u00ba semestre&#8221; tab_id=&#8221;1653922962002-4d38732d-d92b&#8221;][vc_column_text]<\/p>\n<table width=\"567\">\n<tbody>\n<tr>\n<td width=\"302\"><strong>COMPONENTES CURRICULARES<\/strong><\/td>\n<td width=\"161\"><strong>CH Semestral(h\/a)<\/strong><\/td>\n<td width=\"104\"><strong>CH Semanal<\/strong><\/td>\n<\/tr>\n<tr>\n<td width=\"302\">Administra\u00e7\u00e3o P\u00fablica<\/td>\n<td width=\"161\">60<\/td>\n<td width=\"104\">04<\/td>\n<\/tr>\n<tr>\n<td width=\"302\">Empreendedorismo<\/td>\n<td width=\"161\">60<\/td>\n<td width=\"104\">04<\/td>\n<\/tr>\n<tr>\n<td width=\"302\">Gest\u00e3o Ambiental<\/td>\n<td width=\"161\">60<\/td>\n<td width=\"104\">04<\/td>\n<\/tr>\n<tr>\n<td width=\"302\">Gest\u00e3o da Qualidade e Produtividade<\/td>\n<td width=\"161\">60<\/td>\n<td width=\"104\">04<\/td>\n<\/tr>\n<tr>\n<td width=\"302\">Or\u00e7amento Empresarial e P\u00fablico<\/td>\n<td width=\"161\">60<\/td>\n<td width=\"104\">04<\/td>\n<\/tr>\n<tr>\n<td width=\"302\"><strong>TOTAL<\/strong><\/td>\n<td width=\"161\"><strong>300<\/strong><\/td>\n<td width=\"104\"><strong>20<\/strong><\/td>\n<\/tr>\n<\/tbody>\n<\/table>\n<p>[\/vc_column_text][\/vc_tta_section][vc_tta_section title=&#8221;8\u00ba semestre&#8221; tab_id=&#8221;1653922962137-395a5b0c-137a&#8221;][vc_column_text]<\/p>\n<table width=\"567\">\n<tbody>\n<tr>\n<td width=\"302\"><strong>COMPONENTES CURRICULARES<\/strong><\/td>\n<td width=\"161\"><strong>CH Semestral (h\/a)<\/strong><\/td>\n<td width=\"104\"><strong>CH Semanal<\/strong><\/td>\n<\/tr>\n<tr>\n<td width=\"302\">Disciplinas Eletivas (4 x 60h)<\/td>\n<td width=\"161\">240<\/td>\n<td width=\"104\">16<\/td>\n<\/tr>\n<tr>\n<td width=\"302\">Planejamento Estrat\u00e9gico<\/td>\n<td width=\"161\">60<\/td>\n<td width=\"104\">04<\/td>\n<\/tr>\n<tr>\n<td width=\"302\"><strong>TOTAL<\/strong><\/td>\n<td width=\"161\"><strong>300<\/strong><\/td>\n<td width=\"104\"><strong>20<\/strong><\/td>\n<\/tr>\n<\/tbody>\n<\/table>\n<p>[\/vc_column_text][\/vc_tta_section][vc_tta_section title=&#8221;9\u00ba semestre&#8221; tab_id=&#8221;1653923188507-03c85a9f-f06e&#8221;][vc_column_text]<\/p>\n<table width=\"567\">\n<tbody>\n<tr>\n<td width=\"302\"><strong>COMPONENTES CURRICULARES<\/strong><\/td>\n<td width=\"161\"><strong>CH Semestral (h\/a)<\/strong><\/td>\n<td width=\"104\"><strong>CH Semanal<\/strong><\/td>\n<\/tr>\n<tr>\n<td width=\"302\">Est\u00e1gio Supervisionado<\/td>\n<td width=\"161\">300<\/td>\n<td width=\"104\">16<\/td>\n<\/tr>\n<tr>\n<td width=\"302\">Pesquisa em Administra\u00e7\u00e3o<\/td>\n<td width=\"161\">60<\/td>\n<td width=\"104\">04<\/td>\n<\/tr>\n<tr>\n<td width=\"302\"><strong>TOTAL<\/strong><\/td>\n<td width=\"161\"><strong>360<\/strong><\/td>\n<td width=\"104\"><strong>20<\/strong><\/td>\n<\/tr>\n<\/tbody>\n<\/table>\n<p>[\/vc_column_text][\/vc_tta_section][vc_tta_section title=&#8221;10\u00ba semestre&#8221; tab_id=&#8221;1653923247113-b368c2b0-3a1b&#8221;][vc_column_text]<\/p>\n<table width=\"567\">\n<tbody>\n<tr>\n<td width=\"321\"><strong>COMPONENTES CURRICULARES<\/strong><\/td>\n<td width=\"142\"><strong>CH Semestral(h\/a)<\/strong><\/td>\n<td width=\"104\"><strong>CH Semanal<\/strong><\/td>\n<\/tr>\n<tr>\n<td width=\"321\">Trabalho Acad\u00eamico Orientado<\/td>\n<td width=\"142\">60<\/td>\n<td width=\"104\">04<\/td>\n<\/tr>\n<tr>\n<td width=\"321\"><strong>TOTAL<\/strong><\/td>\n<td width=\"142\"><strong> 60<\/strong><\/td>\n<td width=\"104\"><strong>04<\/strong><\/td>\n<\/tr>\n<\/tbody>\n<\/table>\n<p>[\/vc_column_text][\/vc_tta_section][\/vc_tta_tabs][\/vc_column][\/vc_row][vc_row][vc_column][vc_column_text]<strong>Componentes Curriculares com Monitoria (2014.1)<\/strong><\/p>\n<ul>\n<li>Gest\u00e3o ambiental: Prof.\u00aa Dra. Sandra Maria Ara\u00fajo de Souza;<\/li>\n<li>Administra\u00e7\u00e3o p\u00fablica: Prof.\u00aa Dra. G\u00eauda Anazile da Costa Gon\u00e7alves;<\/li>\n<li>Gest\u00e3o de Pessoas I: Prof. \u00aa Msc. Geralda F\u00e9lix Coutinho;<\/li>\n<li>Matem\u00e1tica Financeira: Prof. \u00aa Msc. Maria do Socorro Pinto de Carvalho Elisi\u00e1rio.<\/li>\n<\/ul>\n<p>[\/vc_column_text][\/vc_column][\/vc_row]<\/p>\n<\/div>","protected":false},"excerpt":{"rendered":"<p>[vc_row][vc_column width=&#8221;1\/2&#8243;][vc_column_text css=&#8221;&#8221;]COORDENA\u00c7\u00c3O DO CURSO Coordenador Prof. Gibson Meira Oliveira gibson.meira@servidor.uepb.edu.br Coordenadora Adjunta Prof.\u00aa Janayna Souto Leal janaynaleal@servidor.uepb.edu.br Secret\u00e1rio Jos\u00e9 Helder da Costa Vasconcelos[\/vc_column_text][\/vc_column][vc_column width=&#8221;1\/2&#8243;][vc_column_text css=&#8221;&#8221;]Contatos Telefone: (83) 3344-5312 E-mail: coord.administracao.ccsa@setor.uepb.edu.br Localiza\u00e7\u00e3o Sala 306, Central de Integra\u00e7\u00e3o Acad\u00eamica.[\/vc_column_text][\/vc_column][\/vc_row][vc_row css=&#8221;.vc_custom_1653922649224{margin-top: 30px !important;}&#8221;][vc_column][vc_text_separator title=&#8221;Objetivos\/Miss\u00e3o&#8221; title_align=&#8221;separator_align_left&#8221;][vc_column_text]O Curso de Administra\u00e7\u00e3o da UEPB\/CCSA\/DAEC destina-se a forma\u00e7\u00e3o de profissionais no campo <a class=\"leiamais\" href=\"https:\/\/centros.uepb.edu.br\/ccsa\/cursos\/bacharelado-em-administracao\/\">Leia Mais&#8230;<\/a><\/p>\n","protected":false},"author":19,"featured_media":0,"parent":22,"menu_order":0,"comment_status":"open","ping_status":"open","template":"","meta":{"jetpack_post_was_ever_published":false,"footnotes":""},"class_list":["post-35","page","type-page","status-publish","hentry"],"jetpack_sharing_enabled":true,"jetpack_shortlink":"https:\/\/wp.me\/P6eGxq-z","_links":{"self":[{"href":"https:\/\/centros.uepb.edu.br\/ccsa\/wp-json\/wp\/v2\/pages\/35","targetHints":{"allow":["GET"]}}],"collection":[{"href":"https:\/\/centros.uepb.edu.br\/ccsa\/wp-json\/wp\/v2\/pages"}],"about":[{"href":"https:\/\/centros.uepb.edu.br\/ccsa\/wp-json\/wp\/v2\/types\/page"}],"author":[{"embeddable":true,"href":"https:\/\/centros.uepb.edu.br\/ccsa\/wp-json\/wp\/v2\/users\/19"}],"replies":[{"embeddable":true,"href":"https:\/\/centros.uepb.edu.br\/ccsa\/wp-json\/wp\/v2\/comments?post=35"}],"version-history":[{"count":2,"href":"https:\/\/centros.uepb.edu.br\/ccsa\/wp-json\/wp\/v2\/pages\/35\/revisions"}],"predecessor-version":[{"id":2132,"href":"https:\/\/centros.uepb.edu.br\/ccsa\/wp-json\/wp\/v2\/pages\/35\/revisions\/2132"}],"up":[{"embeddable":true,"href":"https:\/\/centros.uepb.edu.br\/ccsa\/wp-json\/wp\/v2\/pages\/22"}],"wp:attachment":[{"href":"https:\/\/centros.uepb.edu.br\/ccsa\/wp-json\/wp\/v2\/media?parent=35"}],"curies":[{"name":"wp","href":"https:\/\/api.w.org\/{rel}","templated":true}]}}