{"id":139,"date":"2014-07-04T13:42:40","date_gmt":"2014-07-04T13:42:40","guid":{"rendered":"\/ccsa\/?page_id=139"},"modified":"2014-07-04T13:45:29","modified_gmt":"2014-07-04T13:45:29","slug":"publicacoes","status":"publish","type":"page","link":"https:\/\/centros.uepb.edu.br\/ccsa\/publicacoes\/","title":{"rendered":"Publica\u00e7\u00f5es"},"content":{"rendered":"<p><strong>Qualit@s Revista Eletr\u00f4nica<\/strong><\/p>\n<p style=\"text-align: justify\">Qualit@s \u00e9 uma revista eletr\u00f4nica semestral, de acesso gratuito, editada pelo Centro de Ci\u00eancias Sociais Aplicadas da Universidade Estadual da Para\u00edba. Tem como miss\u00e3o fomentar a produ\u00e7\u00e3o e a dissemina\u00e7\u00e3o de conhecimento em Administra\u00e7\u00e3o, Ci\u00eancias Cont\u00e1beis, Economia , Comunica\u00e7\u00e3o Social , Servi\u00e7o Social e \u00e1reas afins. Oferece artigos cient\u00edficos, examinando as quest\u00f5es mais diversas com profundidade e senso cr\u00edtico, trazendo sempre uma vis\u00e3o pragm\u00e1tica e cient\u00edfica dos assuntos relacionados \u00e0s Ci\u00eancias Sociais Aplicadas. A Qualit@s est\u00e1 aberta a colabora\u00e7\u00f5es do Brasil e do exterior, tanto do campo da Administra\u00e7\u00e3o, Ci\u00eancias Cont\u00e1beis, Economia, Comunica\u00e7\u00e3o Social, Servi\u00e7o Social como de \u00e1reas afins.<\/p>\n<p style=\"text-align: justify\">P\u00e1gina: <a href=\"http:\/\/revista.uepb.edu.br\/index.php\/qualitas\/\" target=\"_blank\">http:\/\/revista.uepb.edu.br\/index.php\/qualitas\/<\/a><\/p>\n<p>&nbsp;<\/p>\n","protected":false},"excerpt":{"rendered":"<p>Qualit@s Revista Eletr\u00f4nica Qualit@s \u00e9 uma revista eletr\u00f4nica semestral, de acesso gratuito, editada pelo Centro de Ci\u00eancias Sociais Aplicadas da Universidade Estadual da Para\u00edba. Tem como miss\u00e3o fomentar a produ\u00e7\u00e3o e a dissemina\u00e7\u00e3o de conhecimento em Administra\u00e7\u00e3o, Ci\u00eancias Cont\u00e1beis, Economia , Comunica\u00e7\u00e3o Social , Servi\u00e7o Social e \u00e1reas afins. Oferece artigos cient\u00edficos, examinando as quest\u00f5es <a class=\"leiamais\" href=\"https:\/\/centros.uepb.edu.br\/ccsa\/publicacoes\/\">Leia Mais&#8230;<\/a><\/p>\n","protected":false},"author":19,"featured_media":0,"parent":0,"menu_order":0,"comment_status":"open","ping_status":"open","template":"","meta":{"jetpack_post_was_ever_published":false,"footnotes":""},"class_list":["post-139","page","type-page","status-publish","hentry"],"jetpack_sharing_enabled":true,"jetpack_shortlink":"https:\/\/wp.me\/P6eGxq-2f","_links":{"self":[{"href":"https:\/\/centros.uepb.edu.br\/ccsa\/wp-json\/wp\/v2\/pages\/139","targetHints":{"allow":["GET"]}}],"collection":[{"href":"https:\/\/centros.uepb.edu.br\/ccsa\/wp-json\/wp\/v2\/pages"}],"about":[{"href":"https:\/\/centros.uepb.edu.br\/ccsa\/wp-json\/wp\/v2\/types\/page"}],"author":[{"embeddable":true,"href":"https:\/\/centros.uepb.edu.br\/ccsa\/wp-json\/wp\/v2\/users\/19"}],"replies":[{"embeddable":true,"href":"https:\/\/centros.uepb.edu.br\/ccsa\/wp-json\/wp\/v2\/comments?post=139"}],"version-history":[{"count":0,"href":"https:\/\/centros.uepb.edu.br\/ccsa\/wp-json\/wp\/v2\/pages\/139\/revisions"}],"wp:attachment":[{"href":"https:\/\/centros.uepb.edu.br\/ccsa\/wp-json\/wp\/v2\/media?parent=139"}],"curies":[{"name":"wp","href":"https:\/\/api.w.org\/{rel}","templated":true}]}}