{"id":1248,"date":"2019-11-13T14:27:57","date_gmt":"2019-11-13T14:27:57","guid":{"rendered":"https:\/\/centros.uepb.edu.br\/ccsa\/?page_id=1248"},"modified":"2022-05-31T14:45:00","modified_gmt":"2022-05-31T14:45:00","slug":"iii-ccsa-mostra-o-que-faz","status":"publish","type":"page","link":"https:\/\/centros.uepb.edu.br\/ccsa\/iii-ccsa-mostra-o-que-faz\/","title":{"rendered":"III CCSA mostra o que faz"},"content":{"rendered":"<div class=\"wpb-content-wrapper\"><p>[vc_row][vc_column width=&#8221;1\/3&#8243;][vc_column_text]<a href=\"https:\/\/centros.uepb.edu.br\/ccsa\/files\/2019\/11\/marca_III_CCSA2-2.png\"><img loading=\"lazy\" decoding=\"async\" class=\"size-medium wp-image-1249 alignleft img-responsive\" src=\"https:\/\/centros.uepb.edu.br\/ccsa\/files\/2019\/11\/marca_III_CCSA2-2-184x300.png\" alt=\"\" width=\"184\" height=\"300\" srcset=\"https:\/\/centros.uepb.edu.br\/ccsa\/files\/2019\/11\/marca_III_CCSA2-2-184x300.png 184w, https:\/\/centros.uepb.edu.br\/ccsa\/files\/2019\/11\/marca_III_CCSA2-2-768x1253.png 768w, https:\/\/centros.uepb.edu.br\/ccsa\/files\/2019\/11\/marca_III_CCSA2-2-628x1024.png 628w, https:\/\/centros.uepb.edu.br\/ccsa\/files\/2019\/11\/marca_III_CCSA2-2-370x603.png 370w, https:\/\/centros.uepb.edu.br\/ccsa\/files\/2019\/11\/marca_III_CCSA2-2-840x1370.png 840w, https:\/\/centros.uepb.edu.br\/ccsa\/files\/2019\/11\/marca_III_CCSA2-2.png 908w\" sizes=\"auto, (max-width: 184px) 100vw, 184px\" \/><\/a>[\/vc_column_text][\/vc_column][vc_column width=&#8221;1\/3&#8243;][vc_column_text]<\/p>\n<ul>\n<li><strong><a href=\"https:\/\/cpcon.uepb.edu.br\/forms\/responderFormulario\/262\" target=\"_blank\" rel=\"noopener noreferrer\">Inscri\u00e7\u00f5es<\/a><\/strong><\/li>\n<li><strong><a href=\"https:\/\/centros.uepb.edu.br\/ccsa\/download\/programacao\/?wpdmdl=1719&amp;masterkey\">Programa\u00e7\u00e3o<\/a><\/strong><\/li>\n<li><a href=\"https:\/\/drive.google.com\/open?id=13hm5HFrW9k8tsyuvzT33XoVO8yNGx52u\" target=\"_blank\" rel=\"noopener noreferrer\"><strong>Certificados<\/strong><\/a><\/li>\n<li><strong>Registros<\/strong><\/li>\n<li><strong>Homenageados<\/strong><\/li>\n<\/ul>\n<p>[\/vc_column_text][\/vc_column][vc_column width=&#8221;1\/3&#8243;][vc_column_text]<strong>Apoio:<\/strong><\/p>\n<p><a href=\"https:\/\/centros.uepb.edu.br\/ccsa\/files\/2019\/11\/Logo-Sicredi-Creduni_M2.png\"><img loading=\"lazy\" decoding=\"async\" class=\"alignnone size-medium wp-image-1253 img-responsive\" src=\"https:\/\/centros.uepb.edu.br\/ccsa\/files\/2019\/11\/Logo-Sicredi-Creduni_M2-300x82.png\" alt=\"\" width=\"300\" height=\"82\" srcset=\"https:\/\/centros.uepb.edu.br\/ccsa\/files\/2019\/11\/Logo-Sicredi-Creduni_M2-300x82.png 300w, https:\/\/centros.uepb.edu.br\/ccsa\/files\/2019\/11\/Logo-Sicredi-Creduni_M2-768x209.png 768w, https:\/\/centros.uepb.edu.br\/ccsa\/files\/2019\/11\/Logo-Sicredi-Creduni_M2-1024x279.png 1024w, https:\/\/centros.uepb.edu.br\/ccsa\/files\/2019\/11\/Logo-Sicredi-Creduni_M2-370x101.png 370w, https:\/\/centros.uepb.edu.br\/ccsa\/files\/2019\/11\/Logo-Sicredi-Creduni_M2-840x228.png 840w\" sizes=\"auto, (max-width: 300px) 100vw, 300px\" \/><\/a><\/p>\n<p>[\/vc_column_text][\/vc_column][\/vc_row]<\/p>\n<\/div>","protected":false},"excerpt":{"rendered":"<p>[vc_row][vc_column width=&#8221;1\/3&#8243;][vc_column_text][\/vc_column_text][\/vc_column][vc_column width=&#8221;1\/3&#8243;][vc_column_text] Inscri\u00e7\u00f5es Programa\u00e7\u00e3o Certificados Registros Homenageados [\/vc_column_text][\/vc_column][vc_column width=&#8221;1\/3&#8243;][vc_column_text]Apoio: [\/vc_column_text][\/vc_column][\/vc_row]<\/p>\n","protected":false},"author":2,"featured_media":0,"parent":0,"menu_order":0,"comment_status":"closed","ping_status":"closed","template":"","meta":{"jetpack_post_was_ever_published":false,"footnotes":""},"class_list":["post-1248","page","type-page","status-publish","hentry"],"jetpack_sharing_enabled":true,"jetpack_shortlink":"https:\/\/wp.me\/P6eGxq-k8","_links":{"self":[{"href":"https:\/\/centros.uepb.edu.br\/ccsa\/wp-json\/wp\/v2\/pages\/1248","targetHints":{"allow":["GET"]}}],"collection":[{"href":"https:\/\/centros.uepb.edu.br\/ccsa\/wp-json\/wp\/v2\/pages"}],"about":[{"href":"https:\/\/centros.uepb.edu.br\/ccsa\/wp-json\/wp\/v2\/types\/page"}],"author":[{"embeddable":true,"href":"https:\/\/centros.uepb.edu.br\/ccsa\/wp-json\/wp\/v2\/users\/2"}],"replies":[{"embeddable":true,"href":"https:\/\/centros.uepb.edu.br\/ccsa\/wp-json\/wp\/v2\/comments?post=1248"}],"version-history":[{"count":0,"href":"https:\/\/centros.uepb.edu.br\/ccsa\/wp-json\/wp\/v2\/pages\/1248\/revisions"}],"wp:attachment":[{"href":"https:\/\/centros.uepb.edu.br\/ccsa\/wp-json\/wp\/v2\/media?parent=1248"}],"curies":[{"name":"wp","href":"https:\/\/api.w.org\/{rel}","templated":true}]}}