{"id":64,"date":"2012-03-02T18:56:19","date_gmt":"2012-03-02T18:56:19","guid":{"rendered":"http:\/\/centros.ascom.uepb.edu.br\/ccj\/?page_id=64"},"modified":"2025-09-15T21:31:34","modified_gmt":"2025-09-16T00:31:34","slug":"grupos-de-pesquisalinhas-de-pesquisa","status":"publish","type":"page","link":"https:\/\/centros.uepb.edu.br\/ccj\/grupos-de-pesquisalinhas-de-pesquisa\/","title":{"rendered":"Pesquisa\/Extens\u00e3o"},"content":{"rendered":"<div class=\"wpb-content-wrapper\"><p>[vc_row][vc_column][vc_text_separator title=&#8221;Coordenadoras Setoriais de Pesquisa:&#8221; title_align=&#8221;separator_align_left&#8221;][\/vc_column][\/vc_row][vc_row][vc_column width=&#8221;1\/2&#8243;][vc_column_text css=&#8221;&#8221;]INICIA\u00c7\u00c3O CIENT\u00cdFICA (PESQUISA)<\/p>\n<p>A produ\u00e7\u00e3o gerada pela Inicia\u00e7\u00e3o Cient\u00edfica reafirma a voca\u00e7\u00e3o da UEPB para a pesquisa e garante que ela tenha continuidade no futuro. Por conta disso, a UEPB investe recursos nessa modalidade, concedendo bolsas, realizando congressos e estimulando a participa\u00e7\u00e3o de professores e alunos em\u00a0eventos cient\u00edficos.<\/p>\n<p>O Setor de Inicia\u00e7\u00e3o Cient\u00edfica da UEPB coordena o Programa Institucional de Bolsas de Inicia\u00e7\u00e3o Cient\u00edfica (PIBIC), e todas suas modalidades: PIBIC, PIBIC-Af, PIBIC-EM e PIBITI, e tem como objetivos:<\/p>\n<ul>\n<li>Promover a participa\u00e7\u00e3o do discente na produ\u00e7\u00e3o do conhecimento e sua conviv\u00eancia cotidiana com o procedimento cient\u00edfico em suas t\u00e9cnicas, organiza\u00e7\u00e3o e m\u00e9todos;<\/li>\n<li>Despertar voca\u00e7\u00e3o cient\u00edfica e incentivar novos talentos entre estudantes de gradua\u00e7\u00e3o.<\/li>\n<li>Estimular no aluno de gradua\u00e7\u00e3o o pensar cient\u00edfico, cr\u00edtico e criativo;<\/li>\n<li>Estimular uma maior articula\u00e7\u00e3o, por meio da pesquisa, entre a gradua\u00e7\u00e3o e p\u00f3s-gradua\u00e7\u00e3o.<\/li>\n<li>Contribuir para a forma\u00e7\u00e3o de recursos humanos para a pesquisa e redu\u00e7\u00e3o o tempo m\u00e9dio de perman\u00eancia dos alunos na p\u00f3s-gradua\u00e7\u00e3o para titula\u00e7\u00e3o de mestres e doutores.<\/li>\n<li>Estimular pesquisadores produtivos a envolverem alunos de gradua\u00e7\u00e3o nas atividades cient\u00edfica, tecnol\u00f3gica e art\u00edstico-cultural.<\/li>\n<\/ul>\n<p>ACESSO <a href=\"https:\/\/uepb.edu.br\/prpgp\/pesquisa\/iniciacao-cientifica\/\"><strong><span style=\"color: #ff0000\">AQUI<\/span><\/strong><\/a><\/p>\n<p>&nbsp;<\/p>\n<p>EXTENS\u00c3O<\/p>\n<p>&nbsp;<\/p>\n<p><em>\u00a0<strong>Extens\u00e3o Universit\u00e1ria<\/strong>\u00a0\u00e9 um processo educativo, cultural e cient\u00edfico que articula o Ensino e a Pesquisa de forma indissoci\u00e1vel e viabiliza a rela\u00e7\u00e3o transformadora entre Universidade e Sociedade (CORR\u00caA, 2007, 17).<\/em><\/p>\n<p><em>A\u00a0<strong>Universidade Estadual da Para\u00edba<\/strong>\u00a0respaldada no Art. 207 da Constitui\u00e7\u00e3o Federal de 1988, contempla o princ\u00edpio da indissociabilidade do ensino, pesquisa e extens\u00e3o. A pol\u00edtica Nacional de Extens\u00e3o \u00e9 pactuada pelas Institui\u00e7\u00f5es P\u00fablicas de Ensino Superior (IPES), reunidas no Encontro Nacional do\u00a0FORPROEX\u00a0(F\u00f3rum de Pr\u00f3-reitores de Extens\u00e3o das Universidades P\u00fablicas Brasileiras), tendo como documento referencial o Plano Nacional de Extens\u00e3o, publicado em novembro de 1999.<\/em><\/p>\n<p><em>Dentro desta perspectiva, a\u00a0<strong>Pr\u00f3-Reitoria de Extens\u00e3o\u00a0da\u00a0UEPB<\/strong>,\u00a0desenvolve:<\/em><\/p>\n<p><strong>I \u2013 Programas<\/strong><br \/>\n<strong>II- Projetos<\/strong><br \/>\n<strong>III \u2013 Cursos e Minicursos de Extens\u00e3o<\/strong><br \/>\n<strong>IV \u2013 Eventos<\/strong><br \/>\n<strong>V \u2013 Presta\u00e7\u00e3o de Servi\u00e7os<\/strong><br \/>\n<strong>VI \u2013 Produ\u00e7\u00e3o e Publica\u00e7\u00e3o<\/strong><\/p>\n<p><strong>I \u2013<\/strong>\u00a0<strong>Programa:<\/strong>\u00a0Um conjunto articulado de Projetos e outras A\u00e7\u00f5es de Extens\u00e3o (Cursos, Eventos, e Presta\u00e7\u00e3o de Servi\u00e7o), preferencialmente integrados ao ensino e a pesquisa, e essencialmente caracterizando-se pela articula\u00e7\u00e3o de diferentes departamentos e\/ou diferentes centros. Tem o car\u00e1ter org\u00e2nico-institucional, clareza de diretrizes e orienta\u00e7\u00e3o para um objetivo comum, sendo executado a m\u00e9dio e longo prazo.<br \/>\n<strong>II \u2013 Projeto:<\/strong>\u00a0A\u00e7\u00e3o processual e cont\u00ednua, de car\u00e1ter educativo, social, cultural, cient\u00edfico ou tecnol\u00f3gico, com objetivo espec\u00edfico e prazo determinado.<br \/>\n<strong>III- Curso e Minicursos de Extens\u00e3o:<\/strong>\u00a0A\u00e7\u00e3o pedag\u00f3gica, de car\u00e1ter te\u00f3rico e\/ou pr\u00e1tico, presencial ou a dist\u00e2ncia, planejada e organizada de modo sistem\u00e1tico, com carga hor\u00e1ria m\u00ednima de 8 horas e crit\u00e9rios de avalia\u00e7\u00e3o definidos.<br \/>\n<strong>IV- Evento:<\/strong>\u00a0A\u00e7\u00e3o que implica na apresenta\u00e7\u00e3o e\/ou exibi\u00e7\u00e3o p\u00fablica, livre ou com clientela especifica, do conhecimento ou produto cultural, art\u00edstico, esportivo, cientifico e tecnol\u00f3gico desenvolvido, conservado ou reconhecido pela Universidade.<br \/>\n<strong>V- Presta\u00e7\u00e3o de Servi\u00e7o:<\/strong>\u00a0Realiza\u00e7\u00e3o de trabalho oferecido pela Institui\u00e7\u00e3o de Educa\u00e7\u00e3o Superior ou contratado por terceiros (comunidade, empresa, \u00f3rg\u00e3o p\u00fablico, etc.); a presta\u00e7\u00e3o de servi\u00e7os se caracteriza por intangibilidade, inseparabilidade processo\/produto e n\u00e3o resulta na posse de um bem.<br \/>\n<strong>VI \u2013 Produ\u00e7\u00e3o e Publica\u00e7\u00e3o:<\/strong>\u00a0Caracterizam-se como produto de extens\u00e3o, as produ\u00e7\u00f5es das atividades desenvolvidas no \u00e2mbito da a\u00e7\u00e3o de extens\u00e3o. S\u00e3o consideradas as publica\u00e7\u00f5es e os produtos de car\u00e1ter social, cultural, cient\u00edfico ou tecnol\u00f3gico, divulgados e difundidos na sociedade.<\/p>\n<p>&nbsp;<\/p>\n<p>EDITAIS Probex &#8211; acesse <strong><span style=\"color: #ff0000\"><a style=\"color: #ff0000\" href=\"https:\/\/uepb.edu.br\/proex\/editais\/\">AQUI<\/a><\/span><\/strong><\/p>\n<p>&nbsp;<\/p>\n<p>PROJETOS DE EXTENSAO CCJ &#8211; 2025\/2026. Acesse <a href=\"https:\/\/docs.google.com\/spreadsheets\/d\/1hYYwuN8tq6Aut4m3LHCH_nZjqtEHWRxf7Uc_E3zZrJw\/edit?usp=sharing\"><strong><span style=\"color: #ff0000\">AQUI.<\/span><\/strong><\/a><\/p>\n<p>&nbsp;<\/p>\n<h6><\/h6>\n<p>[\/vc_column_text][\/vc_column][vc_column width=&#8221;1\/2&#8243;][vc_column_text css=&#8221;&#8221;]<strong>Pr\u00f3-Reitoria de P\u00f3s-Gradua\u00e7\u00e3o e Pesquisa &#8211; <a href=\"http:\/\/proreitorias.uepb.edu.br\/prpgp\/iniciacao-cientifica\/\" target=\"_blank\" rel=\"noopener\">PRPGP<\/a><\/strong><\/p>\n<p><em><strong>E-mails<\/strong><\/em><br \/>\n<em>PIBIC<\/em>: pibic@setor.uepb.edu.br<br \/>\n<em>PIVIC<\/em>: epibic2018@gmail.com<\/p>\n<p><strong>Telefone<\/strong><br \/>\n(83) 3315-3362<\/p>\n<p>&nbsp;<\/p>\n<p><strong>Pr\u00f3-reitoria de EXTENS\u00c3O &#8211; PROEX<\/strong><\/p>\n<p><strong>E-mail:<\/strong>\u00a0proex@setor.uepb.edu.br<br \/>\n<strong>Instagram:\u00a0<\/strong><a href=\"https:\/\/www.instagram.com\/proex_uepb\/\">https:\/\/www.instagram.com\/proex_uepb\/<\/a><br \/>\n<strong>Facebook:\u00a0<\/strong><a href=\"https:\/\/www.facebook.com\/proreitoriadeextensaodauepb.proex.5\">https:\/\/www.facebook.com\/proreitoriadeextensaodauepb.proex.5<\/a><\/p>\n<p>[\/vc_column_text][\/vc_column][\/vc_row][vc_row][vc_column][vc_separator css=&#8221;.vc_custom_1654140533754{margin-top: 20px !important;}&#8221;][vc_column_text]<strong>Linhas Tem\u00e1ticas<\/strong><\/p>\n<p><strong>Estado, direitos fundamentais e legitima\u00e7\u00e3o judicial:<\/strong><\/p>\n<ul>\n<li>Estado e dom\u00ednio econ\u00f4mico;<\/li>\n<li>Estado e modelo constitucional;<\/li>\n<li>Estado e pol\u00edtica tribut\u00e1ria;<\/li>\n<\/ul>\n<p><strong>Interesses metaindividuais:<\/strong><\/p>\n<ul>\n<li>A prote\u00e7\u00e3o dos consumidores na sociedade tecnol\u00f3gica;<\/li>\n<li>Direito ambiental e cidadania: avalia\u00e7\u00e3o cr\u00edtica e efetividade;<\/li>\n<li>Interesses metaindividuais e cidadania;<\/li>\n<\/ul>\n<p><strong>Novos paradigmas constitucionais:<\/strong><\/p>\n<ul>\n<li>Constitui\u00e7\u00e3o, exclus\u00e3o social e efic\u00e1cia dos direitos fundamentais;<\/li>\n<li>Fontes do Direito, controle de constitucionalidade e separa\u00e7\u00e3o dos poderes.<\/li>\n<\/ul>\n<p><strong>Direito, tecnologia e realidade social: paradoxos, desafios e alternativas:<\/strong><\/p>\n<ul>\n<li>Bio\u00e9tica e Direitos Humanos;<\/li>\n<li>Viol\u00eancia urbana e pol\u00edticas sociais de manuten\u00e7\u00e3o da ordem;<\/li>\n<li>Criminalidade violenta, incluindo grupos suscet\u00edveis de vulnerabilidade.<\/li>\n<\/ul>\n<p><strong>Direito e Novas Tecnologias:<\/strong><\/p>\n<ul>\n<li>Ci\u00eancias Criminais e Novas Tecnologias;<\/li>\n<li>Acesso \u00e0 Justi\u00e7a, Tecnologia da Informa\u00e7\u00e3o e Solu\u00e7\u00e3o de Conflitos;<\/li>\n<li>Transforma\u00e7\u00f5es das Rela\u00e7\u00f5es Privadas em Meios Eletr\u00f4nicos;<\/li>\n<li>E-democracia, E-Governo e Participa\u00e7\u00e3o Popular.<\/li>\n<\/ul>\n<p>[\/vc_column_text][\/vc_column][\/vc_row]<\/p>\n<\/div>","protected":false},"excerpt":{"rendered":"<p>[vc_row][vc_column][vc_text_separator title=&#8221;Coordenadoras Setoriais de Pesquisa:&#8221; title_align=&#8221;separator_align_left&#8221;][\/vc_column][\/vc_row][vc_row][vc_column width=&#8221;1\/2&#8243;][vc_column_text css=&#8221;&#8221;]INICIA\u00c7\u00c3O CIENT\u00cdFICA (PESQUISA) A produ\u00e7\u00e3o gerada pela Inicia\u00e7\u00e3o Cient\u00edfica reafirma a voca\u00e7\u00e3o da UEPB para a pesquisa e garante que ela tenha continuidade no futuro. Por conta disso, a UEPB investe recursos nessa modalidade, concedendo bolsas, realizando congressos e estimulando a participa\u00e7\u00e3o de professores e alunos em\u00a0eventos cient\u00edficos. <a class=\"leiamais\" href=\"https:\/\/centros.uepb.edu.br\/ccj\/grupos-de-pesquisalinhas-de-pesquisa\/\">Leia Mais&#8230;<\/a><\/p>\n","protected":false},"author":26,"featured_media":0,"parent":0,"menu_order":17,"comment_status":"open","ping_status":"open","template":"","meta":{"footnotes":""},"class_list":["post-64","page","type-page","status-publish","hentry"],"jetpack_sharing_enabled":true,"jetpack_shortlink":"https:\/\/wp.me\/P7WTDo-12","_links":{"self":[{"href":"https:\/\/centros.uepb.edu.br\/ccj\/wp-json\/wp\/v2\/pages\/64","targetHints":{"allow":["GET"]}}],"collection":[{"href":"https:\/\/centros.uepb.edu.br\/ccj\/wp-json\/wp\/v2\/pages"}],"about":[{"href":"https:\/\/centros.uepb.edu.br\/ccj\/wp-json\/wp\/v2\/types\/page"}],"author":[{"embeddable":true,"href":"https:\/\/centros.uepb.edu.br\/ccj\/wp-json\/wp\/v2\/users\/26"}],"replies":[{"embeddable":true,"href":"https:\/\/centros.uepb.edu.br\/ccj\/wp-json\/wp\/v2\/comments?post=64"}],"version-history":[{"count":3,"href":"https:\/\/centros.uepb.edu.br\/ccj\/wp-json\/wp\/v2\/pages\/64\/revisions"}],"predecessor-version":[{"id":2588,"href":"https:\/\/centros.uepb.edu.br\/ccj\/wp-json\/wp\/v2\/pages\/64\/revisions\/2588"}],"wp:attachment":[{"href":"https:\/\/centros.uepb.edu.br\/ccj\/wp-json\/wp\/v2\/media?parent=64"}],"curies":[{"name":"wp","href":"https:\/\/api.w.org\/{rel}","templated":true}]}}