{"id":26,"date":"2012-03-02T16:29:24","date_gmt":"2012-03-02T16:29:24","guid":{"rendered":"http:\/\/centros.ascom.uepb.edu.br\/cct\/?page_id=26"},"modified":"2024-08-20T09:38:07","modified_gmt":"2024-08-20T12:38:07","slug":"objetivos","status":"publish","type":"page","link":"https:\/\/centros.uepb.edu.br\/ccj\/objetivos\/","title":{"rendered":"Objetivos"},"content":{"rendered":"<p><strong>Objetivo Geral<\/strong><\/p>\n<p>O Curso de Direito da Universidade Estadual da Para\u00edba \u2013 UEPB, Campus I, busca a forma\u00e7\u00e3o de bachar\u00e9is socialmente respons\u00e1veis, de modo a promover a cidadania, o bem-estar, o respeito aos direitos humanos, a solidariedade e o Estado Democr\u00e1tico de Direito, tudo isso sempre procurando a condi\u00e7\u00e3o de legitimidade inerente \u00e0 Dignidade da Pessoa Humana. Nessa perspectiva, o Curso possui natureza transdisciplinar, articulando teoria e praxis, almejando uma efetiva autonomia profissional. Com efeito, reiteramos a indissociabilidade das atividades de ensino, pesquisa e extens\u00e3o, enfocando as necessidades sociais particulares de nossa Regi\u00e3o, possibilitando assim o atendimento de um razo\u00e1vel contingente populacional, com as metas de preserva\u00e7\u00e3o e esclarecimento de seus direitos e deveres como cidad\u00e3os brasileiros, cientes da natureza de uma institui\u00e7\u00e3o p\u00fablica que tem o seu compromisso maior com a popula\u00e7\u00e3o que a prov\u00ea.<\/p>\n<p><strong>Objetivos Espec\u00edficos<\/strong><\/p>\n<ul>\n<li>Desenvolver nos profissionais a capacidade de diagnosticar e enfrentar os desafios da realidade s\u00f3cio-econ\u00f4mica e jur\u00eddica com racioc\u00ednio l\u00f3gico, independente e an\u00e1lise cr\u00edtica;<\/li>\n<li>Atuar com sensibilidade e compet\u00eancia para adequar o conhecimento jur\u00eddico \u00e0 solu\u00e7\u00e3o de problemas para os quais a legisla\u00e7\u00e3o ainda n\u00e3o oferece respostas;<\/li>\n<li>Fomentar o desenvolvimento de habilidades e pr\u00e1ticas que capacitem o bacharel ao desenvolvimento de pol\u00edticas p\u00fablicas voltadas \u00e0 democratiza\u00e7\u00e3o do acesso \u00e0 Justi\u00e7a;<\/li>\n<li>Oportunizar ao discente a vivenciar a problem\u00e1tica jur\u00eddica, articulando teoria e pr\u00e1tica, bem como associando a sala de aula \u00e0 pesquisa, extens\u00e3o, est\u00e1gios (simulados e reais) e atividades complementares desenvolvidas ao longo do Curso;<\/li>\n<li>Aprimorar no educando o cabedal de conhecimentos no contexto das ci\u00eancias sociais, da economia e da filosofia no sentido de lhe possibilitar o entendimento da origem, finalidade e como se relacionam os mais variados institutos jur\u00eddicos e afins;<\/li>\n<li>Desenvolver estrat\u00e9gias te\u00f3ricas e metodol\u00f3gicas que permitam a supera\u00e7\u00e3o dos limites da vers\u00e3o essencialmente dogm\u00e1tica da Ci\u00eancia do Direito;<\/li>\n<li>Favorecer a forma\u00e7\u00e3o do Bacharel em Direito, dando-lhe uma vis\u00e3o meta-jur\u00eddica, como o intuito torn\u00e1-lo apto para atuar como um jurista dotado de consci\u00eancia independente e reflex\u00e3o cr\u00edtica, sendo um agente transformador do contexto em que vive e atua, atrav\u00e9s de uma pr\u00e1xis \u00e9tico-human\u00edstica, comprometida com a ci\u00eancia, a dignidade da pessoa humana, a paz, a cidadania, as pol\u00edticas dos direitos humanos e a efetiva aplica\u00e7\u00e3o da Justi\u00e7a;<\/li>\n<li>Otimizar mecanismos did\u00e1tico-metodol\u00f3gicos que favore\u00e7am a implementa\u00e7\u00e3o da estrutura curricular com base em uma perspectiva interdisciplinar, capaz de propiciar ao egresso uma vis\u00e3o cr\u00edtica e ampla do fen\u00f4meno jur\u00eddico, como tamb\u00e9m habilit\u00e1-lo profissionalmente por meio de um racioc\u00ednio adequado \u00e0 aplica\u00e7\u00e3o do Direito em face das particularidades presentes na realidade s\u00f3cio-econ\u00f4mica brasileira, caracterizada por desigualdades, vulnerabilidades, discrimina\u00e7\u00f5es, preconceitos car\u00eancia de aplicabilidade eficaz de direitos sociais, entre outros aspectos.<\/li>\n<\/ul>\n<p>&nbsp;<\/p>\n","protected":false},"excerpt":{"rendered":"<p>Objetivo Geral O Curso de Direito da Universidade Estadual da Para\u00edba \u2013 UEPB, Campus I, busca a forma\u00e7\u00e3o de bachar\u00e9is socialmente respons\u00e1veis, de modo a promover a cidadania, o bem-estar, o respeito aos direitos humanos, a solidariedade e o Estado Democr\u00e1tico de Direito, tudo isso sempre procurando a condi\u00e7\u00e3o de legitimidade inerente \u00e0 Dignidade da <a class=\"leiamais\" href=\"https:\/\/centros.uepb.edu.br\/ccj\/objetivos\/\">Leia Mais&#8230;<\/a><\/p>\n","protected":false},"author":20,"featured_media":0,"parent":0,"menu_order":19,"comment_status":"open","ping_status":"open","template":"","meta":{"jetpack_post_was_ever_published":false,"footnotes":""},"class_list":["post-26","page","type-page","status-publish","hentry"],"jetpack_sharing_enabled":true,"jetpack_shortlink":"https:\/\/wp.me\/P7WTDo-q","_links":{"self":[{"href":"https:\/\/centros.uepb.edu.br\/ccj\/wp-json\/wp\/v2\/pages\/26","targetHints":{"allow":["GET"]}}],"collection":[{"href":"https:\/\/centros.uepb.edu.br\/ccj\/wp-json\/wp\/v2\/pages"}],"about":[{"href":"https:\/\/centros.uepb.edu.br\/ccj\/wp-json\/wp\/v2\/types\/page"}],"author":[{"embeddable":true,"href":"https:\/\/centros.uepb.edu.br\/ccj\/wp-json\/wp\/v2\/users\/20"}],"replies":[{"embeddable":true,"href":"https:\/\/centros.uepb.edu.br\/ccj\/wp-json\/wp\/v2\/comments?post=26"}],"version-history":[{"count":0,"href":"https:\/\/centros.uepb.edu.br\/ccj\/wp-json\/wp\/v2\/pages\/26\/revisions"}],"wp:attachment":[{"href":"https:\/\/centros.uepb.edu.br\/ccj\/wp-json\/wp\/v2\/media?parent=26"}],"curies":[{"name":"wp","href":"https:\/\/api.w.org\/{rel}","templated":true}]}}

<p><strong>Objetivo Geral</strong></p>
<p>O Curso de Direito da Universidade Estadual da Paraíba – UEPB, Campus I, busca a formação de bacharéis socialmente responsáveis, de modo a promover a cidadania, o bem-estar, o respeito aos direitos humanos, a solidariedade e o Estado Democrático de Direito, tudo isso sempre procurando a condição de legitimidade inerente à Dignidade da Pessoa Humana. Nessa perspectiva, o Curso possui natureza transdisciplinar, articulando teoria e praxis, almejando uma efetiva autonomia profissional. Com efeito, reiteramos a indissociabilidade das atividades de ensino, pesquisa e extensão, enfocando as necessidades sociais particulares de nossa Região, possibilitando assim o atendimento de um razoável contingente populacional, com as metas de preservação e esclarecimento de seus direitos e deveres como cidadãos brasileiros, cientes da natureza de uma instituição pública que tem o seu compromisso maior com a população que a provê.</p>
<p><strong>Objetivos Específicos</strong></p>
<ul>
<li>Desenvolver nos profissionais a capacidade de diagnosticar e enfrentar os desafios da realidade sócio-econômica e jurídica com raciocínio lógico, independente e análise crítica;</li>
<li>Atuar com sensibilidade e competência para adequar o conhecimento jurídico à solução de problemas para os quais a legislação ainda não oferece respostas;</li>
<li>Fomentar o desenvolvimento de habilidades e práticas que capacitem o bacharel ao desenvolvimento de políticas públicas voltadas à democratização do acesso à Justiça;</li>
<li>Oportunizar ao discente a vivenciar a problemática jurídica, articulando teoria e prática, bem como associando a sala de aula à pesquisa, extensão, estágios (simulados e reais) e atividades complementares desenvolvidas ao longo do Curso;</li>
<li>Aprimorar no educando o cabedal de conhecimentos no contexto das ciências sociais, da economia e da filosofia no sentido de lhe possibilitar o entendimento da origem, finalidade e como se relacionam os mais variados institutos jurídicos e afins;</li>
<li>Desenvolver estratégias teóricas e metodológicas que permitam a superação dos limites da versão essencialmente dogmática da Ciência do Direito;</li>
<li>Favorecer a formação do Bacharel em Direito, dando-lhe uma visão meta-jurídica, como o intuito torná-lo apto para atuar como um jurista dotado de consciência independente e reflexão crítica, sendo um agente transformador do contexto em que vive e atua, através de uma práxis ético-humanística, comprometida com a ciência, a dignidade da pessoa humana, a paz, a cidadania, as políticas dos direitos humanos e a efetiva aplicação da Justiça;</li>
<li>Otimizar mecanismos didático-metodológicos que favoreçam a implementação da estrutura curricular com base em uma perspectiva interdisciplinar, capaz de propiciar ao egresso uma visão crítica e ampla do fenômeno jurídico, como também habilitá-lo profissionalmente por meio de um raciocínio adequado à aplicação do Direito em face das particularidades presentes na realidade sócio-econômica brasileira, caracterizada por desigualdades, vulnerabilidades, discriminações, preconceitos carência de aplicabilidade eficaz de direitos sociais, entre outros aspectos.</li>
</ul>
<p>&nbsp;</p>

<p>Objetivo Geral O Curso de Direito da Universidade Estadual da Paraíba – UEPB, Campus I, busca a formação de bacharéis socialmente responsáveis, de modo a promover a cidadania, o bem-estar, o respeito aos direitos humanos, a solidariedade e o Estado Democrático de Direito, tudo isso sempre procurando a condição de legitimidade inerente à Dignidade da <a class="leiamais" href="https://centros.uepb.edu.br/ccj/objetivos/">Leia Mais&#8230;</a></p>
