{"id":1989,"date":"2022-06-02T12:52:08","date_gmt":"2022-06-02T15:52:08","guid":{"rendered":"https:\/\/centros.uepb.edu.br\/ccj\/?page_id=1989"},"modified":"2024-08-22T10:47:21","modified_gmt":"2024-08-22T13:47:21","slug":"home","status":"publish","type":"page","link":"https:\/\/centros.uepb.edu.br\/ccj\/","title":{"rendered":"Home"},"content":{"rendered":"<div class=\"wpb-content-wrapper\"><p>[vc_row gap=&#8221;30&#8243;][vc_column width=&#8221;3\/4&#8243; el_class=&#8221;conf-azul&#8221;][vc_text_separator title=&#8221;Not\u00edcias&#8221; i_icon_fontawesome=&#8221;fas fa-newspaper&#8221; i_color=&#8221;custom&#8221; i_size=&#8221;sm&#8221; title_align=&#8221;separator_align_left&#8221; add_icon=&#8221;true&#8221; i_custom_color=&#8221;#2d95bf&#8221;]<div class=\"mdl-grid\"><div class=\"mdl-cell--12-col bloco-noticias\"><div class=\"titulo-noticia-widget\"><a href=\"https:\/\/uepb.edu.br\/em-campina-grande-projeto-de-extensao-realiza-formacao-sobre-violencia-contra-a-mulher-no-ifpb\/\" target=\"_blank\"><h3 class=\"titulo-destaque-noticia\">Em Campina Grande: projeto de extens\u00e3o realiza forma\u00e7\u00e3o sobre viol\u00eancia contra a mulher no IFPB<\/h3><\/a><\/div><div class=\"titulo-noticia-widget\"><a href=\"https:\/\/uepb.edu.br\/universidade-estadual-da-paraiba-lamenta-falecimento-de-estudante-do-centro-de-ciencias-juridicas\/\" target=\"_blank\"><h3 class=\"titulo-destaque-noticia\">Universidade Estadual da Para\u00edba lamenta falecimento de estudante do Centro de Ci\u00eancias Jur\u00eddicas<\/h3><\/a><\/div><div class=\"titulo-noticia-widget\"><a href=\"https:\/\/uepb.edu.br\/centro-de-ciencias-juridicas-sedia-3o-encontro-de-professores-e-pesquisadores-em-direito-internacional\/\" target=\"_blank\"><h3 class=\"titulo-destaque-noticia\">Centro de Ci\u00eancias Jur\u00eddicas sedia 3\u00ba Encontro de Professores e Pesquisadores em Direito Internacional<\/h3><\/a><\/div><div class=\"titulo-noticia-widget\"><a href=\"https:\/\/uepb.edu.br\/editora-da-universidade-estadual-da-paraiba-lanca-livro-sobre-bicentenario-dos-cursos-juridicos-no-brasil\/\" target=\"_blank\"><h3 class=\"titulo-destaque-noticia\">Editora da Universidade Estadual da Para\u00edba lan\u00e7a livro sobre bicenten\u00e1rio dos cursos jur\u00eddicos no Brasil<\/h3><\/a><\/div><div class=\"titulo-noticia-widget\"><a href=\"https:\/\/uepb.edu.br\/jogos-universitarios-brasileiros-de-praia-2025-uepb-conquista-quatro-medalhas-no-beach-wrestling\/\" target=\"_blank\"><h3 class=\"titulo-destaque-noticia\">Jogos Universit\u00e1rios Brasileiros de Praia 2025: UEPB conquista quatro medalhas no Beach Wrestling<\/h3><\/a><\/div><div class=\"titulo-noticia-widget\"><a href=\"https:\/\/uepb.edu.br\/uepb-participa-dos-jogos-universitarios-brasileiros-de-praia-2025-com-equipe-de-beach-wrestling\/\" target=\"_blank\"><h3 class=\"titulo-destaque-noticia\">UEPB participa dos Jogos Universit\u00e1rios Brasileiros de Praia 2025 com equipe de Beach Wrestling<\/h3><\/a><\/div><\/div><\/div>[\/vc_column][vc_column width=&#8221;1\/4&#8243;][vc_btn title=&#8221;Documentos gerais&#8221; shape=&#8221;square&#8221; color=&#8221;primary&#8221; size=&#8221;lg&#8221; align=&#8221;left&#8221; css=&#8221;.vc_custom_1724330803740{margin-bottom: 5px !important;}&#8221; button_block=&#8221;true&#8221; link=&#8221;url:https%3A%2F%2Fcentros.uepb.edu.br%2Fccj%2Fdocumentos%2F|title:Arquivos%20para%20Download&#8221;][vc_btn title=&#8221;Hor\u00e1rios&#8221; shape=&#8221;square&#8221; color=&#8221;info&#8221; size=&#8221;lg&#8221; align=&#8221;left&#8221; css=&#8221;.vc_custom_1724330817481{margin-bottom: 5px !important;}&#8221; button_block=&#8221;true&#8221; link=&#8221;url:https%3A%2F%2Fcentros.uepb.edu.br%2Fccj%2Fhorarios%2F|title:Arquivos%20para%20Download&#8221;][vc_btn title=&#8221;TCC&#8221; shape=&#8221;square&#8221; color=&#8221;sky&#8221; size=&#8221;lg&#8221; align=&#8221;left&#8221; css=&#8221;.vc_custom_1724330831131{margin-bottom: 5px !important;}&#8221; button_block=&#8221;true&#8221; link=&#8221;url:https%3A%2F%2Fcentros.uepb.edu.br%2Fccj%2Ftcc-2020-1%2F|title:Arquivos%20para%20Download&#8221;][vc_btn title=&#8221;Instagram CCJ&#8221; shape=&#8221;square&#8221; color=&#8221;blue&#8221; size=&#8221;lg&#8221; align=&#8221;left&#8221; css=&#8221;.vc_custom_1724334536147{margin-bottom: 5px !important;}&#8221; button_block=&#8221;true&#8221; link=&#8221;url:https%3A%2F%2Fwww.instagram.com%2Fccjuepb%2F|title:Arquivos%20para%20Download|rel:nofollow&#8221;][\/vc_column][\/vc_row]<\/p>\n<\/div>","protected":false},"excerpt":{"rendered":"<p>[vc_row gap=&#8221;30&#8243;][vc_column width=&#8221;3\/4&#8243; el_class=&#8221;conf-azul&#8221;][vc_text_separator title=&#8221;Not\u00edcias&#8221; i_icon_fontawesome=&#8221;fas fa-newspaper&#8221; i_color=&#8221;custom&#8221; i_size=&#8221;sm&#8221; title_align=&#8221;separator_align_left&#8221; add_icon=&#8221;true&#8221; i_custom_color=&#8221;#2d95bf&#8221;][\/vc_column][vc_column width=&#8221;1\/4&#8243;][vc_btn title=&#8221;Documentos gerais&#8221; shape=&#8221;square&#8221; color=&#8221;primary&#8221; size=&#8221;lg&#8221; align=&#8221;left&#8221; css=&#8221;.vc_custom_1724330803740{margin-bottom: 5px !important;}&#8221; button_block=&#8221;true&#8221; link=&#8221;url:https%3A%2F%2Fcentros.uepb.edu.br%2Fccj%2Fdocumentos%2F|title:Arquivos%20para%20Download&#8221;][vc_btn title=&#8221;Hor\u00e1rios&#8221; shape=&#8221;square&#8221; color=&#8221;info&#8221; size=&#8221;lg&#8221; align=&#8221;left&#8221; css=&#8221;.vc_custom_1724330817481{margin-bottom: 5px !important;}&#8221; button_block=&#8221;true&#8221; link=&#8221;url:https%3A%2F%2Fcentros.uepb.edu.br%2Fccj%2Fhorarios%2F|title:Arquivos%20para%20Download&#8221;][vc_btn title=&#8221;TCC&#8221; shape=&#8221;square&#8221; color=&#8221;sky&#8221; size=&#8221;lg&#8221; align=&#8221;left&#8221; css=&#8221;.vc_custom_1724330831131{margin-bottom: 5px !important;}&#8221; button_block=&#8221;true&#8221; link=&#8221;url:https%3A%2F%2Fcentros.uepb.edu.br%2Fccj%2Ftcc-2020-1%2F|title:Arquivos%20para%20Download&#8221;][vc_btn title=&#8221;Instagram CCJ&#8221; shape=&#8221;square&#8221; color=&#8221;blue&#8221; size=&#8221;lg&#8221; align=&#8221;left&#8221; css=&#8221;.vc_custom_1724334536147{margin-bottom: 5px !important;}&#8221; button_block=&#8221;true&#8221; link=&#8221;url:https%3A%2F%2Fwww.instagram.com%2Fccjuepb%2F|title:Arquivos%20para%20Download|rel:nofollow&#8221;][\/vc_column][\/vc_row]<\/p>\n","protected":false},"author":29,"featured_media":0,"parent":0,"menu_order":1,"comment_status":"closed","ping_status":"closed","template":"","meta":{"jetpack_post_was_ever_published":false,"footnotes":""},"class_list":["post-1989","page","type-page","status-publish","hentry"],"jetpack_sharing_enabled":true,"jetpack_shortlink":"https:\/\/wp.me\/P7WTDo-w5","_links":{"self":[{"href":"https:\/\/centros.uepb.edu.br\/ccj\/wp-json\/wp\/v2\/pages\/1989","targetHints":{"allow":["GET"]}}],"collection":[{"href":"https:\/\/centros.uepb.edu.br\/ccj\/wp-json\/wp\/v2\/pages"}],"about":[{"href":"https:\/\/centros.uepb.edu.br\/ccj\/wp-json\/wp\/v2\/types\/page"}],"author":[{"embeddable":true,"href":"https:\/\/centros.uepb.edu.br\/ccj\/wp-json\/wp\/v2\/users\/29"}],"replies":[{"embeddable":true,"href":"https:\/\/centros.uepb.edu.br\/ccj\/wp-json\/wp\/v2\/comments?post=1989"}],"version-history":[{"count":0,"href":"https:\/\/centros.uepb.edu.br\/ccj\/wp-json\/wp\/v2\/pages\/1989\/revisions"}],"wp:attachment":[{"href":"https:\/\/centros.uepb.edu.br\/ccj\/wp-json\/wp\/v2\/media?parent=1989"}],"curies":[{"name":"wp","href":"https:\/\/api.w.org\/{rel}","templated":true}]}}