{"id":4,"date":"2011-08-15T18:31:00","date_gmt":"2011-08-15T21:31:00","guid":{"rendered":"http:\/\/centros.ascom.uepb.edu.br\/cche\/?page_id=4"},"modified":"2026-04-10T16:28:57","modified_gmt":"2026-04-10T19:28:57","slug":"sobre","status":"publish","type":"page","link":"https:\/\/centros.uepb.edu.br\/cche\/sobre\/","title":{"rendered":"Sobre"},"content":{"rendered":"<div class=\"wpb-content-wrapper\"><p>[vc_row][vc_column][vc_text_separator title=&#8221;Bem Vindos ao CCHE&#8221; i_icon_fontawesome=&#8221;fas fa-graduation-cap&#8221; i_color=&#8221;custom&#8221; title_align=&#8221;separator_align_left&#8221; border_width=&#8221;3&#8243; add_icon=&#8221;true&#8221; i_custom_color=&#8221;#dd3333&#8243;][vc_row_inner][vc_column_inner width=&#8221;2\/5&#8243;][vc_column_text css=&#8221;&#8221;]<\/p>\n<h3>DIRETOR<\/h3>\n<p><b>Prof. Dr. JOS\u00c9 LUIZ CAVALCANTE<\/b><\/p>\n<h3>DIRETOR ADJUNTO<\/h3>\n<p><b>Prof. Me. JOS\u00c9 HILTON SANTOS AGUIAR<\/b><\/p>\n<h3>SECRET\u00c1RIA<\/h3>\n<p><b>ALANA CARLOS CAMPOS DE ALMEIDA<\/b><\/p>\n<h3>ASSISTENTES ADMINISTRATIVOS<\/h3>\n<p><b>BRUNO HENRIQUE BEZERRA DE FREITAS<\/b><br \/>\n<b>\u00c9DERSON DA SILVA BEZERRA<\/b><\/p>\n<h3>T\u00c9CNICO DE INFORM\u00c1TICA<\/h3>\n<p><b>JOS\u00c9 DOMINGOS DE OLIVEIRA NETO<\/b>[\/vc_column_text][vc_empty_space][vc_text_separator title=&#8221;CONTATOS&#8221; title_align=&#8221;separator_align_left&#8221;][vc_column_text]<b>Telefones:<\/b> (83) 3351-2970 \/ (83) 3351-2348<\/p>\n<p><b>E-mail:<\/b> cche@setor.uepb.edu.br[\/vc_column_text][\/vc_column_inner][vc_column_inner width=&#8221;3\/5&#8243;][vc_gallery interval=&#8221;3&#8243; images=&#8221;3951,3906,3953,4210&#8243; img_size=&#8221;full&#8221; onclick=&#8221;&#8221;][vc_video link=&#8221;https:\/\/youtu.be\/sTyrjZDmv8w&#8221; css=&#8221;&#8221; title=&#8221;UEPB Campus VI: 18 Anos de Educa\u00e7\u00e3o, Inova\u00e7\u00e3o e Transforma\u00e7\u00e3o&#8221;][\/vc_column_inner][\/vc_row_inner][\/vc_column][\/vc_row][vc_row][vc_column][vc_text_separator title=&#8221;Mais Informa\u00e7\u00f5es&#8221; i_icon_fontawesome=&#8221;fas fa-info&#8221; i_color=&#8221;custom&#8221; title_align=&#8221;separator_align_left&#8221; border_width=&#8221;3&#8243; add_icon=&#8221;true&#8221; i_custom_color=&#8221;#dd3333&#8243;][vc_column_text css=&#8221;&#8221;]H\u00e1 18 anos mantemos o nosso objetivo de ser um centro formador de profissionais comprometidos, qualificados e preparados para o mercado de trabalho e os desafios pessoais. Mas, a nossa voca\u00e7\u00e3o vai muito al\u00e9m do ensino, pesquisa e extens\u00e3o. Buscamos proporcionar, mediante o conv\u00edvio sadio em nosso campus, a\u00e7\u00f5es culturais relevantes, atendendo ao princ\u00edpio da educa\u00e7\u00e3o p\u00fablica, de qualidade e alicer\u00e7ada no respeito \u00e0 diversidade e pluralidade cultural que nos constitui.<\/p>\n<p>Outro aspecto que torna mais singular a presen\u00e7a do CCHE na regi\u00e3o do Cariri Ocidental \u00e9 a rela\u00e7\u00e3o com os tra\u00e7os da cultura popular que mobilizam e d\u00e3o vaz\u00e3o a diversas manifesta\u00e7\u00f5es culturais diante das quais o campus Monteiro tem despontado como polo aglutinador a partir das a\u00e7\u00f5es e parcerias realizadas pelo N\u00facleo de Arte e Cultura Zab\u00e9 da Loca.<\/p>\n<p>Hoje, com 698 alunos, 48 docentes, 13 servidores t\u00e9cnico-administrativos, 3 profissionais respons\u00e1veis pela manuten\u00e7\u00e3o da infraestrutura e 12 profissionais respons\u00e1veis pela limpeza, o Centro de Ci\u00eancias Humanas e Exatas, campus Monteiro, abriga os Cursos de Ci\u00eancias Cont\u00e1beis, Licenciatura Plena em Letras Portugu\u00eas, Licenciatura Plena em Letras Espanhol e Licenciatura Plena em Matem\u00e1tica da Universidade Estadual da Para\u00edba.<\/p>\n<p>A cidade de Monteiro\/PB era uma \u00e1rea de fazendeiros e criadores de gado. No final do s\u00e9culo XVIII, algumas fam\u00edlias se estabeleceram na chamada Lagoa do Periperi para construir uma capela consagrada a Nossa Senhora das Dores, \u00e0s margens do Rio Para\u00edba. A beleza do local foi atraindo habitantes e, em pouco tempo, tornou-se uma cidade com pessoas acolhedoras, querendo progredir.<\/p>\n<p>Essa cidade, hoje, abriga a UEPB campus Monteiro que fica a 173 quil\u00f4metros de Campina Grande e a 295 quil\u00f4metros de Jo\u00e3o Pessoa. Com cerca de 33.433 habitantes, clima quente durante o dia e frio \u00e0 noite, o munic\u00edpio tem a maior \u00e1rea do estado da Para\u00edba e sua economia est\u00e1 baseada na agropecu\u00e1ria, no com\u00e9rcio, nos setores de servi\u00e7o e no servi\u00e7o p\u00fablico. Por se tratar de uma cidade polo na microrregi\u00e3o do Cariri Ocidental Paraibano, a UEPB de Monteiro recebe universit\u00e1rios de v\u00e1rios munic\u00edpios pr\u00f3ximos, como Sum\u00e9, Santa Luzia, Serra Branca, S\u00e3o Jo\u00e3o do Cariri, Prata, S\u00e3o Jos\u00e9 do Egito, Ouro Velho, Congo, Camala\u00fa, Zabel\u00ea, S\u00e3o Sebasti\u00e3o do Umbuzeiro, Sert\u00e2nia, entre outros.[\/vc_column_text][\/vc_column][\/vc_row][vc_row][vc_column][\/vc_column][\/vc_row]<\/p>\n<\/div>","protected":false},"excerpt":{"rendered":"<p>[vc_row][vc_column][vc_text_separator title=&#8221;Bem Vindos ao CCHE&#8221; i_icon_fontawesome=&#8221;fas fa-graduation-cap&#8221; i_color=&#8221;custom&#8221; title_align=&#8221;separator_align_left&#8221; border_width=&#8221;3&#8243; add_icon=&#8221;true&#8221; i_custom_color=&#8221;#dd3333&#8243;][vc_row_inner][vc_column_inner width=&#8221;2\/5&#8243;][vc_column_text css=&#8221;&#8221;] DIRETOR Prof. Dr. JOS\u00c9 LUIZ CAVALCANTE DIRETOR ADJUNTO Prof. Me. JOS\u00c9 HILTON SANTOS AGUIAR SECRET\u00c1RIA ALANA CARLOS CAMPOS DE ALMEIDA ASSISTENTES ADMINISTRATIVOS BRUNO HENRIQUE BEZERRA DE FREITAS \u00c9DERSON DA SILVA BEZERRA T\u00c9CNICO DE INFORM\u00c1TICA JOS\u00c9 DOMINGOS DE OLIVEIRA NETO[\/vc_column_text][vc_empty_space][vc_text_separator title=&#8221;CONTATOS&#8221; title_align=&#8221;separator_align_left&#8221;][vc_column_text]Telefones: <a class=\"leiamais\" href=\"https:\/\/centros.uepb.edu.br\/cche\/sobre\/\">Leia Mais&#8230;<\/a><\/p>\n","protected":false},"author":2,"featured_media":0,"parent":0,"menu_order":0,"comment_status":"open","ping_status":"closed","template":"","meta":{"jetpack_post_was_ever_published":false,"footnotes":""},"class_list":["post-4","page","type-page","status-publish","hentry"],"jetpack_sharing_enabled":true,"jetpack_shortlink":"https:\/\/wp.me\/P7WTCj-4","_links":{"self":[{"href":"https:\/\/centros.uepb.edu.br\/cche\/wp-json\/wp\/v2\/pages\/4","targetHints":{"allow":["GET"]}}],"collection":[{"href":"https:\/\/centros.uepb.edu.br\/cche\/wp-json\/wp\/v2\/pages"}],"about":[{"href":"https:\/\/centros.uepb.edu.br\/cche\/wp-json\/wp\/v2\/types\/page"}],"author":[{"embeddable":true,"href":"https:\/\/centros.uepb.edu.br\/cche\/wp-json\/wp\/v2\/users\/2"}],"replies":[{"embeddable":true,"href":"https:\/\/centros.uepb.edu.br\/cche\/wp-json\/wp\/v2\/comments?post=4"}],"version-history":[{"count":4,"href":"https:\/\/centros.uepb.edu.br\/cche\/wp-json\/wp\/v2\/pages\/4\/revisions"}],"predecessor-version":[{"id":5075,"href":"https:\/\/centros.uepb.edu.br\/cche\/wp-json\/wp\/v2\/pages\/4\/revisions\/5075"}],"wp:attachment":[{"href":"https:\/\/centros.uepb.edu.br\/cche\/wp-json\/wp\/v2\/media?parent=4"}],"curies":[{"name":"wp","href":"https:\/\/api.w.org\/{rel}","templated":true}]}}

<div class="wpb-content-wrapper"><p>[vc_row][vc_column][vc_text_separator title=&#8221;Bem Vindos ao CCHE&#8221; i_icon_fontawesome=&#8221;fas fa-graduation-cap&#8221; i_color=&#8221;custom&#8221; title_align=&#8221;separator_align_left&#8221; border_width=&#8221;3&#8243; add_icon=&#8221;true&#8221; i_custom_color=&#8221;#dd3333&#8243;][vc_row_inner][vc_column_inner width=&#8221;2/5&#8243;][vc_column_text css=&#8221;&#8221;]</p>
<h3>DIRETOR</h3>
<p><b>Prof. Dr. JOSÉ LUIZ CAVALCANTE</b></p>
<h3>DIRETOR ADJUNTO</h3>
<p><b>Prof. Me. JOSÉ HILTON SANTOS AGUIAR</b></p>
<h3>SECRETÁRIA</h3>
<p><b>ALANA CARLOS CAMPOS DE ALMEIDA</b></p>
<h3>ASSISTENTES ADMINISTRATIVOS</h3>
<p><b>BRUNO HENRIQUE BEZERRA DE FREITAS</b><br />
<b>ÉDERSON DA SILVA BEZERRA</b></p>
<h3>TÉCNICO DE INFORMÁTICA</h3>
<p><b>JOSÉ DOMINGOS DE OLIVEIRA NETO</b>[/vc_column_text][vc_empty_space][vc_text_separator title=&#8221;CONTATOS&#8221; title_align=&#8221;separator_align_left&#8221;][vc_column_text]<b>Telefones:</b> (83) 3351-2970 / (83) 3351-2348</p>
<p><b>E-mail:</b> cche@setor.uepb.edu.br[/vc_column_text][/vc_column_inner][vc_column_inner width=&#8221;3/5&#8243;][vc_gallery interval=&#8221;3&#8243; images=&#8221;3951,3906,3953,4210&#8243; img_size=&#8221;full&#8221; onclick=&#8221;&#8221;][vc_video link=&#8221;https://youtu.be/sTyrjZDmv8w&#8221; css=&#8221;&#8221; title=&#8221;UEPB Campus VI: 18 Anos de Educação, Inovação e Transformação&#8221;][/vc_column_inner][/vc_row_inner][/vc_column][/vc_row][vc_row][vc_column][vc_text_separator title=&#8221;Mais Informações&#8221; i_icon_fontawesome=&#8221;fas fa-info&#8221; i_color=&#8221;custom&#8221; title_align=&#8221;separator_align_left&#8221; border_width=&#8221;3&#8243; add_icon=&#8221;true&#8221; i_custom_color=&#8221;#dd3333&#8243;][vc_column_text css=&#8221;&#8221;]Há 18 anos mantemos o nosso objetivo de ser um centro formador de profissionais comprometidos, qualificados e preparados para o mercado de trabalho e os desafios pessoais. Mas, a nossa vocação vai muito além do ensino, pesquisa e extensão. Buscamos proporcionar, mediante o convívio sadio em nosso campus, ações culturais relevantes, atendendo ao princípio da educação pública, de qualidade e alicerçada no respeito à diversidade e pluralidade cultural que nos constitui.</p>
<p>Outro aspecto que torna mais singular a presença do CCHE na região do Cariri Ocidental é a relação com os traços da cultura popular que mobilizam e dão vazão a diversas manifestações culturais diante das quais o campus Monteiro tem despontado como polo aglutinador a partir das ações e parcerias realizadas pelo Núcleo de Arte e Cultura Zabé da Loca.</p>
<p>Hoje, com 698 alunos, 48 docentes, 13 servidores técnico-administrativos, 3 profissionais responsáveis pela manutenção da infraestrutura e 12 profissionais responsáveis pela limpeza, o Centro de Ciências Humanas e Exatas, campus Monteiro, abriga os Cursos de Ciências Contábeis, Licenciatura Plena em Letras Português, Licenciatura Plena em Letras Espanhol e Licenciatura Plena em Matemática da Universidade Estadual da Paraíba.</p>
<p>A cidade de Monteiro/PB era uma área de fazendeiros e criadores de gado. No final do século XVIII, algumas famílias se estabeleceram na chamada Lagoa do Periperi para construir uma capela consagrada a Nossa Senhora das Dores, às margens do Rio Paraíba. A beleza do local foi atraindo habitantes e, em pouco tempo, tornou-se uma cidade com pessoas acolhedoras, querendo progredir.</p>
<p>Essa cidade, hoje, abriga a UEPB campus Monteiro que fica a 173 quilômetros de Campina Grande e a 295 quilômetros de João Pessoa. Com cerca de 33.433 habitantes, clima quente durante o dia e frio à noite, o município tem a maior área do estado da Paraíba e sua economia está baseada na agropecuária, no comércio, nos setores de serviço e no serviço público. Por se tratar de uma cidade polo na microrregião do Cariri Ocidental Paraibano, a UEPB de Monteiro recebe universitários de vários municípios próximos, como Sumé, Santa Luzia, Serra Branca, São João do Cariri, Prata, São José do Egito, Ouro Velho, Congo, Camalaú, Zabelê, São Sebastião do Umbuzeiro, Sertânia, entre outros.[/vc_column_text][/vc_column][/vc_row][vc_row][vc_column][/vc_column][/vc_row]</p>
</div>

<p>[vc_row][vc_column][vc_text_separator title=&#8221;Bem Vindos ao CCHE&#8221; i_icon_fontawesome=&#8221;fas fa-graduation-cap&#8221; i_color=&#8221;custom&#8221; title_align=&#8221;separator_align_left&#8221; border_width=&#8221;3&#8243; add_icon=&#8221;true&#8221; i_custom_color=&#8221;#dd3333&#8243;][vc_row_inner][vc_column_inner width=&#8221;2/5&#8243;][vc_column_text css=&#8221;&#8221;] DIRETOR Prof. Dr. JOSÉ LUIZ CAVALCANTE DIRETOR ADJUNTO Prof. Me. JOSÉ HILTON SANTOS AGUIAR SECRETÁRIA ALANA CARLOS CAMPOS DE ALMEIDA ASSISTENTES ADMINISTRATIVOS BRUNO HENRIQUE BEZERRA DE FREITAS ÉDERSON DA SILVA BEZERRA TÉCNICO DE INFORMÁTICA JOSÉ DOMINGOS DE OLIVEIRA NETO[/vc_column_text][vc_empty_space][vc_text_separator title=&#8221;CONTATOS&#8221; title_align=&#8221;separator_align_left&#8221;][vc_column_text]Telefones: <a class="leiamais" href="https://centros.uepb.edu.br/cche/sobre/">Leia Mais&#8230;</a></p>
