{"id":3812,"date":"2022-07-07T14:30:20","date_gmt":"2022-07-07T17:30:20","guid":{"rendered":"https:\/\/centros.uepb.edu.br\/cche\/?page_id=3812"},"modified":"2026-04-10T16:36:02","modified_gmt":"2026-04-10T19:36:02","slug":"licenciatura-plena-em-letras","status":"publish","type":"page","link":"https:\/\/centros.uepb.edu.br\/cche\/cursos\/licenciatura-plena-em-letras\/","title":{"rendered":"Licenciatura Plena em Letras"},"content":{"rendered":"<div class=\"wpb-content-wrapper\"><p>[vc_row][vc_column][vc_row_inner][vc_column_inner width=&#8221;1\/2&#8243;][vc_text_separator title=&#8221;LETRAS PORTUGU\u00caS&#8221; title_align=&#8221;separator_align_left&#8221;][vc_column_text]<b>Nome do curso:<\/b> Licenciatura Plena em Letras Portugu\u00eas<\/p>\n<p><b>Modalidade:<\/b> Licenciatura<\/p>\n<p><b>Cria\u00e7\u00e3o:<\/b> Resolu\u00e7\u00e3o\/UEPB\/CONSUNI\/012\/2006 e Resolu\u00e7\u00e3o\/UEPB\/CONSEPE\/002\/2009<\/p>\n<p><b>Regime Escolar:<\/b> Seriado semestral com duas entradas<\/p>\n<p><b>Carga Hor\u00e1ria (h\/a*):<\/b> 3.200 h\/a[\/vc_column_text][vc_btn title=&#8221;Projeto Pedag\u00f3gico de Curso \u2013 PPC&#8221; shape=&#8221;square&#8221; color=&#8221;primary&#8221; align=&#8221;left&#8221; link=&#8221;url:https%3A%2F%2Fcentros.uepb.edu.br%2Fcche%2Fdownload%2Fppc-letras-portugues-licenciatura%2F&#8221;][\/vc_column_inner][vc_column_inner width=&#8221;1\/2&#8243;][vc_text_separator title=&#8221;LETRAS ESPANHOL&#8221; title_align=&#8221;separator_align_left&#8221;][vc_column_text]<b>Nome do curso:<\/b> Licenciatura Plena em Letras Espanhol<\/p>\n<p><b>Modalidade:<\/b> Licenciatura<\/p>\n<p><b>Cria\u00e7\u00e3o:<\/b> Resolu\u00e7\u00e3o\/UEPB\/CONSUNI\/013\/2006 e Resolu\u00e7\u00e3o\/UEPB\/CONSEPE\/002\/2009<\/p>\n<p><b>Regime Escolar:<\/b> Seriado semestral com duas entradas<\/p>\n<p><b>Carga Hor\u00e1ria (h\/a*):<\/b> 3.410 h\/a[\/vc_column_text][vc_btn title=&#8221;Projeto Pedag\u00f3gico de Curso \u2013 PPC&#8221; shape=&#8221;square&#8221; color=&#8221;primary&#8221; align=&#8221;left&#8221; link=&#8221;url:https%3A%2F%2Fcentros.uepb.edu.br%2Fcche%2Fdownload%2Fppc-letras-espanhol-licenciatura%2F&#8221;][\/vc_column_inner][\/vc_row_inner][vc_row_inner][vc_column_inner][vc_empty_space][vc_text_separator title=&#8221;INFORMA\u00c7\u00d5ES EM COMUM&#8221; title_align=&#8221;separator_align_left&#8221; align=&#8221;align_left&#8221;][vc_column_text]<b>Turno(s) De Funcionamento:<\/b> Diurno e Noturno<\/p>\n<p><b>Dura\u00e7\u00e3o Do Curso:<\/b> Tempo m\u00ednimo de 10 semestres e m\u00e1ximo de 15 semestres para os turnos diurno e noturno<\/p>\n<p><b>Endere\u00e7o:<\/b> Rua Universit\u00e1ria, S\/N &#8211; Altiplano &#8211; Monteiro\/PB &#8211; CEP: 58500-000 &#8211; Ponto de refer\u00eancia: Pr\u00f3ximo \u00e0 UPA<\/p>\n<p><b>Telefone: <\/b>(83) 3351-2970 ou (83) 3351-1886<\/p>\n<p><b>E-mail:<\/b> coord.letras.cche@setor.uepb.edu.br<\/p>\n<p><b>Redes sociais:<\/b> https:\/\/www.facebook.com\/letrascche[\/vc_column_text][\/vc_column_inner][\/vc_row_inner][vc_text_separator title=&#8221;CAMPO DE ATUA\u00c7\u00c3O PROFISSIONAL&#8221; title_align=&#8221;separator_align_left&#8221; css=&#8221;.vc_custom_1657215834258{margin-top: 30px !important;}&#8221;][vc_row_inner][vc_column_inner width=&#8221;1\/2&#8243;][vc_text_separator title=&#8221;LETRAS PORTUGU\u00caS&#8221; title_align=&#8221;separator_align_left&#8221;][vc_column_text]O egresso da \u00e1rea de Letras Portugu\u00eas poder\u00e1 atuar pedagogicamente no ensino de l\u00edngua portuguesa, reda\u00e7\u00e3o e literatura em l\u00edngua portuguesa no Ensino Fundamental e M\u00e9dio, em escolas t\u00e9cnicas, em cursos profissionalizantes, na Educa\u00e7\u00e3o de Jovens e Adultos e na Educa\u00e7\u00e3o a Dist\u00e2ncia. Poder\u00e1 desenvolver em atividades t\u00e9cnico-educativas, estudos, an\u00e1lises e pesquisas ou organizar programas de atualiza\u00e7\u00e3o e aperfei\u00e7oamento para docentes da \u00e1rea.[\/vc_column_text][\/vc_column_inner][vc_column_inner width=&#8221;1\/2&#8243;][vc_text_separator title=&#8221;LETRAS ESPANHOL&#8221; title_align=&#8221;separator_align_left&#8221;][vc_column_text]O egresso da \u00e1rea de Letras Espanhol poder\u00e1 atuar pedagogicamente no ensino de l\u00edngua espanhola, reda\u00e7\u00e3o e literatura em l\u00edngua espanhola no Ensino Fundamental e M\u00e9dio, em escolas t\u00e9cnicas, em cursos profissionalizantes, na Educa\u00e7\u00e3o de Jovens e Adultos e na Educa\u00e7\u00e3o a Dist\u00e2ncia. Poder\u00e1 desenvolver em atividades t\u00e9cnico-educativas, estudos, an\u00e1lises e pesquisas ou organizar programas de atualiza\u00e7\u00e3o e aperfei\u00e7oamento para docentes da \u00e1rea.[\/vc_column_text][\/vc_column_inner][\/vc_row_inner][vc_text_separator title=&#8221;COORDENA\u00c7\u00c3O DO CURSO&#8221; title_align=&#8221;separator_align_left&#8221; css=&#8221;.vc_custom_1657215845324{margin-top: 30px !important;}&#8221;][vc_row_inner gap=&#8221;30&#8243;][vc_column_inner][vc_column_text css=&#8221;&#8221;]<span style=\"color: #333333\"><strong><span style=\"text-decoration: underline\"><span style=\"font-family: times new roman,times,serif\">COORDENADORA<\/span><\/span><\/strong><\/span><\/p>\n<p><strong>PROFA. DRA. NOELMA CRISTINA FERREIRA DOS SANTOS\u00a0<\/strong><br \/>\n<span style=\"color: #333333\"><span style=\"font-family: times new roman,times,serif\">E-mail: noelmasantos@servidor.uepb.edu.br<\/span><\/span><\/p>\n<p>&nbsp;<\/p>\n<p><span style=\"color: #333333\"><strong><span style=\"text-decoration: underline\"><span style=\"font-family: times new roman,times,serif\">COORDENADOR ADJUNTO<\/span><\/span><\/strong><\/span><\/p>\n<p><strong>PROF. DR. ROG\u00c9RIO FERNANDES DOS SANTOS<\/strong><br \/>\n<span style=\"color: #333333\"><span style=\"font-family: times new roman,times,serif\">E-mail:<br \/>\n<\/span><\/span><\/p>\n<h3>SECRET\u00c1RIO<\/h3>\n<p><b><a target=\"_blank\" rel=\"noopener\">FRANCISCO DE ASSIS SILVA<\/a><\/b><br \/>\n<b>E-mail:<\/b> franciscosilva@servidor.uepb.edu.br<\/p>\n<h3>ASSISTENTE ADMINISTRATIVO<\/h3>\n<p><b><a target=\"_blank\" rel=\"noopener\">JOS\u00c9 MARCOS SOUZA DE LIMA<\/a><\/b><br \/>\n<b>E-mail:<\/b> josemsouzalima@servidor.uepb.edu.br[\/vc_column_text][\/vc_column_inner][\/vc_row_inner][vc_text_separator title=&#8221;DOCENTES EFETIVOS POR \u00c1REA&#8221; title_align=&#8221;separator_align_left&#8221; css=&#8221;.vc_custom_1657216028159{margin-top: 30px !important;}&#8221;][vc_row_inner css=&#8221;.vc_custom_1657218765692{margin-top: 30px !important;}&#8221;][vc_column_inner width=&#8221;1\/4&#8243;][vc_text_separator title=&#8221;L\u00cdNGUA ESPANHOLA&#8221; title_align=&#8221;separator_align_left&#8221;][vc_column_text]<b><a href=\"http:\/\/buscatextual.cnpq.br\/buscatextual\/visualizacv.do?id=K4320576J6\" target=\"_blank\" rel=\"noopener\">Ma. N\u00c1THALY GUISEL BEJARANO ARAG\u00d3N<\/a><\/b><br \/>\n<b>E-mail:<\/b> nathalyba21@servidor.uepb.edu.br<\/p>\n<p><b><a href=\"http:\/\/buscatextual.cnpq.br\/buscatextual\/visualizacv.do?id=K4320576J6\" target=\"_blank\" rel=\"noopener\">Esp. DALILA GOMES DA SILVA<\/a><\/b><br \/>\n<b>E-mail:<\/b> gomes_dalila@servidor.uepb.edu.br<\/p>\n<p><b><a href=\"http:\/\/buscatextual.cnpq.br\/buscatextual\/visualizacv.do?id=K4320576J6\" target=\"_blank\" rel=\"noopener\">Esp. GUSTAVO ENRIQUE CASTELL\u00d3N AGUDELO<\/a><\/b><br \/>\n<b>E-mail:<\/b> gecastellon@servidor.uepb.edu.br<\/p>\n<p><b><a href=\"http:\/\/buscatextual.cnpq.br\/buscatextual\/visualizacv.do?id=K4437083U3\" target=\"_blank\" rel=\"noopener\">Ma. MARIA DA CONCEI\u00c7\u00c3O ALMEIDA TEIXEIRA<\/a><\/b><br \/>\n<b>E-mail:<\/b> conchitaalmeida@servidor.uepb.edu.br<\/p>\n<p><b><a href=\"http:\/\/buscatextual.cnpq.br\/buscatextual\/visualizacv.do?id=K4779208Z9\" target=\"_blank\" rel=\"noopener\">Ma. ALINE CAROLINA FERREIRA FARIAS<\/a><\/b><br \/>\n<b>E-mail:<\/b> alinefarias@servidor.uepb.edu.br[\/vc_column_text][\/vc_column_inner][vc_column_inner width=&#8221;1\/4&#8243;][vc_text_separator title=&#8221;CI\u00caNCIAS SOCIAIS&#8221; title_align=&#8221;separator_align_left&#8221;][vc_column_text]<b><a href=\"http:\/\/buscatextual.cnpq.br\/buscatextual\/visualizacv.do?id=K4779208Z9\" target=\"_blank\" rel=\"noopener\">Me. ADEILSON DA SILVA TAVARES<\/a><\/b><br \/>\n<b>E-mail:<\/b> adeilsontavares@servidor.uepb.edu.br<\/p>\n<p><b><a href=\"http:\/\/buscatextual.cnpq.br\/buscatextual\/visualizacv.do?id=K4779289T2\" target=\"_blank\" rel=\"noopener\">Dra. MEL\u00c2NIA N\u00d3BREGA PEREIRA DE FARIAS<\/a><\/b><br \/>\n<b>E-mail:<\/b> melania@servidor.uepb.edu.br[\/vc_column_text][\/vc_column_inner][vc_column_inner width=&#8221;1\/4&#8243;][vc_text_separator title=&#8221;LITERATURA ESPANHOLA E HISPANOAMERICANA&#8221; title_align=&#8221;separator_align_left&#8221;][vc_column_text]<b><a href=\"http:\/\/buscatextual.cnpq.br\/buscatextual\/visualizacv.do?id=K4320576J6\" target=\"_blank\" rel=\"noopener\">Dra. CRISTIANE AGNES STOLET CORREIA<\/a><\/b><br \/>\n<b>E-mail:<\/b> cristianeagnes@servidor.uepb.edu.br<\/p>\n<p><b><a href=\"http:\/\/buscatextual.cnpq.br\/buscatextual\/visualizacv.do?id=K4236441P3\" target=\"_blank\" rel=\"noopener\">Dr. WANDERLAN DA SILVA ALVES<\/a><\/b><br \/>\n<b>E-mail:<\/b> wanderlan.alves@servidor.uepb.edu.br[\/vc_column_text][\/vc_column_inner][vc_column_inner width=&#8221;1\/4&#8243;][vc_text_separator title=&#8221;LINGUA LATINA&#8221; title_align=&#8221;separator_align_left&#8221;][vc_column_text]<b><a target=\"_blank\" rel=\"noopener\">FELIPE COELHO DE SOUZA LADEIRA<\/a><\/b><br \/>\n<b>E-mail:<\/b> felipe.coelho@servidor.uepb.edu.br[\/vc_column_text][\/vc_column_inner][\/vc_row_inner][vc_row_inner css=&#8221;.vc_custom_1657218770078{margin-top: 30px !important;}&#8221;][vc_column_inner width=&#8221;1\/4&#8243;][vc_text_separator title=&#8221;L\u00cdNGUA PORTUGUESA&#8221; title_align=&#8221;separator_align_left&#8221;][vc_column_text css=&#8221;&#8221;]<b><a target=\"_blank\" rel=\"noopener\">AYMM\u00c9E SILVEIRA SANTOS<\/a><\/b><br \/>\n<b>E-mail:<\/b> aymmeesilveira@servidor.uepb.edu.br<\/p>\n<p><b><a href=\"http:\/\/buscatextual.cnpq.br\/buscatextual\/visualizacv.do?id=K4219517H8\" target=\"_blank\" rel=\"noopener\">Dr. JORD\u00c3O JOANES DANTAS DA SILVA<\/a><\/b><br \/>\n<b>E-mail:<\/b> jordao@servidor.uepb.edu.br<\/p>\n<p><b><a target=\"_blank\" rel=\"noopener\">Me. BRUNO ALVES PEREIRA<\/a><\/b><br \/>\n<b>E-mail:<\/b> brunoalvespereira@servidor.uepb.edu.br<\/p>\n<p><b><a href=\"http:\/\/lattes.cnpq.br\/0751083464710194\" target=\"_blank\" rel=\"noopener\">Dra. NOELMA CRISTINA FERREIRA DOS SANTOS<\/a><\/b><br \/>\n<b>E-mail:<\/b> noelmasantos@servidor.uepb.edu.br[\/vc_column_text][vc_column_text css=&#8221;&#8221;]<b><a target=\"_blank\" rel=\"noopener\">Dr. ANDERSON LINS RODRIGUES<\/a><\/b><br \/>\n<b>E-mail:<\/b> anderson.lins@servidor.uepb.edu.br[\/vc_column_text][\/vc_column_inner][vc_column_inner width=&#8221;1\/4&#8243;][vc_text_separator title=&#8221;LINGU\u00cdSTICA&#8221; title_align=&#8221;separator_align_left&#8221;][vc_column_text css=&#8221;&#8221;]<b><a target=\"_blank\" rel=\"noopener\">AYMM\u00c9E SILVEIRA SANTOS<\/a><\/b><br \/>\n<b>E-mail:<\/b> aymmeesilveira@servidor.uepb.edu.br[\/vc_column_text][\/vc_column_inner][vc_column_inner width=&#8221;1\/4&#8243;][vc_text_separator title=&#8221;LITERATURA&#8221; title_align=&#8221;separator_align_left&#8221;][vc_column_text]<b><a href=\"http:\/\/buscatextual.cnpq.br\/buscatextual\/visualizacv.do?id=K4771477U0\" target=\"_blank\" rel=\"noopener\">Dr. MARCELO MEDEIROS DA SILVA<\/a><\/b><br \/>\n<b>E-mail:<\/b> marcelomedeiros@servidor.uepb.edu.br[\/vc_column_text][vc_column_text css=&#8221;&#8221;]<b><a target=\"_blank\" rel=\"noopener\">ROG\u00c9RIO FERNANDES DOS SANTOS<\/a><\/b><br \/>\n<b>E-mail:<\/b> rogerio.santos@servidor.uepb.edu.br[\/vc_column_text][vc_column_text css=&#8221;&#8221;]<b><a target=\"_blank\" rel=\"noopener\">Dr. H\u00c9LIO SANTIAGO RODRIGUES ABDALA<\/a><\/b><br \/>\n<b>E-mail:<\/b> helio.abdala@servidor.uepb.edu.br[\/vc_column_text][\/vc_column_inner][vc_column_inner width=&#8221;1\/4&#8243;][vc_text_separator title=&#8221;EDUCA\u00c7\u00c3O&#8221; title_align=&#8221;separator_align_left&#8221;][vc_column_text]<b><a href=\"http:\/\/lattes.cnpq.br\/0019294625125073\" target=\"_blank\" rel=\"noopener\">Dr. RAFAEL FERREIRA DE SOUZA HONORATO<\/a><\/b><br \/>\n<b>E-mail:<\/b> rafaelhonorato@servidor.uepb.edu.br[\/vc_column_text][\/vc_column_inner][\/vc_row_inner][vc_row_inner css=&#8221;.vc_custom_1657218770078{margin-top: 30px !important;}&#8221;][vc_column_inner][vc_text_separator title=&#8221;DOCENTES CONTRATADOS&#8221; title_align=&#8221;separator_align_left&#8221;][vc_column_text css=&#8221;&#8221;]<b><a target=\"_blank\" rel=\"noopener\">Me. ALVARO JARDEL CONCEI\u00c7\u00c3O SANTOS DE OLIVEIRA<\/a><\/b><br \/>\n<b>E-mail:<\/b> alvarojardel@servidor.uepb.edu.br<\/p>\n<p><b><a target=\"_blank\" rel=\"noopener\">Ma. K\u00cdVIA KARLA<\/a><\/b><br \/>\n<b>E-mail:<\/b> kiviamarinho@servidor.uepb.edu.br<\/p>\n<p><b><a target=\"_blank\" rel=\"noopener\">Me. RODOLFO DANTAS SILVA<\/a><\/b><br \/>\n<b>E-mail:<\/b> rodolfodantas@servidor.uepb.edu.br<\/p>\n<p><b><a target=\"_blank\" rel=\"noopener\">Ma. IARA CRISTIANE RODRIGUES LEAL LIMA<\/a><\/b><br \/>\n<b>E-mail:<\/b> iara.leal@servidor.uepb.edu.br<\/p>\n<p><b><a target=\"_blank\" rel=\"noopener\">Me. DANILO DE SOUZA FARIAS<\/a><\/b><br \/>\n<b>E-mail:<\/b> danilo.farias@servidor.uepb.edu.br<\/p>\n<p><b><a target=\"_blank\" rel=\"noopener\">Dr. FRANCISCO LIMA BACA<\/a><\/b><br \/>\n<b>E-mail:<\/b> franciscolimabaca@servidor.uepb.edu.br<\/p>\n<p><b><a target=\"_blank\" rel=\"noopener\">Esp. WLTENIZE IZOLINA FERREIRA DE MELO<\/a><\/b><br \/>\n<b>E-mail:<\/b> wltenize.melo@servidor.uepb.edu.br[\/vc_column_text][\/vc_column_inner][\/vc_row_inner][\/vc_column][\/vc_row]<\/p>\n<\/div>","protected":false},"excerpt":{"rendered":"<p>[vc_row][vc_column][vc_row_inner][vc_column_inner width=&#8221;1\/2&#8243;][vc_text_separator title=&#8221;LETRAS PORTUGU\u00caS&#8221; title_align=&#8221;separator_align_left&#8221;][vc_column_text]Nome do curso: Licenciatura Plena em Letras Portugu\u00eas Modalidade: Licenciatura Cria\u00e7\u00e3o: Resolu\u00e7\u00e3o\/UEPB\/CONSUNI\/012\/2006 e Resolu\u00e7\u00e3o\/UEPB\/CONSEPE\/002\/2009 Regime Escolar: Seriado semestral com duas entradas Carga Hor\u00e1ria (h\/a*): 3.200 h\/a[\/vc_column_text][vc_btn title=&#8221;Projeto Pedag\u00f3gico de Curso \u2013 PPC&#8221; shape=&#8221;square&#8221; color=&#8221;primary&#8221; align=&#8221;left&#8221; link=&#8221;url:https%3A%2F%2Fcentros.uepb.edu.br%2Fcche%2Fdownload%2Fppc-letras-portugues-licenciatura%2F&#8221;][\/vc_column_inner][vc_column_inner width=&#8221;1\/2&#8243;][vc_text_separator title=&#8221;LETRAS ESPANHOL&#8221; title_align=&#8221;separator_align_left&#8221;][vc_column_text]Nome do curso: Licenciatura Plena em Letras Espanhol Modalidade: Licenciatura Cria\u00e7\u00e3o: Resolu\u00e7\u00e3o\/UEPB\/CONSUNI\/013\/2006 <a class=\"leiamais\" href=\"https:\/\/centros.uepb.edu.br\/cche\/cursos\/licenciatura-plena-em-letras\/\">Leia Mais&#8230;<\/a><\/p>\n","protected":false},"author":29,"featured_media":0,"parent":6,"menu_order":0,"comment_status":"closed","ping_status":"closed","template":"","meta":{"jetpack_post_was_ever_published":false,"footnotes":""},"class_list":["post-3812","page","type-page","status-publish","hentry"],"jetpack_sharing_enabled":true,"jetpack_shortlink":"https:\/\/wp.me\/P7WTCj-Zu","_links":{"self":[{"href":"https:\/\/centros.uepb.edu.br\/cche\/wp-json\/wp\/v2\/pages\/3812","targetHints":{"allow":["GET"]}}],"collection":[{"href":"https:\/\/centros.uepb.edu.br\/cche\/wp-json\/wp\/v2\/pages"}],"about":[{"href":"https:\/\/centros.uepb.edu.br\/cche\/wp-json\/wp\/v2\/types\/page"}],"author":[{"embeddable":true,"href":"https:\/\/centros.uepb.edu.br\/cche\/wp-json\/wp\/v2\/users\/29"}],"replies":[{"embeddable":true,"href":"https:\/\/centros.uepb.edu.br\/cche\/wp-json\/wp\/v2\/comments?post=3812"}],"version-history":[{"count":3,"href":"https:\/\/centros.uepb.edu.br\/cche\/wp-json\/wp\/v2\/pages\/3812\/revisions"}],"predecessor-version":[{"id":5078,"href":"https:\/\/centros.uepb.edu.br\/cche\/wp-json\/wp\/v2\/pages\/3812\/revisions\/5078"}],"up":[{"embeddable":true,"href":"https:\/\/centros.uepb.edu.br\/cche\/wp-json\/wp\/v2\/pages\/6"}],"wp:attachment":[{"href":"https:\/\/centros.uepb.edu.br\/cche\/wp-json\/wp\/v2\/media?parent=3812"}],"curies":[{"name":"wp","href":"https:\/\/api.w.org\/{rel}","templated":true}]}}