{"id":3664,"date":"2022-06-29T14:20:13","date_gmt":"2022-06-29T17:20:13","guid":{"rendered":"https:\/\/centros.uepb.edu.br\/cche\/?page_id=3664"},"modified":"2023-05-22T20:01:41","modified_gmt":"2023-05-22T23:01:41","slug":"pagina-inicial","status":"publish","type":"page","link":"https:\/\/centros.uepb.edu.br\/cche\/","title":{"rendered":"P\u00e1gina Inicial"},"content":{"rendered":"<div class=\"wpb-content-wrapper\"><p>[vc_row][vc_column][\/vc_column][\/vc_row][vc_row gap=&#8221;30&#8243; full_height=&#8221;yes&#8221; equal_height=&#8221;yes&#8221;][vc_column][vc_text_separator title=&#8221;Not\u00edcias&#8221; i_icon_fontawesome=&#8221;fas fa-newspaper&#8221; i_color=&#8221;custom&#8221; title_align=&#8221;separator_align_left&#8221; align=&#8221;align_left&#8221; border_width=&#8221;3&#8243; add_icon=&#8221;true&#8221; i_custom_color=&#8221;#dd3333&#8243;]<div class=\"mdl-grid\"><div class=\"mdl-cell mdl-cell--4-col mdl-cell--6-col-tablet mdl-cell--12-col-phone bloco-noticias\"><div class=\"imagem-destaque-noticia\"><a href=\"https:\/\/centros.uepb.edu.br\/cche\/cche-participa-de-reuniao-do-forum-de-diretores-de-centro-da-uepb-com-debate-sobre-dialogo-institucional-e-elaboracao-do-pdi\/\"><img decoding=\"async\" src=\"https:\/\/centros.uepb.edu.br\/cche\/files\/2026\/05\/WhatsApp-Image-2026-05-09-at-09.08.05.jpeg\" class=\"img-destaque-noticia img-responsive\" alt=\"CCHE participa de reuni\u00e3o do F\u00f3rum de Diretores de Centro da UEPB com debate sobre di\u00e1logo institucional e elabora\u00e7\u00e3o do PDI\" title=\"CCHE participa de reuni\u00e3o do F\u00f3rum de Diretores de Centro da UEPB com debate sobre di\u00e1logo institucional e elabora\u00e7\u00e3o do PDI\"\/><\/a><\/div><div class=\"titulo-noticia-widget\"><a href=\"https:\/\/centros.uepb.edu.br\/cche\/cche-participa-de-reuniao-do-forum-de-diretores-de-centro-da-uepb-com-debate-sobre-dialogo-institucional-e-elaboracao-do-pdi\/\" class=\"vc_gitem-link\"><h3 class=\"titulo-destaque-noticia\">CCHE participa de reuni\u00e3o do F\u00f3rum de Diretores de Centro da UEPB com debate sobre di\u00e1logo institucional e elabora\u00e7\u00e3o do PDI<\/h3><\/a><\/div><div class=\"titulo-noticia-widget\"><a href=\"https:\/\/centros.uepb.edu.br\/cche\/comunidade-academica-e-convidada-a-contribuir-com-perguntas-para-os-debates-do-cche\/\"><h3 class=\"titulo-destaque-noticia\">Comunidade acad\u00eamica \u00e9 convidada a contribuir com perguntas para os debates do CCHE<\/h3><\/a><\/div><div class=\"titulo-noticia-widget\"><a href=\"https:\/\/centros.uepb.edu.br\/cche\/cche-divulga-relacao-atualizada-de-eleitores-aptos-a-votar-nas-eleicoes-do-dia-16-de-marco\/\"><h3 class=\"titulo-destaque-noticia\">CCHE divulga rela\u00e7\u00e3o atualizada de eleitores aptos a votar nas elei\u00e7\u00f5es do dia 16 de mar\u00e7o<\/h3><\/a><\/div><div class=\"titulo-noticia-widget\"><a href=\"https:\/\/centros.uepb.edu.br\/cche\/homologacao-das-chapas-marca-avanco-no-processo-eleitoral-do-cche\/\"><h3 class=\"titulo-destaque-noticia\">Homologa\u00e7\u00e3o das chapas marca avan\u00e7o no processo eleitoral do CCHE<\/h3><\/a><\/div><\/div><div class=\"mdl-cell mdl-cell--4-col mdl-cell--6-col-tablet mdl-cell--12-col-phone bloco-noticias\"><div class=\"imagem-destaque-noticia\"><a href=\"https:\/\/centros.uepb.edu.br\/cche\/cche-inicia-semana-de-integracao-2026-1\/\"><img decoding=\"async\" src=\"https:\/\/centros.uepb.edu.br\/cche\/files\/2026\/04\/WhatsApp-Image-2026-04-27-at-22.06.23.jpeg\" class=\"img-destaque-noticia img-responsive\" alt=\"CCHE inicia Semana de Integra\u00e7\u00e3o 2026.1\" title=\"CCHE inicia Semana de Integra\u00e7\u00e3o 2026.1\"\/><\/a><\/div><div class=\"titulo-noticia-widget\"><a href=\"https:\/\/centros.uepb.edu.br\/cche\/cche-inicia-semana-de-integracao-2026-1\/\" class=\"vc_gitem-link\"><h3 class=\"titulo-destaque-noticia\">CCHE inicia Semana de Integra\u00e7\u00e3o 2026.1<\/h3><\/a><\/div><div class=\"titulo-noticia-widget\"><a href=\"https:\/\/centros.uepb.edu.br\/cche\/cche-recebe-visita-de-caririzeira-com-experiencia-internacional-em-gestao-empresarial\/\"><h3 class=\"titulo-destaque-noticia\">CCHE recebe visita de caririzeira com experi\u00eancia internacional em gest\u00e3o empresarial.<\/h3><\/a><\/div><div class=\"titulo-noticia-widget\"><a href=\"https:\/\/centros.uepb.edu.br\/cche\/cche-da-inicio-a-ii-semana-de-combate-aos-assedios-com-dialogo-sobre-a-luta-das-mulheres-negras\/\"><h3 class=\"titulo-destaque-noticia\">CCHE d\u00e1 in\u00edcio \u00e0 II Semana de Combate aos Ass\u00e9dios com di\u00e1logo sobre a luta das mulheres negras<\/h3><\/a><\/div><div class=\"titulo-noticia-widget\"><a href=\"https:\/\/centros.uepb.edu.br\/cche\/nota-de-esclarecimento-a-comunidade-do-cche\/\"><h3 class=\"titulo-destaque-noticia\">Nota de Esclarecimento a Comunidade do CCHE<\/h3><\/a><\/div><\/div><div class=\"mdl-cell mdl-cell--4-col mdl-cell--6-col-tablet mdl-cell--12-col-phone bloco-noticias\"><div class=\"imagem-destaque-noticia\"><a href=\"https:\/\/centros.uepb.edu.br\/cche\/o-cche-lanca-edital-para-cadastro-de-estudantes-interessados-no-acesso-ao-restaurante-universitario-do-campus-vi-2026\/\"><img decoding=\"async\" src=\"https:\/\/centros.uepb.edu.br\/cche\/files\/2026\/04\/ChatGPT-Image-23-de-abr.-de-2026-14_14_30.png\" class=\"img-destaque-noticia img-responsive\" alt=\"O CCHE lan\u00e7a edital para cadastro de estudantes interessados no acesso ao Restaurante Universit\u00e1rio do Campus VI - 2026\" title=\"O CCHE lan\u00e7a edital para cadastro de estudantes interessados no acesso ao Restaurante Universit\u00e1rio do Campus VI - 2026\"\/><\/a><\/div><div class=\"titulo-noticia-widget\"><a href=\"https:\/\/centros.uepb.edu.br\/cche\/o-cche-lanca-edital-para-cadastro-de-estudantes-interessados-no-acesso-ao-restaurante-universitario-do-campus-vi-2026\/\" class=\"vc_gitem-link\"><h3 class=\"titulo-destaque-noticia\">O CCHE lan\u00e7a edital para cadastro de estudantes interessados no acesso ao Restaurante Universit\u00e1rio do Campus VI - 2026<\/h3><\/a><\/div><div class=\"titulo-noticia-widget\"><a href=\"https:\/\/centros.uepb.edu.br\/cche\/seminario-das-aguas-do-cariri-paraibano-um-sucesso-de-discussoes-e-colaboracao-regional\/\"><h3 class=\"titulo-destaque-noticia\">Semin\u00e1rio das \u00c1guas do Cariri Paraibano: Um Sucesso de Discuss\u00f5es e Colabora\u00e7\u00e3o Regional<\/h3><\/a><\/div><div class=\"titulo-noticia-widget\"><a href=\"https:\/\/centros.uepb.edu.br\/cche\/inscricoes-abertas-para-monitoria-do-curso-de-extensao-de-teatro\/\"><h3 class=\"titulo-destaque-noticia\">Inscri\u00e7\u00f5es abertas para monitoria do curso de extens\u00e3o de Teatro<\/h3><\/a><\/div><div class=\"titulo-noticia-widget\"><a href=\"https:\/\/centros.uepb.edu.br\/cche\/divulgado-o-resultado-projeto-de-extensao-exame-de-suficiencia-cfc\/\"><h3 class=\"titulo-destaque-noticia\">Divulgado o Resultado Projeto de Extens\u00e3o: Exame de Sufici\u00eancia \u2013 CFC<\/h3><\/a><\/div><\/div><\/div>[vc_text_separator title=&#8221;Links de Acesso R\u00e1pido&#8221; i_icon_fontawesome=&#8221;fas fa-external-link-alt&#8221; i_color=&#8221;custom&#8221; title_align=&#8221;separator_align_left&#8221; border_width=&#8221;3&#8243; add_icon=&#8221;true&#8221; i_custom_color=&#8221;#dd3333&#8243;][vc_btn title=&#8221;Conselhos&#8221; color=&#8221;success&#8221; size=&#8221;lg&#8221; link=&#8221;url:https%3A%2F%2Fcentros.uepb.edu.br%2Fcche%2Fconselhos%2F|title:Conselhos|target:_blank&#8221; css=&#8221;.vc_custom_1658257933626{margin-right: 3px !important;}&#8221;][vc_btn title=&#8221;Di\u00e1rio Oficial&#8221; color=&#8221;warning&#8221; size=&#8221;lg&#8221; link=&#8221;url:https%3A%2F%2Fauniao.pb.gov.br%2Fdoe|title:Di%C3%A1rio%20Oficial|target:_blank&#8221; css=&#8221;.vc_custom_1658257939514{margin-right: 3px !important;}&#8221;][vc_btn title=&#8221;Eventos&#8221; color=&#8221;blue&#8221; size=&#8221;lg&#8221; link=&#8221;url:https%3A%2F%2Fcentros.uepb.edu.br%2Fcche%2Feventos%2F|title:Eventos|target:_blank&#8221; css=&#8221;.vc_custom_1658257944489{margin-right: 3px !important;}&#8221;][vc_btn title=&#8221;Peri\u00f3dicos&#8221; color=&#8221;danger&#8221; size=&#8221;lg&#8221; link=&#8221;url:http%3A%2F%2Fperiodicos.capes.gov.br|title:Peri%C3%B3dicos|target:_blank&#8221; css=&#8221;.vc_custom_1658257960718{margin-right: 3px !important;}&#8221;][vc_btn title=&#8221;Projeto Pedagogico de Curso&#8221; color=&#8221;violet&#8221; size=&#8221;lg&#8221; link=&#8221;url:https%3A%2F%2Fcentros.uepb.edu.br%2Fcche%2Fppc%2F|title:Projeto%20Pedag%C3%B3gico%20de%20Curso%20%E2%80%93%20PPC|target:_blank&#8221; css=&#8221;.vc_custom_1658257965395{margin-right: 3px !important;}&#8221;][vc_btn title=&#8221;UEPB&#8221; color=&#8221;sandy-brown&#8221; size=&#8221;lg&#8221; link=&#8221;url:http%3A%2F%2Fwww.uepb.edu.br%2F|title:UEPB|target:_blank&#8221; css=&#8221;.vc_custom_1658257970657{margin-right: 3px !important;}&#8221;][\/vc_column][\/vc_row]<\/p>\n<\/div>","protected":false},"excerpt":{"rendered":"<p>[vc_row][vc_column][\/vc_column][\/vc_row][vc_row gap=&#8221;30&#8243; full_height=&#8221;yes&#8221; equal_height=&#8221;yes&#8221;][vc_column][vc_text_separator title=&#8221;Not\u00edcias&#8221; i_icon_fontawesome=&#8221;fas fa-newspaper&#8221; i_color=&#8221;custom&#8221; title_align=&#8221;separator_align_left&#8221; align=&#8221;align_left&#8221; border_width=&#8221;3&#8243; add_icon=&#8221;true&#8221; i_custom_color=&#8221;#dd3333&#8243;][vc_text_separator title=&#8221;Links de Acesso R\u00e1pido&#8221; i_icon_fontawesome=&#8221;fas fa-external-link-alt&#8221; i_color=&#8221;custom&#8221; title_align=&#8221;separator_align_left&#8221; border_width=&#8221;3&#8243; add_icon=&#8221;true&#8221; i_custom_color=&#8221;#dd3333&#8243;][vc_btn title=&#8221;Conselhos&#8221; color=&#8221;success&#8221; size=&#8221;lg&#8221; link=&#8221;url:https%3A%2F%2Fcentros.uepb.edu.br%2Fcche%2Fconselhos%2F|title:Conselhos|target:_blank&#8221; css=&#8221;.vc_custom_1658257933626{margin-right: 3px !important;}&#8221;][vc_btn title=&#8221;Di\u00e1rio Oficial&#8221; color=&#8221;warning&#8221; size=&#8221;lg&#8221; link=&#8221;url:https%3A%2F%2Fauniao.pb.gov.br%2Fdoe|title:Di%C3%A1rio%20Oficial|target:_blank&#8221; css=&#8221;.vc_custom_1658257939514{margin-right: 3px !important;}&#8221;][vc_btn title=&#8221;Eventos&#8221; color=&#8221;blue&#8221; size=&#8221;lg&#8221; link=&#8221;url:https%3A%2F%2Fcentros.uepb.edu.br%2Fcche%2Feventos%2F|title:Eventos|target:_blank&#8221; css=&#8221;.vc_custom_1658257944489{margin-right: 3px !important;}&#8221;][vc_btn title=&#8221;Peri\u00f3dicos&#8221; color=&#8221;danger&#8221; size=&#8221;lg&#8221; link=&#8221;url:http%3A%2F%2Fperiodicos.capes.gov.br|title:Peri%C3%B3dicos|target:_blank&#8221; css=&#8221;.vc_custom_1658257960718{margin-right: 3px !important;}&#8221;][vc_btn title=&#8221;Projeto Pedagogico <a class=\"leiamais\" href=\"https:\/\/centros.uepb.edu.br\/cche\/\">Leia Mais&#8230;<\/a><\/p>\n","protected":false},"author":29,"featured_media":0,"parent":0,"menu_order":0,"comment_status":"closed","ping_status":"closed","template":"","meta":{"footnotes":""},"class_list":["post-3664","page","type-page","status-publish","hentry"],"jetpack_sharing_enabled":true,"jetpack_shortlink":"https:\/\/wp.me\/P7WTCj-X6","_links":{"self":[{"href":"https:\/\/centros.uepb.edu.br\/cche\/wp-json\/wp\/v2\/pages\/3664","targetHints":{"allow":["GET"]}}],"collection":[{"href":"https:\/\/centros.uepb.edu.br\/cche\/wp-json\/wp\/v2\/pages"}],"about":[{"href":"https:\/\/centros.uepb.edu.br\/cche\/wp-json\/wp\/v2\/types\/page"}],"author":[{"embeddable":true,"href":"https:\/\/centros.uepb.edu.br\/cche\/wp-json\/wp\/v2\/users\/29"}],"replies":[{"embeddable":true,"href":"https:\/\/centros.uepb.edu.br\/cche\/wp-json\/wp\/v2\/comments?post=3664"}],"version-history":[{"count":0,"href":"https:\/\/centros.uepb.edu.br\/cche\/wp-json\/wp\/v2\/pages\/3664\/revisions"}],"wp:attachment":[{"href":"https:\/\/centros.uepb.edu.br\/cche\/wp-json\/wp\/v2\/media?parent=3664"}],"curies":[{"name":"wp","href":"https:\/\/api.w.org\/{rel}","templated":true}]}}