{"id":24,"date":"2014-03-20T19:19:48","date_gmt":"2014-03-20T19:19:48","guid":{"rendered":"\/ccha\/?page_id=24"},"modified":"2022-11-28T12:39:25","modified_gmt":"2022-11-28T12:39:25","slug":"pesquisa","status":"publish","type":"page","link":"https:\/\/centros.uepb.edu.br\/ccha\/pesquisa\/","title":{"rendered":"Pesquisa"},"content":{"rendered":"<div class=\"wpb-content-wrapper\"><p>[vc_row][vc_column][vc_column_text]Confira os projetos de pesquisa em andamento no CCHA:<\/p>\n<p>&#8211; Sil\u00edcio e mat\u00e9ria org\u00e2nica como atenuante a perdas por evapora\u00e7\u00e3o em solo com maracujazeiro amarelo no sert\u00e3o paraibano (Orientador: Evandro Franklin de Mesquita);<\/p>\n<p>&#8211; Teste do PH do exsudato de sementes de <em>zinnia<\/em> (Orientadora: Elaine Gon\u00e7alves Rech);<\/p>\n<p>&#8211; Avalia\u00e7\u00e3o da nitrato redutase em alface hidrop\u00f4nica tratada com sil\u00edcio sob estresse salino (Orientador: Josemir Moura Maia);<\/p>\n<p>&#8211; Fenologia e qualidade fisiol\u00f3gica de sementes de cact\u00e1ceas nativas da caatinga (Orientador: Edivan da Silva Nunes Junior);<\/p>\n<p>&#8211; Efeito de diferentes temperaturas e substratos na germina\u00e7\u00e3o de sementes de <em>cereus jamacaru dc <\/em>(Orientadora: Kelina Bernardo Silva);<\/p>\n<p>&#8211; Composi\u00e7\u00e3o flor\u00edstica do componente arbustivo-arb\u00f3reo e banco de sementes do solo em ambiente de caatinga (Orientadora: Maria do Socorro de Caldas Pinto);<\/p>\n<p>&#8211; Indicadores de produtividade e econ\u00f4mico de um sistema de produ\u00e7\u00e3o de ovinos de corte durante o per\u00edodo chuvoso no semi\u00e1rido paraibano (Orientador: Felipe Queiroga Cartaxo);<\/p>\n<p>&#8211; Estudo da caracteriza\u00e7\u00e3o do uso da bentonita ap\u00f3s etapa de limpeza do caldo de cana-de-a\u00e7\u00facar in natura produ\u00e7\u00e3o de cacha\u00e7a artesanal (Orientador: Jos\u00e9 Alexsandro da Silva);<\/p>\n<p>&#8211; A \u00f3tica dos dilemas vivenciada entre os benefici\u00e1rios do aux\u00edlio emergencial tempor\u00e1rio na regi\u00e3o de Catol\u00e9 do Rocha-PB: As fronteiras da g\u00eanese e da secess\u00e3o (Orientador: Jairo Bezerra Silva);<\/p>\n<p>&#8211; As marcas do programa Aux\u00edlio Brasil: Limites e possibilidades observados na regi\u00e3o de Catol\u00e9 do Rocha-PB (Orientador: Jairo Bezerra Silva);<\/p>\n<p>&#8211; A configura\u00e7\u00e3o da fome na regi\u00e3o de Catol\u00e9 do Rocha-PB: O que permite a entrada e a sa\u00edda ao referido mapa? (Orientador: Jairo Bezerra Silva);<\/p>\n<p>&#8211; Desintegra\u00e7\u00e3o social brasileira nos romances &#8220;O avesso da pele&#8221;, de Jeferson Ten\u00f3rio, e &#8220;Marrom e amarelo&#8221;, de Paulo <u>S<\/u>cott (Orientador: Jos\u00e9 Helber Tavares de Ara\u00fajo);<\/p>\n<p>&#8211; Sentinelas: Acompanhamento nas m\u00eddias dos registros de casos de feminic\u00eddios no estado da Para\u00edba (Orientadora: Mauriene Silva de Freitas);<\/p>\n<p>&#8211; \u201cPrezada prefeita\u201d; cartas enviadas para a prefeitura da cidade S\u00e3o Paulo entre os anos de 1989-1993, gest\u00e3o Luiza Erundina (Orientadora: Mauriene Silva de Freitas);[\/vc_column_text][\/vc_column][\/vc_row]<\/p>\n<\/div>","protected":false},"excerpt":{"rendered":"<p>[vc_row][vc_column][vc_column_text]Confira os projetos de pesquisa em andamento no CCHA: &#8211; Sil\u00edcio e mat\u00e9ria org\u00e2nica como atenuante a perdas por evapora\u00e7\u00e3o em solo com maracujazeiro amarelo no sert\u00e3o paraibano (Orientador: Evandro Franklin de Mesquita); &#8211; Teste do PH do exsudato de sementes de zinnia (Orientadora: Elaine Gon\u00e7alves Rech); &#8211; Avalia\u00e7\u00e3o da nitrato redutase em alface hidrop\u00f4nica <a class=\"leiamais\" href=\"https:\/\/centros.uepb.edu.br\/ccha\/pesquisa\/\">Leia Mais&#8230;<\/a><\/p>\n","protected":false},"author":16,"featured_media":0,"parent":0,"menu_order":0,"comment_status":"open","ping_status":"open","template":"","meta":{"jetpack_post_was_ever_published":false,"footnotes":""},"class_list":["post-24","page","type-page","status-publish","hentry"],"jetpack_sharing_enabled":true,"jetpack_shortlink":"https:\/\/wp.me\/P7QIsS-o","_links":{"self":[{"href":"https:\/\/centros.uepb.edu.br\/ccha\/wp-json\/wp\/v2\/pages\/24","targetHints":{"allow":["GET"]}}],"collection":[{"href":"https:\/\/centros.uepb.edu.br\/ccha\/wp-json\/wp\/v2\/pages"}],"about":[{"href":"https:\/\/centros.uepb.edu.br\/ccha\/wp-json\/wp\/v2\/types\/page"}],"author":[{"embeddable":true,"href":"https:\/\/centros.uepb.edu.br\/ccha\/wp-json\/wp\/v2\/users\/16"}],"replies":[{"embeddable":true,"href":"https:\/\/centros.uepb.edu.br\/ccha\/wp-json\/wp\/v2\/comments?post=24"}],"version-history":[{"count":0,"href":"https:\/\/centros.uepb.edu.br\/ccha\/wp-json\/wp\/v2\/pages\/24\/revisions"}],"wp:attachment":[{"href":"https:\/\/centros.uepb.edu.br\/ccha\/wp-json\/wp\/v2\/media?parent=24"}],"curies":[{"name":"wp","href":"https:\/\/api.w.org\/{rel}","templated":true}]}}

<div class="wpb-content-wrapper"><p>[vc_row][vc_column][vc_column_text]Confira os projetos de pesquisa em andamento no CCHA:</p>
<p>&#8211; Silício e matéria orgânica como atenuante a perdas por evaporação em solo com maracujazeiro amarelo no sertão paraibano (Orientador: Evandro Franklin de Mesquita);</p>
<p>&#8211; Teste do PH do exsudato de sementes de <em>zinnia</em> (Orientadora: Elaine Gonçalves Rech);</p>
<p>&#8211; Avaliação da nitrato redutase em alface hidropônica tratada com silício sob estresse salino (Orientador: Josemir Moura Maia);</p>
<p>&#8211; Fenologia e qualidade fisiológica de sementes de cactáceas nativas da caatinga (Orientador: Edivan da Silva Nunes Junior);</p>
<p>&#8211; Efeito de diferentes temperaturas e substratos na germinação de sementes de <em>cereus jamacaru dc </em>(Orientadora: Kelina Bernardo Silva);</p>
<p>&#8211; Composição florística do componente arbustivo-arbóreo e banco de sementes do solo em ambiente de caatinga (Orientadora: Maria do Socorro de Caldas Pinto);</p>
<p>&#8211; Indicadores de produtividade e econômico de um sistema de produção de ovinos de corte durante o período chuvoso no semiárido paraibano (Orientador: Felipe Queiroga Cartaxo);</p>
<p>&#8211; Estudo da caracterização do uso da bentonita após etapa de limpeza do caldo de cana-de-açúcar in natura produção de cachaça artesanal (Orientador: José Alexsandro da Silva);</p>
<p>&#8211; A ótica dos dilemas vivenciada entre os beneficiários do auxílio emergencial temporário na região de Catolé do Rocha-PB: As fronteiras da gênese e da secessão (Orientador: Jairo Bezerra Silva);</p>
<p>&#8211; As marcas do programa Auxílio Brasil: Limites e possibilidades observados na região de Catolé do Rocha-PB (Orientador: Jairo Bezerra Silva);</p>
<p>&#8211; A configuração da fome na região de Catolé do Rocha-PB: O que permite a entrada e a saída ao referido mapa? (Orientador: Jairo Bezerra Silva);</p>
<p>&#8211; Desintegração social brasileira nos romances &#8220;O avesso da pele&#8221;, de Jeferson Tenório, e &#8220;Marrom e amarelo&#8221;, de Paulo <u>S</u>cott (Orientador: José Helber Tavares de Araújo);</p>
<p>&#8211; Sentinelas: Acompanhamento nas mídias dos registros de casos de feminicídios no estado da Paraíba (Orientadora: Mauriene Silva de Freitas);</p>
<p>&#8211; “Prezada prefeita”; cartas enviadas para a prefeitura da cidade São Paulo entre os anos de 1989-1993, gestão Luiza Erundina (Orientadora: Mauriene Silva de Freitas);[/vc_column_text][/vc_column][/vc_row]</p>
</div>

<p>[vc_row][vc_column][vc_column_text]Confira os projetos de pesquisa em andamento no CCHA: &#8211; Silício e matéria orgânica como atenuante a perdas por evaporação em solo com maracujazeiro amarelo no sertão paraibano (Orientador: Evandro Franklin de Mesquita); &#8211; Teste do PH do exsudato de sementes de zinnia (Orientadora: Elaine Gonçalves Rech); &#8211; Avaliação da nitrato redutase em alface hidropônica <a class="leiamais" href="https://centros.uepb.edu.br/ccha/pesquisa/">Leia Mais&#8230;</a></p>
