{"id":20,"date":"2014-03-20T19:17:41","date_gmt":"2014-03-20T19:17:41","guid":{"rendered":"\/ccha\/?page_id=20"},"modified":"2025-07-03T17:27:46","modified_gmt":"2025-07-03T17:27:46","slug":"cursos","status":"publish","type":"page","link":"https:\/\/centros.uepb.edu.br\/ccha\/cursos\/","title":{"rendered":"Cursos de Gradua\u00e7\u00e3o"},"content":{"rendered":"<div class=\"wpb-content-wrapper\"><p>[vc_row][vc_column][vc_tta_tour active_section=&#8221;1&#8243;][vc_tta_section title=&#8221;Bacharelado em Agronomia&#8221; tab_id=&#8221;1655299080605-64431b71-b881&#8243;][vc_column_text css=&#8221;&#8221;]<strong>Objetivo do Curso<\/strong><\/p>\n<p>Formar agr\u00f4nomos para atuarem em atividades de pesquisa, extens\u00e3o rural, inova\u00e7\u00e3o tecnol\u00f3gica, empreendedorismo, responsabilidades t\u00e9cnicas de pequenas e grandes empresas ou ensino t\u00e9cnico e superior e que sejam capazes de compreender as mudan\u00e7as estruturais e conjunturais do seu tempo.<\/p>\n<p><strong>E-mail para contato:<\/strong> coord.agronomia.ccha@setor.uepb.edu.br<\/p>\n<p><a href=\"https:\/\/centros.uepb.edu.br\/ccha\/download\/projeto-pedagogico-do-curso-de-agronomia\/?wpdmdl=1252&amp;masterkey=V9ZAMAmOWIa9mL7SoPgd22QpyDNhg2xH3R8UznsHPOP4_HZGC6zed0SkqpU3OEV_-CqgZxfj2k845O-5q7iVjkge46PloH_sWAv7UA0Slqc\">Projeto Pedag\u00f3gico do Curso<\/a><\/p>\n<p><a href=\"https:\/\/centros.uepb.edu.br\/ccha\/download\/fluxograma-do-curso-de-agronomia\/?wpdmdl=1253&amp;masterkey=HpqdWHiExQtMlGPnvEvbpg9dDYfkcwwBdGoshHzC7I_WnBA55jRXz0aTbU8MstSJx4ThFN6bNzhPUBQs3ya9CyqEyomtdjDyKuhRtb8jBHw\">Fluxograma do Curso<\/a><\/p>\n<p><a href=\"https:\/\/centros.uepb.edu.br\/ccha\/download\/horario-agronomia-2024-2\/\">Hor\u00e1rio do per\u00edodo 2024.2<\/a><\/p>\n<p><strong>Coordenador<\/strong><\/p>\n<p>Prof. Dr. Evandro Franklin de Mesquita \u2013 Matr\u00edcula: 424150-9 \u2013 E-mail: evandrofranklin@servidor.uepb.edu.br<\/p>\n<p><strong>Coordenadora Adjunta<\/strong><\/p>\n<p>Profa. MSc. Ros\u00e2ngela da Silva Figueredo \u2013 Matr\u00edcula: 723759-6 \u2013 E-mail: figueredo.rosa@servidor.uepb.edu.br<\/p>\n<p><strong>Secret\u00e1ria<\/strong><\/p>\n<p>Albaneide de Almeida Formiga \u2013 Matr\u00edcula: 406280-6 \u2013 E-mail: albaneidedealmeida@servidor.uepb.edu.br[\/vc_column_text][\/vc_tta_section][vc_tta_section title=&#8221;Licenciatura Plena em Letras&#8221; tab_id=&#8221;1655299125250-e9a21d0a-64f9&#8243;][vc_column_text css=&#8221;&#8221;]<strong>Objetivo do Curso<\/strong><\/p>\n<p>O objetivo geral do Curso de Letras, em sintonia com os princ\u00edpios institucionais norteadores da UEPB (PDI, PPI) e com as regulamenta\u00e7\u00f5es do Minist\u00e9rio de Educa\u00e7\u00e3o e cultura, (LDB, CNE, DCNL), est\u00e1 pautado na rela\u00e7\u00e3o din\u00e2mica e indissoci\u00e1vel entre ensino, pesquisa e extens\u00e3o. Trata-se de atividades inter-relacionadas de modo que o ensino, envolvendo a reflex\u00e3o, propicia tanto a forma\u00e7\u00e3o de compet\u00eancias e habilidades que estimulam a produ\u00e7\u00e3o de conhecimento t\u00e9cnico-cient\u00edfico (pesquisa) quanto o engajamento de educadores, educandos e da comunidade na promo\u00e7\u00e3o das transforma\u00e7\u00f5es sociais (extens\u00e3o). Assim, a atividade de pesquisa, pautada na produ\u00e7\u00e3o cient\u00edfica, qualifica o profissional de ensino que beneficiar\u00e1 uma comunidade (extens\u00e3o), ao mesmo tempo em que a extens\u00e3o torna acess\u00edvel o conhecimento cient\u00edfico para a comunidade e os educandos passam a ter acesso aos problemas sociais. Essa dial\u00e9tica, gerando reflex\u00f5es, debates e di\u00e1logos, contribui para a transforma\u00e7\u00e3o das realidades. A \u00e1rea de letras, em conformidade com as Diretrizes Curriculares Nacionais (DCN), preconiza um conjunto de compet\u00eancias e habilidades que deve ser desenvolvido no n\u00edvel de dom\u00ednio da linguagem pelo educando de modo que este seja capaz de desempenhar fun\u00e7\u00f5es numa rela\u00e7\u00e3o que conjuga humanismo e din\u00e2mica de mercado.<\/p>\n<p><strong>E-mail para contato:<\/strong> coord.letras.ccha@setor.uepb.edu.br<\/p>\n<p><a href=\"https:\/\/centros.uepb.edu.br\/ccha\/download\/projeto-pedagogico-do-curso-de-letras\/?wpdmdl=1288&amp;masterkey=F9E1km68lbtyRqMorpmelWHhL6wdbVNwtwU7WO5ZiwaoJ-8a0U8VB89Pek2CFptWbzbPl2h4PcsCBjX0CU6yHv-EgkFs6ZzVoWEsx5A7xBI\">Projeto Pedag\u00f3gico do Curso<\/a><\/p>\n<p><a href=\"https:\/\/centros.uepb.edu.br\/ccha\/download\/estrutura-curricular-letras\/?wpdmdl=1287&amp;masterkey=tIsVenJqyWIiKmbbzy6PkuoNEMAVvMVz4T5QWth6_Yf2aDPKvQ0j7jL2Qs3mboH5SX27jXnYu3N6px1r3XpsNlPakOtwfpViEHVxEcVIKy0\">Estrutura Curricular do curso<\/a><\/p>\n<p><a href=\"https:\/\/centros.uepb.edu.br\/ccha\/download\/fluxograma-do-curso-de-letras\/?wpdmdl=1290&amp;masterkey=K0CWv-r_sR5SF673T87hch6lO3rmp69qF5ntmKI9F3hB9qrbl_QxL_8_JoPoGMgTfKeMQGwgWaeeJwbZ9PaCDSRJvEvjxqU6xcYT0C8DxF4\">Fluxograma do Curso<\/a><\/p>\n<p><a href=\"https:\/\/centros.uepb.edu.br\/ccha\/download\/horario-letras-2022-2\/?wpdmdl=1710&amp;masterkey=k__YXT_Gxt76qk2JXc_Hzs4Nq8AK6SFrud_lNdRX8hFqTNTHFK8GKb20WnEW7YVpaIM_BX22MNBSSsvU6EOvFY5Dz437ueqRoXCenXht78U\">Hor\u00e1rio do per\u00edodo 2024.2<\/a><\/p>\n<p><strong>Coordenador<\/strong><\/p>\n<p>Prof. MSc. Anderson Rany Cardoso da Silva \u2013 Matr\u00edcula: 430945-6 \u2013 E-mail: andersonrany@servidor.uepb.edu.br<\/p>\n<p><strong>Coordenadora Adjunta<\/strong><\/p>\n<p>Profa. MSc. Clara Regina Rodrigues de Souza \u2013 Matr\u00edcula: 430943-0 \u2013 E-mail: clararegina@servidor.uepb.edu.br<\/p>\n<p>Secret\u00e1rio<\/p>\n<p>Francisco Bezerra da Costa \u2013 Matr\u00edcula: 400758-1 \u2013 E-mail: fbcneto@servidor.uepb.edu.br[\/vc_column_text][\/vc_tta_section][vc_tta_section title=&#8221;Tecnologia em Energias Renov\u00e1veis&#8221; tab_id=&#8221;1655299138593-b30a7c35-e028&#8243;][vc_column_text css=&#8221;&#8221;]<strong>Objetivo do Curso<\/strong><\/p>\n<p>Formar profissionais para atuar na \u00e1rea de energias renov\u00e1veis, atendendo demandas por m\u00e3o de obra qualificada, do setor energ\u00e9tico nacional, promovendo o desenvolvimento sustent\u00e1vel, a inova\u00e7\u00e3o tecnol\u00f3gica e o desenvolvimento de novos neg\u00f3cios com potencial inovador.<\/p>\n<p><strong>E-mail para contato:<\/strong> enerrenovaveis.ccha@setor.uepb.edu.br<\/p>\n<p><a href=\"https:\/\/centros.uepb.edu.br\/ccha\/download\/projeto-pedagogico-do-curso-de-energias-renovaveis\/?wpdmdl=1293&amp;masterkey=AZb5NuuyuO3XhBrhXvDBAtRADGst8qFA9SrK2B3m4nGHuuVpnuxy1Fil3PDTkebOgQbw-u0yN26FpUXXfyJQsGoar9lfz_niWac3Dp6SEgc\">Projeto Pedag\u00f3gico do Curso<\/a><\/p>\n<p><a href=\"https:\/\/centros.uepb.edu.br\/ccha\/download\/grade-do-curso-de-energias-renovaveis-atualizada\/?wpdmdl=1702&amp;masterkey=ymOG8VtTLvWXprazAap6HqpgeyGfQ1uU2zWi-jlUpWA2mXPJVPPnSjhS0BNzd4ZrI5RUjtXvGSXrwgtDDFqP10RaD7fdNBWN4AvlSSep_A8\">Grade Curricular do Curso<\/a><\/p>\n<p><a href=\"https:\/\/centros.uepb.edu.br\/ccha\/download\/horario-energias-renovaveis-2022-2\/?wpdmdl=1703&amp;masterkey=N35jTeQxdnRb53IVntq1JOGZW4eFEVH_Yp9HfI2NRKz4QCSxn_kr4pNMRVRIcH9JFfECSOi5laC5Qc3AMQJSFZXwmfTckqXWzv8O1CeWNo0\">Hor\u00e1rio &#8211; Per\u00edodo 2022.2<\/a><\/p>\n<p><strong>Coordenador<\/strong><\/p>\n<p>Prof. Dr. Jos\u00e9 Alexsandro da Silva \u2013 Matr\u00edcula: 122436-1 \u2013 E-mail: alexuepb@yahoo.com.br<\/p>\n<p><strong>Coordenador Adjunto<\/strong><\/p>\n<p>Prof. Dr. Jairo Bezerra Silva &#8211; Matr\u00edcula: 425244-0 \u2013 E-mail: jairrobezerra@servidor.uepb.edu.br<\/p>\n<p><strong>Secret\u00e1rio<\/strong><\/p>\n<p>Glauber Fernandes Vieira de Figueiredo &#8211; Matr\u00edcula 401930-0 \u2013 E-mail: glauberfernandes@servidor.uepb.edu.br[\/vc_column_text][\/vc_tta_section][vc_tta_section title=&#8221;Licenciatura em Ci\u00eancias Biol\u00f3gicas&#8221; tab_id=&#8221;1720208517310-75b34809-fe84&#8243;][vc_column_text css=&#8221;&#8221;]<strong>Objetivo do Curso<\/strong><\/p>\n<p>O objetivo do curso de Licenciatura em Ci\u00eancias Biol\u00f3gicas \u00e9 formar professores de Ci\u00eancias e Biologia aptos para atuar na Educa\u00e7\u00e3o B\u00e1sica.<\/p>\n<p><strong>E-mail para contato:<\/strong> coord.ciencias.biologicas.ccha@setor.uepb.edu.br<\/p>\n<p><a href=\"https:\/\/centros.uepb.edu.br\/ccha\/download\/ppc-licenciatura-em-ciencias-biologicas\/\">Projeto Pedag\u00f3gico do Curso<\/a><\/p>\n<p><a href=\"https:\/\/centros.uepb.edu.br\/ccha\/download\/horario-2024-2-curso-de-ciencias-biologicas\/\">Hor\u00e1rio 2024.2<\/a><\/p>\n<p><strong>Coordenadora<\/strong><\/p>\n<p>Profa. Dra. Danielly da Silva Lucena \u2013 Matr\u00edcula: 431244-9 \u2013 E-mail: danielly.lucena@servidor.uepb.edu.br<\/p>\n<p><strong>Coordenador Adjunto<\/strong><\/p>\n<p>Prof. Dr. Jos\u00e9 Geraldo Rodrigues dos Santos \u2013 Matr\u00edcula: 423383-2 \u2013 E-mail: josegeraldo@servidor.uepb.edu.br<\/p>\n<p><strong>Secret\u00e1ria<\/strong><\/p>\n<p>Maria Th\u00e1ssila da Cunha Sousa \u2013 Matr\u00edcula: 407301-0 \u2013 E-mail: thassila.cunha@servidor.uepb.edu.br[\/vc_column_text][\/vc_tta_section][\/vc_tta_tour][\/vc_column][\/vc_row]<\/p>\n<\/div>","protected":false},"excerpt":{"rendered":"<p>[vc_row][vc_column][vc_tta_tour active_section=&#8221;1&#8243;][vc_tta_section title=&#8221;Bacharelado em Agronomia&#8221; tab_id=&#8221;1655299080605-64431b71-b881&#8243;][vc_column_text css=&#8221;&#8221;]Objetivo do Curso Formar agr\u00f4nomos para atuarem em atividades de pesquisa, extens\u00e3o rural, inova\u00e7\u00e3o tecnol\u00f3gica, empreendedorismo, responsabilidades t\u00e9cnicas de pequenas e grandes empresas ou ensino t\u00e9cnico e superior e que sejam capazes de compreender as mudan\u00e7as estruturais e conjunturais do seu tempo. E-mail para contato: coord.agronomia.ccha@setor.uepb.edu.br Projeto Pedag\u00f3gico do <a class=\"leiamais\" href=\"https:\/\/centros.uepb.edu.br\/ccha\/cursos\/\">Leia Mais&#8230;<\/a><\/p>\n","protected":false},"author":16,"featured_media":0,"parent":0,"menu_order":0,"comment_status":"open","ping_status":"open","template":"","meta":{"jetpack_post_was_ever_published":false,"footnotes":""},"class_list":["post-20","page","type-page","status-publish","hentry"],"jetpack_sharing_enabled":true,"jetpack_shortlink":"https:\/\/wp.me\/P7QIsS-k","_links":{"self":[{"href":"https:\/\/centros.uepb.edu.br\/ccha\/wp-json\/wp\/v2\/pages\/20","targetHints":{"allow":["GET"]}}],"collection":[{"href":"https:\/\/centros.uepb.edu.br\/ccha\/wp-json\/wp\/v2\/pages"}],"about":[{"href":"https:\/\/centros.uepb.edu.br\/ccha\/wp-json\/wp\/v2\/types\/page"}],"author":[{"embeddable":true,"href":"https:\/\/centros.uepb.edu.br\/ccha\/wp-json\/wp\/v2\/users\/16"}],"replies":[{"embeddable":true,"href":"https:\/\/centros.uepb.edu.br\/ccha\/wp-json\/wp\/v2\/comments?post=20"}],"version-history":[{"count":0,"href":"https:\/\/centros.uepb.edu.br\/ccha\/wp-json\/wp\/v2\/pages\/20\/revisions"}],"wp:attachment":[{"href":"https:\/\/centros.uepb.edu.br\/ccha\/wp-json\/wp\/v2\/media?parent=20"}],"curies":[{"name":"wp","href":"https:\/\/api.w.org\/{rel}","templated":true}]}}

Cursos de Graduação

<div class="wpb-content-wrapper"><p>[vc_row][vc_column][vc_tta_tour active_section=&#8221;1&#8243;][vc_tta_section title=&#8221;Bacharelado em Agronomia&#8221; tab_id=&#8221;1655299080605-64431b71-b881&#8243;][vc_column_text css=&#8221;&#8221;]<strong>Objetivo do Curso</strong></p>
<p>Formar agrônomos para atuarem em atividades de pesquisa, extensão rural, inovação tecnológica, empreendedorismo, responsabilidades técnicas de pequenas e grandes empresas ou ensino técnico e superior e que sejam capazes de compreender as mudanças estruturais e conjunturais do seu tempo.</p>
<p><strong>E-mail para contato:</strong> coord.agronomia.ccha@setor.uepb.edu.br</p>
<p><a href="https://centros.uepb.edu.br/ccha/download/projeto-pedagogico-do-curso-de-agronomia/?wpdmdl=1252&amp;masterkey=V9ZAMAmOWIa9mL7SoPgd22QpyDNhg2xH3R8UznsHPOP4_HZGC6zed0SkqpU3OEV_-CqgZxfj2k845O-5q7iVjkge46PloH_sWAv7UA0Slqc">Projeto Pedagógico do Curso</a></p>
<p><a href="https://centros.uepb.edu.br/ccha/download/fluxograma-do-curso-de-agronomia/?wpdmdl=1253&amp;masterkey=HpqdWHiExQtMlGPnvEvbpg9dDYfkcwwBdGoshHzC7I_WnBA55jRXz0aTbU8MstSJx4ThFN6bNzhPUBQs3ya9CyqEyomtdjDyKuhRtb8jBHw">Fluxograma do Curso</a></p>
<p><a href="https://centros.uepb.edu.br/ccha/download/horario-agronomia-2024-2/">Horário do período 2024.2</a></p>
<p><strong>Coordenador</strong></p>
<p>Prof. Dr. Evandro Franklin de Mesquita – Matrícula: 424150-9 – E-mail: evandrofranklin@servidor.uepb.edu.br</p>
<p><strong>Coordenadora Adjunta</strong></p>
<p>Profa. MSc. Rosângela da Silva Figueredo – Matrícula: 723759-6 – E-mail: figueredo.rosa@servidor.uepb.edu.br</p>
<p><strong>Secretária</strong></p>
<p>Albaneide de Almeida Formiga – Matrícula: 406280-6 – E-mail: albaneidedealmeida@servidor.uepb.edu.br[/vc_column_text][/vc_tta_section][vc_tta_section title=&#8221;Licenciatura Plena em Letras&#8221; tab_id=&#8221;1655299125250-e9a21d0a-64f9&#8243;][vc_column_text css=&#8221;&#8221;]<strong>Objetivo do Curso</strong></p>
<p>O objetivo geral do Curso de Letras, em sintonia com os princípios institucionais norteadores da UEPB (PDI, PPI) e com as regulamentações do Ministério de Educação e cultura, (LDB, CNE, DCNL), está pautado na relação dinâmica e indissociável entre ensino, pesquisa e extensão. Trata-se de atividades inter-relacionadas de modo que o ensino, envolvendo a reflexão, propicia tanto a formação de competências e habilidades que estimulam a produção de conhecimento técnico-científico (pesquisa) quanto o engajamento de educadores, educandos e da comunidade na promoção das transformações sociais (extensão). Assim, a atividade de pesquisa, pautada na produção científica, qualifica o profissional de ensino que beneficiará uma comunidade (extensão), ao mesmo tempo em que a extensão torna acessível o conhecimento científico para a comunidade e os educandos passam a ter acesso aos problemas sociais. Essa dialética, gerando reflexões, debates e diálogos, contribui para a transformação das realidades. A área de letras, em conformidade com as Diretrizes Curriculares Nacionais (DCN), preconiza um conjunto de competências e habilidades que deve ser desenvolvido no nível de domínio da linguagem pelo educando de modo que este seja capaz de desempenhar funções numa relação que conjuga humanismo e dinâmica de mercado.</p>
<p><strong>E-mail para contato:</strong> coord.letras.ccha@setor.uepb.edu.br</p>
<p><a href="https://centros.uepb.edu.br/ccha/download/projeto-pedagogico-do-curso-de-letras/?wpdmdl=1288&amp;masterkey=F9E1km68lbtyRqMorpmelWHhL6wdbVNwtwU7WO5ZiwaoJ-8a0U8VB89Pek2CFptWbzbPl2h4PcsCBjX0CU6yHv-EgkFs6ZzVoWEsx5A7xBI">Projeto Pedagógico do Curso</a></p>
<p><a href="https://centros.uepb.edu.br/ccha/download/estrutura-curricular-letras/?wpdmdl=1287&amp;masterkey=tIsVenJqyWIiKmbbzy6PkuoNEMAVvMVz4T5QWth6_Yf2aDPKvQ0j7jL2Qs3mboH5SX27jXnYu3N6px1r3XpsNlPakOtwfpViEHVxEcVIKy0">Estrutura Curricular do curso</a></p>
<p><a href="https://centros.uepb.edu.br/ccha/download/fluxograma-do-curso-de-letras/?wpdmdl=1290&amp;masterkey=K0CWv-r_sR5SF673T87hch6lO3rmp69qF5ntmKI9F3hB9qrbl_QxL_8_JoPoGMgTfKeMQGwgWaeeJwbZ9PaCDSRJvEvjxqU6xcYT0C8DxF4">Fluxograma do Curso</a></p>
<p><a href="https://centros.uepb.edu.br/ccha/download/horario-letras-2022-2/?wpdmdl=1710&amp;masterkey=k__YXT_Gxt76qk2JXc_Hzs4Nq8AK6SFrud_lNdRX8hFqTNTHFK8GKb20WnEW7YVpaIM_BX22MNBSSsvU6EOvFY5Dz437ueqRoXCenXht78U">Horário do período 2024.2</a></p>
<p><strong>Coordenador</strong></p>
<p>Prof. MSc. Anderson Rany Cardoso da Silva – Matrícula: 430945-6 – E-mail: andersonrany@servidor.uepb.edu.br</p>
<p><strong>Coordenadora Adjunta</strong></p>
<p>Profa. MSc. Clara Regina Rodrigues de Souza – Matrícula: 430943-0 – E-mail: clararegina@servidor.uepb.edu.br</p>
<p>Secretário</p>
<p>Francisco Bezerra da Costa – Matrícula: 400758-1 – E-mail: fbcneto@servidor.uepb.edu.br[/vc_column_text][/vc_tta_section][vc_tta_section title=&#8221;Tecnologia em Energias Renováveis&#8221; tab_id=&#8221;1655299138593-b30a7c35-e028&#8243;][vc_column_text css=&#8221;&#8221;]<strong>Objetivo do Curso</strong></p>
<p>Formar profissionais para atuar na área de energias renováveis, atendendo demandas por mão de obra qualificada, do setor energético nacional, promovendo o desenvolvimento sustentável, a inovação tecnológica e o desenvolvimento de novos negócios com potencial inovador.</p>
<p><strong>E-mail para contato:</strong> enerrenovaveis.ccha@setor.uepb.edu.br</p>
<p><a href="https://centros.uepb.edu.br/ccha/download/projeto-pedagogico-do-curso-de-energias-renovaveis/?wpdmdl=1293&amp;masterkey=AZb5NuuyuO3XhBrhXvDBAtRADGst8qFA9SrK2B3m4nGHuuVpnuxy1Fil3PDTkebOgQbw-u0yN26FpUXXfyJQsGoar9lfz_niWac3Dp6SEgc">Projeto Pedagógico do Curso</a></p>
<p><a href="https://centros.uepb.edu.br/ccha/download/grade-do-curso-de-energias-renovaveis-atualizada/?wpdmdl=1702&amp;masterkey=ymOG8VtTLvWXprazAap6HqpgeyGfQ1uU2zWi-jlUpWA2mXPJVPPnSjhS0BNzd4ZrI5RUjtXvGSXrwgtDDFqP10RaD7fdNBWN4AvlSSep_A8">Grade Curricular do Curso</a></p>
<p><a href="https://centros.uepb.edu.br/ccha/download/horario-energias-renovaveis-2022-2/?wpdmdl=1703&amp;masterkey=N35jTeQxdnRb53IVntq1JOGZW4eFEVH_Yp9HfI2NRKz4QCSxn_kr4pNMRVRIcH9JFfECSOi5laC5Qc3AMQJSFZXwmfTckqXWzv8O1CeWNo0">Horário &#8211; Período 2022.2</a></p>
<p><strong>Coordenador</strong></p>
<p>Prof. Dr. José Alexsandro da Silva – Matrícula: 122436-1 – E-mail: alexuepb@yahoo.com.br</p>
<p><strong>Coordenador Adjunto</strong></p>
<p>Prof. Dr. Jairo Bezerra Silva &#8211; Matrícula: 425244-0 – E-mail: jairrobezerra@servidor.uepb.edu.br</p>
<p><strong>Secretário</strong></p>
<p>Glauber Fernandes Vieira de Figueiredo &#8211; Matrícula 401930-0 – E-mail: glauberfernandes@servidor.uepb.edu.br[/vc_column_text][/vc_tta_section][vc_tta_section title=&#8221;Licenciatura em Ciências Biológicas&#8221; tab_id=&#8221;1720208517310-75b34809-fe84&#8243;][vc_column_text css=&#8221;&#8221;]<strong>Objetivo do Curso</strong></p>
<p>O objetivo do curso de Licenciatura em Ciências Biológicas é formar professores de Ciências e Biologia aptos para atuar na Educação Básica.</p>
<p><strong>E-mail para contato:</strong> coord.ciencias.biologicas.ccha@setor.uepb.edu.br</p>
<p><a href="https://centros.uepb.edu.br/ccha/download/ppc-licenciatura-em-ciencias-biologicas/">Projeto Pedagógico do Curso</a></p>
<p><a href="https://centros.uepb.edu.br/ccha/download/horario-2024-2-curso-de-ciencias-biologicas/">Horário 2024.2</a></p>
<p><strong>Coordenadora</strong></p>
<p>Profa. Dra. Danielly da Silva Lucena – Matrícula: 431244-9 – E-mail: danielly.lucena@servidor.uepb.edu.br</p>
<p><strong>Coordenador Adjunto</strong></p>
<p>Prof. Dr. José Geraldo Rodrigues dos Santos – Matrícula: 423383-2 – E-mail: josegeraldo@servidor.uepb.edu.br</p>
<p><strong>Secretária</strong></p>
<p>Maria Thássila da Cunha Sousa – Matrícula: 407301-0 – E-mail: thassila.cunha@servidor.uepb.edu.br[/vc_column_text][/vc_tta_section][/vc_tta_tour][/vc_column][/vc_row]</p>
</div>

<p>[vc_row][vc_column][vc_tta_tour active_section=&#8221;1&#8243;][vc_tta_section title=&#8221;Bacharelado em Agronomia&#8221; tab_id=&#8221;1655299080605-64431b71-b881&#8243;][vc_column_text css=&#8221;&#8221;]Objetivo do Curso Formar agrônomos para atuarem em atividades de pesquisa, extensão rural, inovação tecnológica, empreendedorismo, responsabilidades técnicas de pequenas e grandes empresas ou ensino técnico e superior e que sejam capazes de compreender as mudanças estruturais e conjunturais do seu tempo. E-mail para contato: coord.agronomia.ccha@setor.uepb.edu.br Projeto Pedagógico do <a class="leiamais" href="https://centros.uepb.edu.br/ccha/cursos/">Leia Mais&#8230;</a></p>
