{"id":131,"date":"2014-08-26T19:27:16","date_gmt":"2014-08-26T19:27:16","guid":{"rendered":"https:\/\/centros.uepb.edu.br\/ccha\/?page_id=131"},"modified":"2025-06-27T13:02:58","modified_gmt":"2025-06-27T13:02:58","slug":"dae","status":"publish","type":"page","link":"https:\/\/centros.uepb.edu.br\/ccha\/dae\/","title":{"rendered":"Departamento de Agr\u00e1rias e Exatas"},"content":{"rendered":"<div class=\"wpb-content-wrapper\"><p>[vc_row][vc_column][vc_tta_tabs][vc_tta_section title=&#8221;Chefia&#8221; tab_id=&#8221;1655300221851-aeb38260-adfd&#8221;][vc_column_text css=&#8221;&#8221;]<strong>Chefe do Departamento<\/strong><br \/>\nProf. Dr. Francisco Vanies da Silva S\u00e1 &#8211; Matr\u00edcula: 430937-5<br \/>\nE-mail: vanies@yahoo.com.br<\/p>\n<p><strong>Chefe Adjunto do Departamento<\/strong><br \/>\nProf. Dr. Felipe Queiroga Cartaxo &#8211; Matr\u00edcula: 425245-3<br \/>\nE-mail: felipequeirogacartaxo@servidor.uepb.edu.br<\/p>\n<p><strong>Secret\u00e1rio do Departamento<\/strong><br \/>\nMathews Henrique Marinho Gurgel &#8211; Matr\u00edcula: 406264-5<br \/>\nmathewsgurgel@servidor.uepb.edu.br[\/vc_column_text][\/vc_tta_section][vc_tta_section title=&#8221;Professores&#8221; tab_id=&#8221;1655300221863-462c2294-56a5&#8243;][vc_column_text]\n<table id=\"tablepress-2\" class=\"tablepress tablepress-id-2\">\n<tbody>\n<tr class=\"row-1\">\n\t<td class=\"column-1\">Alcides Almeida Ferreira<\/td><td class=\"column-2\">alcides@servidor.uepb.edu.br<\/td>\n<\/tr>\n<tr class=\"row-2\">\n\t<td class=\"column-1\">Anailson de Sousa Alves<\/td><td class=\"column-2\">anailson.alves@servidor.uepb.edu.br<\/td>\n<\/tr>\n<tr class=\"row-3\">\n\t<td class=\"column-1\">Dalila Regina Mota de Melo<\/td><td class=\"column-2\">dalilamota14@gmail.com<\/td>\n<\/tr>\n<tr class=\"row-4\">\n\t<td class=\"column-1\">Danielly da Silva Lucena<\/td><td class=\"column-2\">botanicadane@gmail.com<\/td>\n<\/tr>\n<tr class=\"row-5\">\n\t<td class=\"column-1\">Danilo Dantas da Silva<\/td><td class=\"column-2\">danilo.dantas@servidor.uepb.edu.br<\/td>\n<\/tr>\n<tr class=\"row-6\">\n\t<td class=\"column-1\">Edivan Silva Nunes J\u00fanior<\/td><td class=\"column-2\">edivanuepb@gmail.com<\/td>\n<\/tr>\n<tr class=\"row-7\">\n\t<td class=\"column-1\">Elaine Gon\u00e7alves Rech<\/td><td class=\"column-2\">elainerech@servidor.uepb.edu.br<\/td>\n<\/tr>\n<tr class=\"row-8\">\n\t<td class=\"column-1\">Evandro Franklin de Mesquita<\/td><td class=\"column-2\">elmesquita4@gmail.com<\/td>\n<\/tr>\n<tr class=\"row-9\">\n\t<td class=\"column-1\">Ewerton Jos\u00e9 de Medeiros Torres<\/td><td class=\"column-2\">ewerton.torres@servidor.uepb.edu.br<\/td>\n<\/tr>\n<tr class=\"row-10\">\n\t<td class=\"column-1\">Felipe Queiroga Cartaxo<\/td><td class=\"column-2\">felipequeirogacartaxo@servidor.uepb.edu.br<\/td>\n<\/tr>\n<tr class=\"row-11\">\n\t<td class=\"column-1\">Fernando Saldanha Azevedo<\/td><td class=\"column-2\">fernando.azevedo@servidor.uepb.edu.br<\/td>\n<\/tr>\n<tr class=\"row-12\">\n\t<td class=\"column-1\">Francisco Ademilton Vieira Damaceno<\/td><td class=\"column-2\">ademiltovd@servidor.uepb.edu.br<\/td>\n<\/tr>\n<tr class=\"row-13\">\n\t<td class=\"column-1\">Francisco Vanies da Silva S\u00e1<\/td><td class=\"column-2\">vanies@servidor.uepb.edu.br<\/td>\n<\/tr>\n<tr class=\"row-14\">\n\t<td class=\"column-1\">Irinaldo Pereira da Silva Filho<\/td><td class=\"column-2\">irinaldojr@gmail.com<\/td>\n<\/tr>\n<tr class=\"row-15\">\n\t<td class=\"column-1\">Irton Miranda dos Anjos<\/td><td class=\"column-2\">anjosirton@yahoo.com.br<\/td>\n<\/tr>\n<tr class=\"row-16\">\n\t<td class=\"column-1\">Jos\u00e9 Alexsandro da Silva<\/td><td class=\"column-2\">alexuepb@servidor.uepb.edu.br<\/td>\n<\/tr>\n<tr class=\"row-17\">\n\t<td class=\"column-1\">Jos\u00e9 Geraldo Rodrigues dos Santos<\/td><td class=\"column-2\">josegeraldo@ccha.uepb.edu.br<\/td>\n<\/tr>\n<tr class=\"row-18\">\n\t<td class=\"column-1\">Jos\u00e9 Pereira Filho<\/td><td class=\"column-2\">jose_pereira_filho@outlook.com<\/td>\n<\/tr>\n<tr class=\"row-19\">\n\t<td class=\"column-1\">Josemir Moura Maia<\/td><td class=\"column-2\">jmouram@servidor.uepb.edu.br<\/td>\n<\/tr>\n<tr class=\"row-20\">\n\t<td class=\"column-1\">Kelina Bernardo Silva<\/td><td class=\"column-2\">kelinasilva@servidor.uepb.edu.br<\/td>\n<\/tr>\n<tr class=\"row-21\">\n\t<td class=\"column-1\">Lays Kl\u00e9cia Silva Lins<\/td><td class=\"column-2\">layslins@servidor.uepb.edu.br<\/td>\n<\/tr>\n<tr class=\"row-22\">\n\t<td class=\"column-1\">Luciano Campos Targino<\/td><td class=\"column-2\">lucianotargino@servidor.uepb.edu.br<\/td>\n<\/tr>\n<tr class=\"row-23\">\n\t<td class=\"column-1\">Maria do Socorro de Caldas Pinto<\/td><td class=\"column-2\">socorro1975@servidor.uepb.edu.br<\/td>\n<\/tr>\n<tr class=\"row-24\">\n\t<td class=\"column-1\">Maria L\u00facia Maur\u00edcio da Silva<\/td><td class=\"column-2\">mauricio.lucia@servidor.uepb.edu.br<\/td>\n<\/tr>\n<tr class=\"row-25\">\n\t<td class=\"column-1\">Mave Rick de Oliveira Alves<\/td><td class=\"column-2\">profmave@gmail.com<\/td>\n<\/tr>\n<tr class=\"row-26\">\n\t<td class=\"column-1\">Rayane Nunes Gomes<\/td><td class=\"column-2\">rayanegomes@servidor.uepb.edu.br<\/td>\n<\/tr>\n<tr class=\"row-27\">\n\t<td class=\"column-1\">Ros\u00e2ngela da Silva Figueredo dos Santos<\/td><td class=\"column-2\">figueredo.rosa@hotmail.com<\/td>\n<\/tr>\n<tr class=\"row-28\">\n\t<td class=\"column-1\">Thiago Pereira de Sousa<\/td><td class=\"column-2\">thiago.sousa@servidor.uepb.edu.br<\/td>\n<\/tr>\n<tr class=\"row-29\">\n\t<td class=\"column-1\">Yanneson Marlon de Ara\u00fajo Lira<\/td><td class=\"column-2\">yanneson@servidor.uepb.edu.br<\/td>\n<\/tr>\n<\/tbody>\n<\/table>\n<!-- #tablepress-2 from cache -->[\/vc_column_text][\/vc_tta_section][\/vc_tta_tabs][\/vc_column][\/vc_row]<\/p>\n<\/div>","protected":false},"excerpt":{"rendered":"<p>[vc_row][vc_column][vc_tta_tabs][vc_tta_section title=&#8221;Chefia&#8221; tab_id=&#8221;1655300221851-aeb38260-adfd&#8221;][vc_column_text css=&#8221;&#8221;]Chefe do Departamento Prof. Dr. Francisco Vanies da Silva S\u00e1 &#8211; Matr\u00edcula: 430937-5 E-mail: vanies@yahoo.com.br Chefe Adjunto do Departamento Prof. Dr. Felipe Queiroga Cartaxo &#8211; Matr\u00edcula: 425245-3 E-mail: felipequeirogacartaxo@servidor.uepb.edu.br Secret\u00e1rio do Departamento Mathews Henrique Marinho Gurgel &#8211; Matr\u00edcula: 406264-5 mathewsgurgel@servidor.uepb.edu.br[\/vc_column_text][\/vc_tta_section][vc_tta_section title=&#8221;Professores&#8221; tab_id=&#8221;1655300221863-462c2294-56a5&#8243;][vc_column_text][\/vc_column_text][\/vc_tta_section][\/vc_tta_tabs][\/vc_column][\/vc_row]<\/p>\n","protected":false},"author":26,"featured_media":0,"parent":0,"menu_order":0,"comment_status":"open","ping_status":"closed","template":"","meta":{"jetpack_post_was_ever_published":false,"footnotes":""},"class_list":["post-131","page","type-page","status-publish","hentry"],"jetpack_sharing_enabled":true,"jetpack_shortlink":"https:\/\/wp.me\/P7QIsS-27","_links":{"self":[{"href":"https:\/\/centros.uepb.edu.br\/ccha\/wp-json\/wp\/v2\/pages\/131","targetHints":{"allow":["GET"]}}],"collection":[{"href":"https:\/\/centros.uepb.edu.br\/ccha\/wp-json\/wp\/v2\/pages"}],"about":[{"href":"https:\/\/centros.uepb.edu.br\/ccha\/wp-json\/wp\/v2\/types\/page"}],"author":[{"embeddable":true,"href":"https:\/\/centros.uepb.edu.br\/ccha\/wp-json\/wp\/v2\/users\/26"}],"replies":[{"embeddable":true,"href":"https:\/\/centros.uepb.edu.br\/ccha\/wp-json\/wp\/v2\/comments?post=131"}],"version-history":[{"count":0,"href":"https:\/\/centros.uepb.edu.br\/ccha\/wp-json\/wp\/v2\/pages\/131\/revisions"}],"wp:attachment":[{"href":"https:\/\/centros.uepb.edu.br\/ccha\/wp-json\/wp\/v2\/media?parent=131"}],"curies":[{"name":"wp","href":"https:\/\/api.w.org\/{rel}","templated":true}]}}