{"id":1845,"date":"2022-07-28T14:16:55","date_gmt":"2022-07-28T14:16:55","guid":{"rendered":"https:\/\/centros.uepb.edu.br\/ccea\/?page_id=1845"},"modified":"2022-07-28T14:17:39","modified_gmt":"2022-07-28T14:17:39","slug":"sobre","status":"publish","type":"page","link":"https:\/\/centros.uepb.edu.br\/ccea\/biblioteca\/sobre\/","title":{"rendered":"Sobre"},"content":{"rendered":"<div class=\"wpb-content-wrapper\"><p>[vc_row][vc_column][vc_column_text]<strong>Apresenta\u00e7\u00e3o<\/strong><\/p>\n<p>A Biblioteca Setorial Professor Virg\u00edlio Trindade, localizada no Campus VII, na cidade de Patos\/PB, faz parte do Sistema Integrado de Biblioteca (SIB) da UEPB, e tem por objetivo difundir e estimular o acesso \u00e0 informa\u00e7\u00e3o, por meio de seu acervo voltado principalmente, para estudantes universit\u00e1rios, docentes e t\u00e9cnico-administrativos.<\/p>\n<p>Inaugurada em 2011, durante as comemora\u00e7\u00f5es do quinto anivers\u00e1rio do Campus VII,\u00a0 a biblioteca tem continuamente expandido seu acervo , contando atualmente com um acervo variado, com cerca de 9.000 (nove mil) exemplares, abrangendo t\u00edtulos principalmente das \u00e1reas de Administra\u00e7\u00e3o, Computa\u00e7\u00e3o, F\u00edsica e Matem\u00e1tica, que d\u00e3o suporte \u00e0s atividades de ensino, pesquisa e extens\u00e3o do cursos do campus.<\/p>\n<p>Em 2013, ano em que a UEPB completou sete anos em Patos, a Biblioteca inovou com a implementa\u00e7\u00e3o de servi\u00e7os automatizados. Ap\u00f3s passar por processo de automa\u00e7\u00e3o do acervo, passou a disponibilizar aos usu\u00e1rios, acesso remoto a base de dados contendo os t\u00edtulos existentes na Biblioteca. Servi\u00e7os tais como empr\u00e9stimos, devolu\u00e7\u00f5es e renova\u00e7\u00f5es, s\u00e3o executados de forma mais \u00e1gil. De modo especial, a renova\u00e7\u00e3o de empr\u00e9stimos de livros pode ser feita sem que o usu\u00e1rio necessite se fazer presente, desde que ele tenha acesso ao site da Biblioteca.<\/p>\n<p><strong>Patrono<\/strong><\/p>\n<p>Virg\u00edlio Trindade Monteiro homem envolvido com a cultura, escritor, compositor, professor e radialista; polivalente, atuou em v\u00e1rios segmentos de nossa sociedade. Filho de Jos\u00e9 Trindade Monteiro e Cec\u00edlia Cavalcante Monteiro, Virg\u00edlio nasceu aos 09 dias de junho de 1940, no munic\u00edpio de Pianc\u00f3, onde cursou o prim\u00e1rio na Escola Ademar Leite e o curso ginasial na Escola Agrot\u00e9cnica Vidal de Negreiros.<\/p>\n<p>Em 1958, foi tentar a sorte em Jo\u00e3o Pessoa, seq\u00fcenciando os estudos no Liceu Paraibano e no Curso T\u00e9cnico em Contabilidade na Academia de Com\u00e9rcio Epit\u00e1cio Pessoa. Paralelo \u00e0s atividades educacionais passou a desenvolver fun\u00e7\u00f5es profissionais como forma de sobreviv\u00eancia, tendo como ponto de primeiro emprego o Moinho Teone e iniciando tamb\u00e9m a sua vida de homem da comunica\u00e7\u00e3o com uma fun\u00e7\u00e3o na R\u00e1dio Arapuan e depois na Tabajara. Com rela\u00e7\u00e3o \u00e0 imprensa escrita teve passagem pelos Jornais Correio da Para\u00edba e A Uni\u00e3o. No ano de 1963, aportou na cidade de Patos, passando a coordenar o Departamento de Jornalismo da R\u00e1dio Espinharas e assumindo emprego no Banco do Estado da Para\u00edba, em 1965. Nessa institui\u00e7\u00e3o financeira, permaneceu apenas um ano, quando decidiu instalar o seu pr\u00f3prio escrit\u00f3rio de contabilidade, enquanto que na R\u00e1dio Espinharas permanece at\u00e9 os dias atuais, inclusive tendo estado uma temporada no Sistema Itatiunga de Comunica\u00e7\u00e3o. Virg\u00edlio Trindade teve em Patos uma participa\u00e7\u00e3o fundamental no futebol. Na condi\u00e7\u00e3o de t\u00e9cnico dirigiu o Nacional Atl\u00e9tico Clube, entre 1966 a 1985, per\u00edodo em que o time viveu suas maiores fa\u00e7anhas, inclusive na conquista do Vice-Campeonato paraibano em 1978, oportunidade em que foi eleito o \u201cT\u00e9cnico do Ano\u201d, entre os demais do Estado. Comandou tamb\u00e9m a Sociedade Esportiva S\u00e3o Sebasti\u00e3o, o Esporte Clube de Patos e o Treze de Campina Grande. Como homem notadamente polivalente, conseguiu grande destaque no campo musical, na condi\u00e7\u00e3o de compositor, com a autoria de quase 50 m\u00fasicas, tr\u00eas das quais gravadas por Pinto do Acordeon, como parceiro. Participou de todos os festivais de m\u00fasicas realizados na Capital do Sert\u00e3o e como cantor integrou v\u00e1rios grupos musicais, a exemplo do VAZ-7 e Ataulfo Alves, a partir da d\u00e9cada de 60.<\/p>\n<p>Na Pol\u00edtica local foi vereador no per\u00edodo de 1977 a 1982; Vice-Prefeito de 1983 a 1988, tendo assumido a titularidade do Executivo Municipal durante 44 dias. Virg\u00edlio tamb\u00e9m presidiu o PPS no per\u00edodo de 1992 a 2001. Bacharelado em Ci\u00eancias Econ\u00f4micas pela Funda\u00e7\u00e3o Francisco Mascarenhas, com especialidade em Teoria Econ\u00f4mica, Virg\u00edlio Trindade passou a ser professor da referida institui\u00e7\u00e3o de ensino superior, tendo atuado nas seguintes disciplinas: Moedas e Bancos; Economia Agr\u00edcola, Economia Internacional; Historia do Pensamento Econ\u00f4mico; Economia do Setor P\u00fablico, Desenvolvimento S\u00f3cio-Econ\u00f4mico e Contabilidade Social. Vivendo intensamente esta rela\u00e7\u00e3o com a cultura deixou marcas na vida da sociedade patoense, de forma que hoje n\u00e3o se pode falar em Patos sem relatar Virgilio e sua contribui\u00e7\u00e3o.[\/vc_column_text][\/vc_column][\/vc_row]<\/p>\n<\/div>","protected":false},"excerpt":{"rendered":"<p>[vc_row][vc_column][vc_column_text]Apresenta\u00e7\u00e3o A Biblioteca Setorial Professor Virg\u00edlio Trindade, localizada no Campus VII, na cidade de Patos\/PB, faz parte do Sistema Integrado de Biblioteca (SIB) da UEPB, e tem por objetivo difundir e estimular o acesso \u00e0 informa\u00e7\u00e3o, por meio de seu acervo voltado principalmente, para estudantes universit\u00e1rios, docentes e t\u00e9cnico-administrativos. Inaugurada em 2011, durante as comemora\u00e7\u00f5es <a class=\"leiamais\" href=\"https:\/\/centros.uepb.edu.br\/ccea\/biblioteca\/sobre\/\">Leia Mais&#8230;<\/a><\/p>\n","protected":false},"author":29,"featured_media":0,"parent":12,"menu_order":0,"comment_status":"closed","ping_status":"closed","template":"","meta":{"footnotes":""},"class_list":["post-1845","page","type-page","status-publish","hentry"],"jetpack_sharing_enabled":true,"jetpack_shortlink":"https:\/\/wp.me\/P7WTGX-tL","jetpack_likes_enabled":true,"jetpack-related-posts":[{"id":1831,"url":"https:\/\/centros.uepb.edu.br\/ccea\/biblioteca\/servicos-oferecidos\/","url_meta":{"origin":1845,"position":0},"title":"Servi\u00e7os Oferecidos","author":"thales","date":"28 de julho de 2022","format":false,"excerpt":"[vc_row][vc_column][vc_tta_tour active_section=\"1\"][vc_tta_section title=\"Ficha Catalogr\u00e1fica online\" tab_id=\"1659014938507-22d52d5c-9eb0\"][vc_column_text]A ficha catalogr\u00e1fica \u00e9 um documento que cont\u00e9m as informa\u00e7\u00f5es bibliogr\u00e1ficas necess\u00e1rias para identificar e localizar um livro ou outro documento no acervo de uma biblioteca. Todos os trabalhos de conclus\u00e3o de curso da Universidade Estadual da Para\u00edba devem conter a ficha catalogr\u00e1fica. As solicita\u00e7\u00f5es\u2026","rel":"","context":"Post similar","block_context":{"text":"Post similar","link":""},"img":{"alt_text":"","src":"","width":0,"height":0},"classes":[]},{"id":1839,"url":"https:\/\/centros.uepb.edu.br\/ccea\/biblioteca\/infraestrutura\/","url_meta":{"origin":1845,"position":1},"title":"Infraestrutura","author":"thales","date":"28 de julho de 2022","format":false,"excerpt":"[vc_row gap=\"30\"][vc_column width=\"1\/2\"][vc_column_text css=\"\"] Guarda-volumes com 30 nichos; Oito cabines de estudo individuais; Seis mesas para estudo em grupo; Cat\u00e1logo online de consulta de livro por meios dos campos: autor, assunto e t\u00edtulo; Setor de Processos T\u00e9cnicos; Acervo especializado nas \u00e1reas de Administra\u00e7\u00e3o, Matem\u00e1tica, F\u00edsica, Qu\u00edmica e Biologia. Bibliotec\u00e1rio Esdras\u2026","rel":"","context":"Post similar","block_context":{"text":"Post similar","link":""},"img":{"alt_text":"","src":"","width":0,"height":0},"classes":[]},{"id":1805,"url":"https:\/\/centros.uepb.edu.br\/ccea\/historico\/","url_meta":{"origin":1845,"position":2},"title":"Hist\u00f3rico","author":"thales","date":"27 de julho de 2022","format":false,"excerpt":"[vc_row][vc_column][vc_column_text css=\"\"] Centro de Ci\u00eancias Exatas e Sociais Aplicadas \u2013 CCEA Hist\u00f3ria, Avan\u00e7os e Perspectivas A instala\u00e7\u00e3o da Universidade Estadual da Para\u00edba (UEPB) na Cidade de Patos-PB se deu atrav\u00e9s da Cria\u00e7\u00e3o do Campus VII \u2013 Governador Ant\u00f4nio Mariz \u2013 e do Centro de Ci\u00eancias Exatas e Sociais Aplicadas \u2013\u2026","rel":"","context":"Post similar","block_context":{"text":"Post similar","link":""},"img":{"alt_text":"","src":"https:\/\/i0.wp.com\/centros.uepb.edu.br\/ccea\/files\/2025\/08\/logo_ccea_25anos_12-300x300.png?resize=350%2C200&ssl=1","width":350,"height":200},"classes":[]},{"id":4,"url":"https:\/\/centros.uepb.edu.br\/ccea\/o-ccea\/","url_meta":{"origin":1845,"position":3},"title":"O CCEA","author":"arnaud","date":"15 de setembro de 2017","format":false,"excerpt":"[wptabs] [wptabtitle]Equipe[\/wptabtitle] [wptabcontent] Diretores Diretora: Carolina Coeli Rodrigues Batista de Ara\u00fajo Diretor Adjunto: Jos\u00e9 Ginaldo de Souza Farias Secret\u00e1rias Dinaihara Torres Fernandes de Araujo Val\u00e9ria Andrade Calado Dantas Contatos Telefones (83) 3421 1475\/ 3421 3251\/ 3421 1447 - Ramal 200 E-mails Dire\u00e7\u00e3o: ccea@setor.uepb.edu.br Diretora: carolinacoeli@servidor.uepb.edu.br Diretor Adjunto: ginaldo@servidor.uepb.edu.br Secret\u00e1ria:dinaihara@servidor.uepb.edu.br Secret\u00e1ria:\u2026","rel":"","context":"Post similar","block_context":{"text":"Post similar","link":""},"img":{"alt_text":"","src":"https:\/\/i0.wp.com\/centros.uepb.edu.br\/ccea\/files\/2021\/08\/arte_logo_final1-2-300x300.png?resize=350%2C200&ssl=1","width":350,"height":200},"classes":[]},{"id":36,"url":"https:\/\/centros.uepb.edu.br\/ccea\/pos-graduacao\/","url_meta":{"origin":1845,"position":4},"title":"P\u00f3s-Gradua\u00e7\u00e3o","author":"direcao","date":"22 de setembro de 2014","format":false,"excerpt":"[vc_row gap=\"30\"][vc_column width=\"1\/2\"][vc_text_separator title=\"Fundamentos da Educa\u00e7\u00e3o: Pr\u00e1ticas Pedag\u00f3gicas Interdisciplinares\" title_align=\"separator_align_left\"][vc_column_text]Em parceria com a UEPB, o curso de p\u00f3s-gradua\u00e7\u00e3o est\u00e1 sendo oferecido pelo Governo do Estado da Para\u00edba, por meio da Secretaria de Estado da Educa\u00e7\u00e3o (SEE), e\u00a0 objetiva promover a forma\u00e7\u00e3o continuada dos profissionais graduados e efetivos que atuam na\u2026","rel":"","context":"Post similar","block_context":{"text":"Post similar","link":""},"img":{"alt_text":"","src":"","width":0,"height":0},"classes":[]},{"id":43,"url":"https:\/\/centros.uepb.edu.br\/ccea\/licenciaturas-do-parfor\/","url_meta":{"origin":1845,"position":5},"title":"Licenciaturas do PARFOR","author":"","date":"22 de setembro de 2014","format":false,"excerpt":"O Plano Nacional de Forma\u00e7\u00e3o dos Professores da Educa\u00e7\u00e3o B\u00e1sica (PARFOR) \u00e9 um programa nacional implantado pela CAPES em regime de colabora\u00e7\u00e3o com as Secretarias de Educa\u00e7\u00e3o dos Estados, do Distrito Federal e dos Munic\u00edpios e com as Institui\u00e7\u00f5es de Ensino Superior (IES). Destina-se \u00e0 forma\u00e7\u00e3o de professores, j\u00e1 em\u2026","rel":"","context":"Post similar","block_context":{"text":"Post similar","link":""},"img":{"alt_text":"","src":"","width":0,"height":0},"classes":[]}],"_links":{"self":[{"href":"https:\/\/centros.uepb.edu.br\/ccea\/wp-json\/wp\/v2\/pages\/1845","targetHints":{"allow":["GET"]}}],"collection":[{"href":"https:\/\/centros.uepb.edu.br\/ccea\/wp-json\/wp\/v2\/pages"}],"about":[{"href":"https:\/\/centros.uepb.edu.br\/ccea\/wp-json\/wp\/v2\/types\/page"}],"author":[{"embeddable":true,"href":"https:\/\/centros.uepb.edu.br\/ccea\/wp-json\/wp\/v2\/users\/29"}],"replies":[{"embeddable":true,"href":"https:\/\/centros.uepb.edu.br\/ccea\/wp-json\/wp\/v2\/comments?post=1845"}],"version-history":[{"count":0,"href":"https:\/\/centros.uepb.edu.br\/ccea\/wp-json\/wp\/v2\/pages\/1845\/revisions"}],"up":[{"embeddable":true,"href":"https:\/\/centros.uepb.edu.br\/ccea\/wp-json\/wp\/v2\/pages\/12"}],"wp:attachment":[{"href":"https:\/\/centros.uepb.edu.br\/ccea\/wp-json\/wp\/v2\/media?parent=1845"}],"curies":[{"name":"wp","href":"https:\/\/api.w.org\/{rel}","templated":true}]}}