{"id":101,"date":"2017-09-15T09:00:55","date_gmt":"2017-09-15T09:00:55","guid":{"rendered":"https:\/\/centros.uepb.edu.br\/ccea\/?page_id=101"},"modified":"2023-08-24T22:39:20","modified_gmt":"2023-08-24T22:39:20","slug":"estagio","status":"publish","type":"page","link":"https:\/\/centros.uepb.edu.br\/ccea\/estagio\/","title":{"rendered":"Est\u00e1gio e Monitoria"},"content":{"rendered":"<div class=\"wpb-content-wrapper\"><p>[vc_row gap=&#8221;30&#8243;][vc_column width=&#8221;1\/2&#8243;][vc_text_separator title=&#8221;Coordena\u00e7\u00e3o de Est\u00e1gio e Monitoria&#8221; title_align=&#8221;separator_align_left&#8221;][vc_column_text]<strong>Equipe<\/strong><\/p>\n<p>Diogo Medeiros N\u00f3brega<br \/>\ndiogomedeiros@servidor.uepb.edu.br<\/p>\n<p>Rodrigo Roberto de Almeida<br \/>\nrodrigouepb@servidor.uepb.edu.br[\/vc_column_text][\/vc_column][vc_column width=&#8221;1\/2&#8243;][vc_text_separator title=&#8221;SOBRE MONITORIA&#8221; title_align=&#8221;separator_align_left&#8221;][vc_column_text]Telefone: (83) 3421 1475 \u2013 Ramal 206<\/p>\n<p>Sala 303 \u2013 Setor B[\/vc_column_text][vc_btn title=&#8221;Mais informa\u00e7\u00f5es&#8221; color=&#8221;info&#8221; link=&#8221;url:https%3A%2F%2Fsites.google.com%2Fview%2Fcem-ccea%2Fp%25C3%25A1gina-inicial|title:Mais%20informa%C3%A7%C3%B5es|target:_blank&#8221;][\/vc_column][\/vc_row][vc_row gap=&#8221;30&#8243;][vc_column width=&#8221;1\/2&#8243;][vc_text_separator title=&#8221;SOBRE EST\u00c1GIO&#8221; title_align=&#8221;separator_align_left&#8221;][vc_column_text]Documentos necess\u00e1rios:<\/p>\n<p>Para formalizar o est\u00e1gio junto a UEPB o aluno precisa atender os requisitos da lei 11.788\/2018(Lei Geral de Est\u00e1gios), e das resolu\u00e7\u00f5es da UEPB\/CONSEPE 11\/2006 (Est\u00e1gios Eletivos), 001\/2010 (Convalida\u00e7\u00e3o de Est\u00e1gios), 11\/2013 (Est\u00e1gios Obrigat\u00f3rios de Cursos de Bacharelado) e\u00a0 12\/2013 (Est\u00e1gios Supervisionados de Cursos de Licenciatura).<\/p>\n<p>A documenta\u00e7\u00e3o pertinente tanto em bacharelado quanto licenciatura, e exigida por lei se constitui de:<\/p>\n<ul>\n<li><strong>Termo de Compromisso de Est\u00e1gio<\/strong>: Corresponde ao contrato de est\u00e1gio, onde aluno, concedente (empresa que oferta est\u00e1gio mediante conv\u00eanio ou iniciativa pr\u00f3pria), e Institui\u00e7\u00e3o de Ensino assinam e formalizam os termos do Est\u00e1gio. A UEPB tem seu modelo\/padr\u00e3o espec\u00edfico. Ocasionalmente agentes de integra\u00e7\u00e3o como CIEE (Centro de Integra\u00e7\u00e3o Empresa Escola) e IEL (Instituto Euvaldo Lodi) podem figurar no termo de compromisso, sendo nesse caso o modelo fornecido por estes; \u2013 Tem que ser no n\u00famero de vias correspondentes as partes que assinam;<\/li>\n<li><strong>Plano de Est\u00e1gio<\/strong>: Documento no qual se descrevem as atividades desenvolvidas no est\u00e1gio, se especificando detalhes do est\u00e1gio como vig\u00eancia. \u2013\u00a0 \u00e9 assinado pelo aluno, e pelos supervisores da empresa e da UEPB.<br \/>\nDeclara\u00e7\u00e3o de aceite de orientador: Declara\u00e7\u00e3o assinada pelo professor que supervisionar\u00e1 na UEPB, e pelo coordenador de est\u00e1gio do curso- S\u00f3 \u00e9 necess\u00e1ria em est\u00e1gios eletivos;<\/li>\n<li><strong>Declara\u00e7\u00e3o de que cursa est\u00e1gio<\/strong>: Declara\u00e7\u00e3o exigida pela PROGRAD para comprovar o vinculo do aluno em caso de est\u00e1gio obrigat\u00f3rio de bacharelado.<\/li>\n<\/ul>\n<p>[\/vc_column_text][\/vc_column][vc_column width=&#8221;1\/2&#8243;][vc_text_separator title=&#8221;SOBRE MONITORIA&#8221; title_align=&#8221;separator_align_left&#8221;][vc_column_text]A monitoria na UEPB \u00e9 normatizada pela RESOLU\u00c7\u00c3O\/UEPB\/CONSEPE\/020\/2007. Enquanto experi\u00eancia pedag\u00f3gica oferecida ao aluno regularmente matriculado em curso de gradua\u00e7\u00e3o, a monitoria tem por objetivos despertar, no aluno, o interesse pela doc\u00eancia e promover a coopera\u00e7\u00e3o entre os corpos docente e discente, em benef\u00edcio da qualidade do ensino de gradua\u00e7\u00e3o, ministrado pela Institui\u00e7\u00e3o.<\/p>\n<p>Nesse aspecto o setor coordena e centraliza todas as sele\u00e7\u00f5es de monitoria no centro, trabalhando na divulga\u00e7\u00e3o, recolhimento de inscri\u00e7\u00f5es, elabora\u00e7\u00e3o de quadro de vagas por curso, compila\u00e7\u00e3o de resultados detalhados e envio \u00e0 PROGRAD, bem como divulga\u00e7\u00e3o destes.<\/p>\n<p>Al\u00e9m disso, atua tamb\u00e9m como ponte entre a PROGRAD e suporte ao aluno e orientador durante a execu\u00e7\u00e3o da monitoria, disponibilizando formul\u00e1rios, esclarecendo sobre d\u00favidas, recebendo documentos e encaminhando qualquer demanda referente \u00e0 atividade de monitoria no centro.[\/vc_column_text][\/vc_column][\/vc_row]<\/p>\n<\/div>","protected":false},"excerpt":{"rendered":"<p>[vc_row gap=&#8221;30&#8243;][vc_column width=&#8221;1\/2&#8243;][vc_text_separator title=&#8221;Coordena\u00e7\u00e3o de Est\u00e1gio e Monitoria&#8221; title_align=&#8221;separator_align_left&#8221;][vc_column_text]Equipe Diogo Medeiros N\u00f3brega diogomedeiros@servidor.uepb.edu.br Rodrigo Roberto de Almeida rodrigouepb@servidor.uepb.edu.br[\/vc_column_text][\/vc_column][vc_column width=&#8221;1\/2&#8243;][vc_text_separator title=&#8221;SOBRE MONITORIA&#8221; title_align=&#8221;separator_align_left&#8221;][vc_column_text]Telefone: (83) 3421 1475 \u2013 Ramal 206 Sala 303 \u2013 Setor B[\/vc_column_text][vc_btn title=&#8221;Mais informa\u00e7\u00f5es&#8221; color=&#8221;info&#8221; link=&#8221;url:https%3A%2F%2Fsites.google.com%2Fview%2Fcem-ccea%2Fp%25C3%25A1gina-inicial|title:Mais%20informa%C3%A7%C3%B5es|target:_blank&#8221;][\/vc_column][\/vc_row][vc_row gap=&#8221;30&#8243;][vc_column width=&#8221;1\/2&#8243;][vc_text_separator title=&#8221;SOBRE EST\u00c1GIO&#8221; title_align=&#8221;separator_align_left&#8221;][vc_column_text]Documentos necess\u00e1rios: Para formalizar o est\u00e1gio junto a UEPB o aluno precisa atender os <a class=\"leiamais\" href=\"https:\/\/centros.uepb.edu.br\/ccea\/estagio\/\">Leia Mais&#8230;<\/a><\/p>\n","protected":false},"author":26,"featured_media":0,"parent":0,"menu_order":8,"comment_status":"open","ping_status":"open","template":"","meta":{"jetpack_post_was_ever_published":false,"footnotes":""},"class_list":["post-101","page","type-page","status-publish","hentry"],"jetpack_sharing_enabled":true,"jetpack_shortlink":"https:\/\/wp.me\/P7WTGX-1D","jetpack_likes_enabled":true,"jetpack-related-posts":[{"id":78,"url":"https:\/\/centros.uepb.edu.br\/ccea\/contatos\/","url_meta":{"origin":101,"position":0},"title":"Contatos","author":"arnaud","date":"15 de setembro de 2017","format":false,"excerpt":"[vc_row][vc_column][vc_tta_tabs][vc_tta_section title=\"Telefones e Emails\" tab_id=\"1659114018337-80f5407e-3b27\"][vc_row_inner gap=\"30\"][vc_column_inner width=\"1\/2\"][vc_column_text css=\"\"] Dire\u00e7\u00e3o do CCEA Diretor: Jos\u00e9 Ginaldo de Souza Farias Diretor adjunto: Ant\u00f4nio Jos\u00e9 Gomes Pedrosa Telefones: (83) 3421 1475\/ 3421 1447 \u2013 Ramal 200\/ 9.9371-2221 E-mails: ccea@setor.uepb.edu.br ginaldo@servidor.uepb.edu.br pedrosa@servidor.uepb.edu.br Coordena\u00e7\u00e3o do Curso de Administra\u00e7\u00e3o Coordenador: Odilon Avelino da Cunha Coordenadora adjunta: Simone\u2026","rel":"","context":"Post similar","block_context":{"text":"Post similar","link":""},"img":{"alt_text":"","src":"https:\/\/i0.wp.com\/centros.uepb.edu.br\/ccea\/files\/2014\/09\/LocalizacaoUEPBCCEA2.jpg?resize=350%2C200&ssl=1","width":350,"height":200,"srcset":"https:\/\/i0.wp.com\/centros.uepb.edu.br\/ccea\/files\/2014\/09\/LocalizacaoUEPBCCEA2.jpg?resize=350%2C200&ssl=1 1x, https:\/\/i0.wp.com\/centros.uepb.edu.br\/ccea\/files\/2014\/09\/LocalizacaoUEPBCCEA2.jpg?resize=525%2C300&ssl=1 1.5x, https:\/\/i0.wp.com\/centros.uepb.edu.br\/ccea\/files\/2014\/09\/LocalizacaoUEPBCCEA2.jpg?resize=700%2C400&ssl=1 2x"},"classes":[]},{"id":1788,"url":"https:\/\/centros.uepb.edu.br\/ccea\/equipe\/","url_meta":{"origin":101,"position":1},"title":"Equipe","author":"thales","date":"27 de julho de 2022","format":false,"excerpt":"[vc_row gap=\"30\"][vc_column width=\"1\/3\"][vc_text_separator title=\"Diretores\" title_align=\"separator_align_left\"][vc_column_text css=\"\"]Diretor Jos\u00e9 Ginaldo de Souza Farias ginaldo@servidor.uepb.edu.br Diretor Adjunto Ant\u00f4nio Jos\u00e9 Gomes Pedrosa pedrosa@servidor.uepb.edu.br[\/vc_column_text][\/vc_column][vc_column width=\"1\/3\"][vc_text_separator title=\"Secret\u00e1rias\" title_align=\"separator_align_left\"][vc_column_text]Dinaihara Torres Fernandes de Araujo dinaihara@servidor.uepb.edu.br Val\u00e9ria Andrade Calado Dantas valeriacalado@servidor.uepb.edu.br[\/vc_column_text][\/vc_column][vc_column width=\"1\/3\"][vc_text_separator title=\"Contatos\" title_align=\"separator_align_left\"][vc_column_text css=\"\"](83) 3421 - 1475 (83) 3421 - 1447 - Ramal 200 (83) 9.9371-2221 - WhatsApp[\/vc_column_text][vc_column_text]Facebook:\u00a0Dire\u00e7\u00e3o\u2026","rel":"","context":"Post similar","block_context":{"text":"Post similar","link":""},"img":{"alt_text":"","src":"","width":0,"height":0},"classes":[]},{"id":23,"url":"https:\/\/centros.uepb.edu.br\/ccea\/graduacao\/","url_meta":{"origin":101,"position":2},"title":"Gradua\u00e7\u00e3o","author":"arnaud","date":"15 de setembro de 2017","format":false,"excerpt":"[vc_row][vc_column][vc_tta_accordion shape=\"square\" c_icon=\"triangle\" active_section=\"\" collapsible_all=\"true\"][vc_tta_section title=\"Bacharelado em Administra\u00e7\u00e3o\" tab_id=\"1659097522759-cbf74554-77e2\"][vc_column_text]Turno: Diurno\/ Noturno Dura\u00e7\u00e3o: Diurno \u2013 M\u00ednimo: 8 semestres \/ M\u00e1ximo: 12 semestres Noturno \u2013 M\u00ednimo: 9 semestres \/ M\u00e1ximo: 14 semestres C\u00f3digo do Curso:\u00a0114756 Coordenador: Odilon Avelino da Cunha Coordenadora adjunta: Simone Costa Silva Secret\u00e1ria: Fl\u00e1via Bertoldo Ferreira Endere\u00e7o: Rua Alfredo\u2026","rel":"","context":"Post similar","block_context":{"text":"Post similar","link":""},"img":{"alt_text":"","src":"","width":0,"height":0},"classes":[]},{"id":114,"url":"https:\/\/centros.uepb.edu.br\/ccea\/ctic-setorial\/","url_meta":{"origin":101,"position":3},"title":"CTIC Setorial","author":"arnaud","date":"24 de setembro de 2014","format":false,"excerpt":"[vc_row][vc_column][vc_column_text]A Coordenadoria de Tecnologia da Informa\u00e7\u00e3o (CTIC) \u00e9 o \u00f3rg\u00e3o encarregado de fornecer os recursos de tecnologia da informa\u00e7\u00e3o da UEPB.\u00a0 No Campus VII, os setores administrativos contam com o CTIC Setorial para: Prestar assessoria em atividades que demandam o uso da inform\u00e1tica; Propiciar infra-estrutura em equipamentos\/servi\u00e7os de inform\u00e1tica \u00e0s\u2026","rel":"","context":"Post similar","block_context":{"text":"Post similar","link":""},"img":{"alt_text":"","src":"","width":0,"height":0},"classes":[]},{"id":12,"url":"https:\/\/centros.uepb.edu.br\/ccea\/biblioteca\/","url_meta":{"origin":101,"position":4},"title":"Biblioteca","author":"arnaud","date":"15 de setembro de 2017","format":false,"excerpt":"[vc_row][vc_column width=\"1\/3\"][vc_btn title=\"Sobre a Biblioteca\" color=\"primary\" size=\"lg\" align=\"left\" button_block=\"true\" link=\"url:https%3A%2F%2Fcentros.uepb.edu.br%2Fccea%2Fbiblioteca%2Fsobre%2F|title:Sobre\"][\/vc_column][vc_column width=\"1\/3\"][vc_btn title=\"Infraestrutura\" color=\"primary\" size=\"lg\" align=\"left\" button_block=\"true\" link=\"url:https%3A%2F%2Fcentros.uepb.edu.br%2Fccea%2Fbiblioteca%2Finfraestrutura%2F|title:Infraestrutura\"][\/vc_column][vc_column width=\"1\/3\"][vc_btn title=\"Servi\u00e7os Oferecidos\" color=\"primary\" size=\"lg\" align=\"left\" button_block=\"true\" link=\"url:https%3A%2F%2Fcentros.uepb.edu.br%2Fccea%2Fbiblioteca%2Fservicos-oferecidos%2F|title:Servi%C3%A7os%20Oferecidos\"][\/vc_column][\/vc_row]","rel":"","context":"Post similar","block_context":{"text":"Post similar","link":""},"img":{"alt_text":"","src":"","width":0,"height":0},"classes":[]},{"id":1759,"url":"https:\/\/centros.uepb.edu.br\/ccea\/","url_meta":{"origin":101,"position":5},"title":"P\u00e1gina Inicial","author":"thales","date":"27 de julho de 2022","format":false,"excerpt":"[vc_row gap=\"30\" css=\".vc_custom_1658949556204{margin-top: 30px !important;}\"][vc_column width=\"2\/3\"][vc_text_separator title=\"Not\u00edcias\" i_icon_fontawesome=\"fas fa-newspaper\" i_color=\"custom\" title_align=\"separator_align_left\" add_icon=\"true\" i_custom_color=\"#cc0000\"][\/vc_column][vc_column width=\"1\/3\"][vc_text_separator title=\"Acesso R\u00e1pido\" i_icon_fontawesome=\"fas fa-external-link-alt\" i_color=\"custom\" title_align=\"separator_align_left\" add_icon=\"true\" i_custom_color=\"#cc0000\"][vc_btn title=\"Acervo Online\" color=\"primary\" size=\"lg\" align=\"left\" button_block=\"true\" link=\"url:http%3A%2F%2F200.129.73.138%2FTelas%2Fw_busca_rapida.php|title:Acervo%20online|target:_blank\" css=\".vc_custom_1658949432885{margin-bottom: 3px !important;}\"][vc_btn title=\"Calend\u00e1rio Acad\u00eamico 2022.2\" color=\"primary\" size=\"lg\" align=\"left\" button_block=\"true\" link=\"url:https%3A%2F%2Fuepb.edu.br%2Fprograd%2Fdownload%2Fcalendario-academico-2022-2%2F|title:Calend%C3%A1rio%20Acad%C3%AAmico%202022.2|target:_blank\" css=\".vc_custom_1658949467315{margin-bottom: 3px !important;}\"][vc_btn title=\"Controle Acad\u00eamico\" color=\"primary\" size=\"lg\" align=\"left\" button_block=\"true\" link=\"url:https%3A%2F%2Facademico.uepb.edu.br%2Fca%2F|title:Controle%20Acad%C3%AAmico|target:_blank\"\u2026","rel":"","context":"Post similar","block_context":{"text":"Post similar","link":""},"img":{"alt_text":"","src":"","width":0,"height":0},"classes":[]}],"_links":{"self":[{"href":"https:\/\/centros.uepb.edu.br\/ccea\/wp-json\/wp\/v2\/pages\/101","targetHints":{"allow":["GET"]}}],"collection":[{"href":"https:\/\/centros.uepb.edu.br\/ccea\/wp-json\/wp\/v2\/pages"}],"about":[{"href":"https:\/\/centros.uepb.edu.br\/ccea\/wp-json\/wp\/v2\/types\/page"}],"author":[{"embeddable":true,"href":"https:\/\/centros.uepb.edu.br\/ccea\/wp-json\/wp\/v2\/users\/26"}],"replies":[{"embeddable":true,"href":"https:\/\/centros.uepb.edu.br\/ccea\/wp-json\/wp\/v2\/comments?post=101"}],"version-history":[{"count":0,"href":"https:\/\/centros.uepb.edu.br\/ccea\/wp-json\/wp\/v2\/pages\/101\/revisions"}],"wp:attachment":[{"href":"https:\/\/centros.uepb.edu.br\/ccea\/wp-json\/wp\/v2\/media?parent=101"}],"curies":[{"name":"wp","href":"https:\/\/api.w.org\/{rel}","templated":true}]}}