{"id":8612,"date":"2022-05-19T18:39:38","date_gmt":"2022-05-19T18:39:38","guid":{"rendered":"https:\/\/centros.uepb.edu.br\/ccbsa\/?page_id=8612"},"modified":"2023-03-21T11:49:26","modified_gmt":"2023-03-21T11:49:26","slug":"contatos","status":"publish","type":"page","link":"https:\/\/centros.uepb.edu.br\/ccbsa\/contatos\/","title":{"rendered":"Contatos"},"content":{"rendered":"<div class=\"wpb-content-wrapper\"><p>[vc_row][vc_column][vc_column_text]<strong>Telefone<\/strong>: (83) 99444-6087<br \/>\n<strong>Polo EAD:<\/strong> (83) 99374-0087<br \/>\n<strong>Facebook<\/strong>: <a href=\"https:\/\/www.facebook.com\/uepbcampusv\">https:\/\/www.facebook.com\/uepbcampusv<\/a><br \/>\n<strong>Canal no Youtube<\/strong>: <a href=\"https:\/\/www.youtube.com\/channel\/UCjlMwwm1sPZj65lFydHndIA\/featured?view_as=subscriber\">UEPB Campus V CCBSA<\/a><\/p>\n<p><strong>Endere\u00e7o<\/strong>: Rua Hor\u00e1cio Trajano de Oliveira, S\/N, Cristo. Cep: 58071-160<br \/>\n<strong>E-mail<\/strong>: secretaria.ccbsa@setor.uepb.edu.br\/ Grupo no Facebook: <a href=\"http:\/\/www.facebook.com\/groups\/124860674314889\/?fref=ts\" target=\"_blank\" rel=\"noopener noreferrer\">UEPB Campus V<\/a><\/p>\n<p><strong>Atendimento<\/strong>: das 8 \u00e0s 21 horas<\/p>\n<p>Criado em 2006, ap\u00f3s a conquista da autonomia financeira que viabilizou a expans\u00e3o da UEPB, o Campus V &#8211; Jos\u00e9 Lins do R\u00eago trouxe para o litoral do Estado cursos pioneiros e forma\u00e7\u00f5es com o intuito de atender a uma demanda local, como os Bacharelados em Arquivologia, Rela\u00e7\u00f5es Internacionais e Ci\u00eancias Biol\u00f3gicas, e Licenciatura em Ci\u00eancias Biol\u00f3gicas.[\/vc_column_text][\/vc_column][\/vc_row]<\/p>\n<\/div>","protected":false},"excerpt":{"rendered":"<p>[vc_row][vc_column][vc_column_text]Telefone: (83) 99444-6087 Polo EAD: (83) 99374-0087 Facebook: https:\/\/www.facebook.com\/uepbcampusv Canal no Youtube: UEPB Campus V CCBSA Endere\u00e7o: Rua Hor\u00e1cio Trajano de Oliveira, S\/N, Cristo. Cep: 58071-160 E-mail: secretaria.ccbsa@setor.uepb.edu.br\/ Grupo no Facebook: UEPB Campus V Atendimento: das 8 \u00e0s 21 horas Criado em 2006, ap\u00f3s a conquista da autonomia financeira que viabilizou a expans\u00e3o da UEPB, <a class=\"leiamais\" href=\"https:\/\/centros.uepb.edu.br\/ccbsa\/contatos\/\">Leia Mais&#8230;<\/a><\/p>\n","protected":false},"author":29,"featured_media":0,"parent":0,"menu_order":14,"comment_status":"closed","ping_status":"closed","template":"","meta":{"footnotes":""},"class_list":["post-8612","page","type-page","status-publish","hentry"],"_links":{"self":[{"href":"https:\/\/centros.uepb.edu.br\/ccbsa\/wp-json\/wp\/v2\/pages\/8612","targetHints":{"allow":["GET"]}}],"collection":[{"href":"https:\/\/centros.uepb.edu.br\/ccbsa\/wp-json\/wp\/v2\/pages"}],"about":[{"href":"https:\/\/centros.uepb.edu.br\/ccbsa\/wp-json\/wp\/v2\/types\/page"}],"author":[{"embeddable":true,"href":"https:\/\/centros.uepb.edu.br\/ccbsa\/wp-json\/wp\/v2\/users\/29"}],"replies":[{"embeddable":true,"href":"https:\/\/centros.uepb.edu.br\/ccbsa\/wp-json\/wp\/v2\/comments?post=8612"}],"version-history":[{"count":0,"href":"https:\/\/centros.uepb.edu.br\/ccbsa\/wp-json\/wp\/v2\/pages\/8612\/revisions"}],"wp:attachment":[{"href":"https:\/\/centros.uepb.edu.br\/ccbsa\/wp-json\/wp\/v2\/media?parent=8612"}],"curies":[{"name":"wp","href":"https:\/\/api.w.org\/{rel}","templated":true}]}}