{"id":8571,"date":"2022-05-19T17:15:44","date_gmt":"2022-05-19T17:15:44","guid":{"rendered":"https:\/\/centros.uepb.edu.br\/ccbsa\/?page_id=8571"},"modified":"2022-12-14T19:04:39","modified_gmt":"2022-12-14T19:04:39","slug":"home","status":"publish","type":"page","link":"https:\/\/centros.uepb.edu.br\/ccbsa\/","title":{"rendered":"Home"},"content":{"rendered":"<div class=\"wpb-content-wrapper\"><p>[vc_row][vc_column]<div class=\"mdl-grid\"><div class=\"mdl-cell mdl-cell--4-col mdl-cell--6-col-tablet mdl-cell--12-col-phone bloco-noticias\"><div class=\"imagem-destaque-noticia\"><a href=\"https:\/\/centros.uepb.edu.br\/ccbsa\/campus-v-conta-com-programacao-especial-de-acolhimento-de-estudantes-ingressantes-e-inicio-do-semestre-2026-1\/\"><img decoding=\"async\" src=\"https:\/\/centros.uepb.edu.br\/ccbsa\/files\/2026\/04\/WhatsApp-Image-2026-04-29-at-10.55.48.jpeg\" class=\"img-destaque-noticia img-responsive\" alt=\"C\u00e2mpus V conta com programa\u00e7\u00e3o especial de acolhimento de estudantes ingressantes e in\u00edcio do semestre 2026.1\" title=\"\"\/><\/a><\/div><div class=\"titulo-noticia-widget\"><a href=\"https:\/\/centros.uepb.edu.br\/ccbsa\/campus-v-conta-com-programacao-especial-de-acolhimento-de-estudantes-ingressantes-e-inicio-do-semestre-2026-1\/\" class=\"vc_gitem-link\"><h3 class=\"titulo-destaque-noticia\">C\u00e2mpus V conta com programa\u00e7\u00e3o especial de acolhimento de estudantes ingressantes e in\u00edcio do semestre 2026.1<\/h3><\/a><\/div><\/div><div class=\"mdl-cell mdl-cell--4-col mdl-cell--6-col-tablet mdl-cell--12-col-phone bloco-noticias\"><div class=\"imagem-destaque-noticia\"><a href=\"https:\/\/centros.uepb.edu.br\/ccbsa\/direcao-de-centro-e-coordenacoes-de-curso-divulgam-programacao-de-acolhida-a-estudantes-calouros-do-periodo-2026-1\/\"><img decoding=\"async\" src=\"https:\/\/centros.uepb.edu.br\/ccbsa\/files\/2024\/09\/IMG_4350ok.png\" class=\"img-destaque-noticia img-responsive\" alt=\"Dire\u00e7\u00e3o de Centro e coordena\u00e7\u00f5es de curso divulgam programa\u00e7\u00e3o de acolhida a estudantes calouros do per\u00edodo 2026.1\" title=\"\"\/><\/a><\/div><div class=\"titulo-noticia-widget\"><a href=\"https:\/\/centros.uepb.edu.br\/ccbsa\/direcao-de-centro-e-coordenacoes-de-curso-divulgam-programacao-de-acolhida-a-estudantes-calouros-do-periodo-2026-1\/\" class=\"vc_gitem-link\"><h3 class=\"titulo-destaque-noticia\">Dire\u00e7\u00e3o de Centro e coordena\u00e7\u00f5es de curso divulgam programa\u00e7\u00e3o de acolhida a estudantes calouros do per\u00edodo 2026.1<\/h3><\/a><\/div><\/div><div class=\"mdl-cell mdl-cell--4-col mdl-cell--6-col-tablet mdl-cell--12-col-phone bloco-noticias\"><div class=\"imagem-destaque-noticia\"><a href=\"https:\/\/centros.uepb.edu.br\/ccbsa\/cursos-do-limite-do-visivel-de-joao-pessoa-iniciam-semestre-2026-1-com-uma-programacao-de-acolhida\/\"><img decoding=\"async\" src=\"https:\/\/centros.uepb.edu.br\/ccbsa\/files\/2026\/04\/WhatsApp-Image-2026-04-01-at-11.14.00.jpeg\" class=\"img-destaque-noticia img-responsive\" alt=\"Cursos do Limite do Vis\u00edvel de Jo\u00e3o Pessoa iniciam semestre 2026.1 com uma programa\u00e7\u00e3o de acolhida\" title=\"\"\/><\/a><\/div><div class=\"titulo-noticia-widget\"><a href=\"https:\/\/centros.uepb.edu.br\/ccbsa\/cursos-do-limite-do-visivel-de-joao-pessoa-iniciam-semestre-2026-1-com-uma-programacao-de-acolhida\/\" class=\"vc_gitem-link\"><h3 class=\"titulo-destaque-noticia\">Cursos do Limite do Vis\u00edvel de Jo\u00e3o Pessoa iniciam semestre 2026.1 com uma programa\u00e7\u00e3o de acolhida<\/h3><\/a><\/div><\/div><\/div><div class=\"mdl-grid\"><div class=\"mdl-cell--4-col mdl-cell--6-col-tablet mdl-cell--12-col-phone bloco-noticias\"><div class=\"titulo-noticia-widget\"><a href=\"https:\/\/centros.uepb.edu.br\/ccbsa\/pesquisa-de-mestranda-do-ppgdarq-conquista-reconhecimento-nacional-no-portal-de-boas-praticas-do-cnj-2\/\"><h3 class=\"titulo-destaque-noticia\">Pesquisa de mestranda do PPGDARQ conquista reconhecimento nacional no Portal de Boas Pr\u00e1ticas do CNJ<\/h3><\/a><\/div><div class=\"titulo-noticia-widget\"><a href=\"https:\/\/centros.uepb.edu.br\/ccbsa\/coordenacao-de-relacoes-internacionais-e-ceappg-divulgam-resultado-de-selecao-para-estagio-na-sede-da-aladi-em-montevideu\/\"><h3 class=\"titulo-destaque-noticia\">Coordena\u00e7\u00e3o de Rela\u00e7\u00f5es Internacionais e CEAPPG divulgam resultado de sele\u00e7\u00e3o para est\u00e1gio na sede da ALADI em Montevid\u00e9u<\/h3><\/a><\/div><div class=\"titulo-noticia-widget\"><a href=\"https:\/\/centros.uepb.edu.br\/ccbsa\/programa-de-pos-graduacao-em-saude-da-familia-divulga-edital-de-selecao-de-nova-coordenacao-para-o-bienio-2026-2028\/\"><h3 class=\"titulo-destaque-noticia\">Programa de P\u00f3s-Gradua\u00e7\u00e3o em Sa\u00fade da Fam\u00edlia divulga edital de sele\u00e7\u00e3o de nova coordena\u00e7\u00e3o para o bi\u00eanio 2026-2028<\/h3><\/a><\/div><\/div><div class=\"mdl-cell--4-col mdl-cell--6-col-tablet mdl-cell--12-col-phone bloco-noticias\"><div class=\"titulo-noticia-widget\"><a href=\"https:\/\/centros.uepb.edu.br\/ccbsa\/curso-de-ciencias-biologicas-do-campus-v-inscreve-ate-o-dia-27-de-abril-para-selecao-de-professor-substituto\/\"><h3 class=\"titulo-destaque-noticia\">Curso de Ci\u00eancias Biol\u00f3gicas do C\u00e2mpus V inscreve at\u00e9 o dia 27 de abril para sele\u00e7\u00e3o de professor substituto<\/h3><\/a><\/div><div class=\"titulo-noticia-widget\"><a href=\"https:\/\/centros.uepb.edu.br\/ccbsa\/expediente-reitoria-publica-portaria-que-altera-funcionamento-na-universidade-nesta-segunda-feira-20\/\"><h3 class=\"titulo-destaque-noticia\">Expediente: Reitoria publica portaria que altera funcionamento na Universidade nesta segunda-feira (20)<\/h3><\/a><\/div><div class=\"titulo-noticia-widget\"><a href=\"https:\/\/centros.uepb.edu.br\/ccbsa\/estagio-na-aladi-oportunidade-para-estudantes-de-relacoes-internacionais-vivenciarem-experiencia-internacional\/\"><h3 class=\"titulo-destaque-noticia\">Est\u00e1gio na ALADI: oportunidade para estudantes de Rela\u00e7\u00f5es Internacionais vivenciarem experi\u00eancia internacional<\/h3><\/a><\/div><\/div><div class=\"mdl-cell--4-col mdl-cell--6-col-tablet mdl-cell--12-col-phone bloco-noticias\"><div class=\"titulo-noticia-widget\"><a href=\"https:\/\/centros.uepb.edu.br\/ccbsa\/cursos-do-campus-de-joao-pessoa-oferecem-94-vagas-para-programa-de-monitoria-do-semestre-letivo-2026-1\/\"><h3 class=\"titulo-destaque-noticia\">Cursos do C\u00e2mpus de Jo\u00e3o Pessoa oferecem 107 vagas para Programa de Monitoria do semestre letivo 2026.1<\/h3><\/a><\/div><div class=\"titulo-noticia-widget\"><a href=\"https:\/\/centros.uepb.edu.br\/ccbsa\/comissao-eleitoral-divulga-resultado-de-eleicoes-de-representantes-do-ccbsa-no-conselho-de-ensino-pesquisa-e-extensao\/\"><h3 class=\"titulo-destaque-noticia\">Comiss\u00e3o eleitoral divulga resultado de elei\u00e7\u00f5es de representantes do CCBSA no Conselho de Ensino, Pesquisa e Extens\u00e3o<\/h3><\/a><\/div><div class=\"titulo-noticia-widget\"><a href=\"https:\/\/centros.uepb.edu.br\/ccbsa\/portaria-determina-horario-de-funcionamento-administrativo-durante-periodo-de-ferias-coletivas-docentes\/\"><h3 class=\"titulo-destaque-noticia\">Portaria determina hor\u00e1rio de funcionamento administrativo durante per\u00edodo de f\u00e9rias coletivas docentes<\/h3><\/a><\/div><\/div><\/div>[\/vc_column][\/vc_row][vc_row css=&#8221;.vc_custom_1653479969935{padding-bottom: 30px !important;}&#8221;][vc_column][vc_text_separator title=&#8221;Acesso r\u00e1pido&#8221; i_icon_fontawesome=&#8221;fas fa-external-link-square-alt&#8221; i_color=&#8221;custom&#8221; title_align=&#8221;separator_align_left&#8221; add_icon=&#8221;true&#8221; i_custom_color=&#8221;#2d95bf&#8221;][vc_btn title=&#8221;ASCOM &#8211; CCBSA&#8221; shape=&#8221;square&#8221; color=&#8221;primary&#8221; link=&#8221;url:https%3A%2F%2Fcentros.uepb.edu.br%2Fccbsa%2Fascom-ccbsa%2F|title:ASCOM%20%E2%80%93%20CCBSA&#8221; css=&#8221;.vc_custom_1653486299159{margin-left: 15px !important;}&#8221;][vc_btn title=&#8221;CTIC &#8211; CCBSA&#8221; shape=&#8221;square&#8221; color=&#8221;primary&#8221; link=&#8221;url:https%3A%2F%2Fcentros.uepb.edu.br%2Fccbsa%2Fctic-ccbsa%2F|title:CTIC%20%E2%80%93%20CCBSA&#8221; css=&#8221;.vc_custom_1653486306212{margin-left: 10px !important;}&#8221;][vc_btn title=&#8221;Infraestrutura &#8211; CCBSA&#8221; shape=&#8221;square&#8221; color=&#8221;primary&#8221; link=&#8221;url:https%3A%2F%2Fcentros.uepb.edu.br%2Fccbsa%2Finfraestrutura-ccbsa%2F|title:Infraestrutura&#8221; css=&#8221;.vc_custom_1653486314382{margin-left: 10px !important;}&#8221;][vc_btn title=&#8221;Periodicos&#8221; shape=&#8221;square&#8221; color=&#8221;primary&#8221; link=&#8221;url:https%3A%2F%2Fwww.periodicos.capes.gov.br%2F|title:Periodicos%20CAPES|target:_blank&#8221; css=&#8221;.vc_custom_1653486174003{margin-left: 10px !important;}&#8221;][vc_btn title=&#8221;Certificados&#8221; shape=&#8221;square&#8221; color=&#8221;primary&#8221; link=&#8221;url:https%3A%2F%2Fcentros.uepb.edu.br%2Fccbsa%2Fcertificados%2F|title:Certificados&#8221; css=&#8221;.vc_custom_1653486321317{margin-left: 10px !important;}&#8221;][\/vc_column][\/vc_row]<\/p>\n<\/div>","protected":false},"excerpt":{"rendered":"<p>[vc_row][vc_column][\/vc_column][\/vc_row][vc_row css=&#8221;.vc_custom_1653479969935{padding-bottom: 30px !important;}&#8221;][vc_column][vc_text_separator title=&#8221;Acesso r\u00e1pido&#8221; i_icon_fontawesome=&#8221;fas fa-external-link-square-alt&#8221; i_color=&#8221;custom&#8221; title_align=&#8221;separator_align_left&#8221; add_icon=&#8221;true&#8221; i_custom_color=&#8221;#2d95bf&#8221;][vc_btn title=&#8221;ASCOM &#8211; CCBSA&#8221; shape=&#8221;square&#8221; color=&#8221;primary&#8221; link=&#8221;url:https%3A%2F%2Fcentros.uepb.edu.br%2Fccbsa%2Fascom-ccbsa%2F|title:ASCOM%20%E2%80%93%20CCBSA&#8221; css=&#8221;.vc_custom_1653486299159{margin-left: 15px !important;}&#8221;][vc_btn title=&#8221;CTIC &#8211; CCBSA&#8221; shape=&#8221;square&#8221; color=&#8221;primary&#8221; link=&#8221;url:https%3A%2F%2Fcentros.uepb.edu.br%2Fccbsa%2Fctic-ccbsa%2F|title:CTIC%20%E2%80%93%20CCBSA&#8221; css=&#8221;.vc_custom_1653486306212{margin-left: 10px !important;}&#8221;][vc_btn title=&#8221;Infraestrutura &#8211; CCBSA&#8221; shape=&#8221;square&#8221; color=&#8221;primary&#8221; link=&#8221;url:https%3A%2F%2Fcentros.uepb.edu.br%2Fccbsa%2Finfraestrutura-ccbsa%2F|title:Infraestrutura&#8221; css=&#8221;.vc_custom_1653486314382{margin-left: 10px !important;}&#8221;][vc_btn title=&#8221;Periodicos&#8221; shape=&#8221;square&#8221; color=&#8221;primary&#8221; link=&#8221;url:https%3A%2F%2Fwww.periodicos.capes.gov.br%2F|title:Periodicos%20CAPES|target:_blank&#8221; css=&#8221;.vc_custom_1653486174003{margin-left: 10px !important;}&#8221;][vc_btn title=&#8221;Certificados&#8221; shape=&#8221;square&#8221; color=&#8221;primary&#8221; link=&#8221;url:https%3A%2F%2Fcentros.uepb.edu.br%2Fccbsa%2Fcertificados%2F|title:Certificados&#8221; css=&#8221;.vc_custom_1653486321317{margin-left: 10px !important;}&#8221;][\/vc_column][\/vc_row]<\/p>\n","protected":false},"author":29,"featured_media":0,"parent":0,"menu_order":12,"comment_status":"closed","ping_status":"closed","template":"","meta":{"footnotes":""},"class_list":["post-8571","page","type-page","status-publish","hentry"],"_links":{"self":[{"href":"https:\/\/centros.uepb.edu.br\/ccbsa\/wp-json\/wp\/v2\/pages\/8571","targetHints":{"allow":["GET"]}}],"collection":[{"href":"https:\/\/centros.uepb.edu.br\/ccbsa\/wp-json\/wp\/v2\/pages"}],"about":[{"href":"https:\/\/centros.uepb.edu.br\/ccbsa\/wp-json\/wp\/v2\/types\/page"}],"author":[{"embeddable":true,"href":"https:\/\/centros.uepb.edu.br\/ccbsa\/wp-json\/wp\/v2\/users\/29"}],"replies":[{"embeddable":true,"href":"https:\/\/centros.uepb.edu.br\/ccbsa\/wp-json\/wp\/v2\/comments?post=8571"}],"version-history":[{"count":0,"href":"https:\/\/centros.uepb.edu.br\/ccbsa\/wp-json\/wp\/v2\/pages\/8571\/revisions"}],"wp:attachment":[{"href":"https:\/\/centros.uepb.edu.br\/ccbsa\/wp-json\/wp\/v2\/media?parent=8571"}],"curies":[{"name":"wp","href":"https:\/\/api.w.org\/{rel}","templated":true}]}}

<div class="wpb-content-wrapper"><p>[vc_row][vc_column]<div class="mdl-grid"><div class="mdl-cell mdl-cell--4-col mdl-cell--6-col-tablet mdl-cell--12-col-phone bloco-noticias"><div class="imagem-destaque-noticia"><a href="https://centros.uepb.edu.br/ccbsa/campus-v-conta-com-programacao-especial-de-acolhimento-de-estudantes-ingressantes-e-inicio-do-semestre-2026-1/"><img decoding="async" src="https://centros.uepb.edu.br/ccbsa/files/2026/04/WhatsApp-Image-2026-04-29-at-10.55.48.jpeg" class="img-destaque-noticia img-responsive" alt="Câmpus V conta com programação especial de acolhimento de estudantes ingressantes e início do semestre 2026.1" title=""/></a></div><div class="titulo-noticia-widget"><a href="https://centros.uepb.edu.br/ccbsa/campus-v-conta-com-programacao-especial-de-acolhimento-de-estudantes-ingressantes-e-inicio-do-semestre-2026-1/" class="vc_gitem-link"><h3 class="titulo-destaque-noticia">Câmpus V conta com programação especial de acolhimento de estudantes ingressantes e início do semestre 2026.1</h3></a></div></div><div class="mdl-cell mdl-cell--4-col mdl-cell--6-col-tablet mdl-cell--12-col-phone bloco-noticias"><div class="imagem-destaque-noticia"><a href="https://centros.uepb.edu.br/ccbsa/direcao-de-centro-e-coordenacoes-de-curso-divulgam-programacao-de-acolhida-a-estudantes-calouros-do-periodo-2026-1/"><img decoding="async" src="https://centros.uepb.edu.br/ccbsa/files/2024/09/IMG_4350ok.png" class="img-destaque-noticia img-responsive" alt="Direção de Centro e coordenações de curso divulgam programação de acolhida a estudantes calouros do período 2026.1" title=""/></a></div><div class="titulo-noticia-widget"><a href="https://centros.uepb.edu.br/ccbsa/direcao-de-centro-e-coordenacoes-de-curso-divulgam-programacao-de-acolhida-a-estudantes-calouros-do-periodo-2026-1/" class="vc_gitem-link"><h3 class="titulo-destaque-noticia">Direção de Centro e coordenações de curso divulgam programação de acolhida a estudantes calouros do período 2026.1</h3></a></div></div><div class="mdl-cell mdl-cell--4-col mdl-cell--6-col-tablet mdl-cell--12-col-phone bloco-noticias"><div class="imagem-destaque-noticia"><a href="https://centros.uepb.edu.br/ccbsa/cursos-do-limite-do-visivel-de-joao-pessoa-iniciam-semestre-2026-1-com-uma-programacao-de-acolhida/"><img decoding="async" src="https://centros.uepb.edu.br/ccbsa/files/2026/04/WhatsApp-Image-2026-04-01-at-11.14.00.jpeg" class="img-destaque-noticia img-responsive" alt="Cursos do Limite do Visível de João Pessoa iniciam semestre 2026.1 com uma programação de acolhida" title=""/></a></div><div class="titulo-noticia-widget"><a href="https://centros.uepb.edu.br/ccbsa/cursos-do-limite-do-visivel-de-joao-pessoa-iniciam-semestre-2026-1-com-uma-programacao-de-acolhida/" class="vc_gitem-link"><h3 class="titulo-destaque-noticia">Cursos do Limite do Visível de João Pessoa iniciam semestre 2026.1 com uma programação de acolhida</h3></a></div></div></div><div class="mdl-grid"><div class="mdl-cell--4-col mdl-cell--6-col-tablet mdl-cell--12-col-phone bloco-noticias"><div class="titulo-noticia-widget"><a href="https://centros.uepb.edu.br/ccbsa/pesquisa-de-mestranda-do-ppgdarq-conquista-reconhecimento-nacional-no-portal-de-boas-praticas-do-cnj-2/"><h3 class="titulo-destaque-noticia">Pesquisa de mestranda do PPGDARQ conquista reconhecimento nacional no Portal de Boas Práticas do CNJ</h3></a></div><div class="titulo-noticia-widget"><a href="https://centros.uepb.edu.br/ccbsa/coordenacao-de-relacoes-internacionais-e-ceappg-divulgam-resultado-de-selecao-para-estagio-na-sede-da-aladi-em-montevideu/"><h3 class="titulo-destaque-noticia">Coordenação de Relações Internacionais e CEAPPG divulgam resultado de seleção para estágio na sede da ALADI em Montevidéu</h3></a></div><div class="titulo-noticia-widget"><a href="https://centros.uepb.edu.br/ccbsa/programa-de-pos-graduacao-em-saude-da-familia-divulga-edital-de-selecao-de-nova-coordenacao-para-o-bienio-2026-2028/"><h3 class="titulo-destaque-noticia">Programa de Pós-Graduação em Saúde da Família divulga edital de seleção de nova coordenação para o biênio 2026-2028</h3></a></div></div><div class="mdl-cell--4-col mdl-cell--6-col-tablet mdl-cell--12-col-phone bloco-noticias"><div class="titulo-noticia-widget"><a href="https://centros.uepb.edu.br/ccbsa/curso-de-ciencias-biologicas-do-campus-v-inscreve-ate-o-dia-27-de-abril-para-selecao-de-professor-substituto/"><h3 class="titulo-destaque-noticia">Curso de Ciências Biológicas do Câmpus V inscreve até o dia 27 de abril para seleção de professor substituto</h3></a></div><div class="titulo-noticia-widget"><a href="https://centros.uepb.edu.br/ccbsa/expediente-reitoria-publica-portaria-que-altera-funcionamento-na-universidade-nesta-segunda-feira-20/"><h3 class="titulo-destaque-noticia">Expediente: Reitoria publica portaria que altera funcionamento na Universidade nesta segunda-feira (20)</h3></a></div><div class="titulo-noticia-widget"><a href="https://centros.uepb.edu.br/ccbsa/estagio-na-aladi-oportunidade-para-estudantes-de-relacoes-internacionais-vivenciarem-experiencia-internacional/"><h3 class="titulo-destaque-noticia">Estágio na ALADI: oportunidade para estudantes de Relações Internacionais vivenciarem experiência internacional</h3></a></div></div><div class="mdl-cell--4-col mdl-cell--6-col-tablet mdl-cell--12-col-phone bloco-noticias"><div class="titulo-noticia-widget"><a href="https://centros.uepb.edu.br/ccbsa/cursos-do-campus-de-joao-pessoa-oferecem-94-vagas-para-programa-de-monitoria-do-semestre-letivo-2026-1/"><h3 class="titulo-destaque-noticia">Cursos do Câmpus de João Pessoa oferecem 107 vagas para Programa de Monitoria do semestre letivo 2026.1</h3></a></div><div class="titulo-noticia-widget"><a href="https://centros.uepb.edu.br/ccbsa/comissao-eleitoral-divulga-resultado-de-eleicoes-de-representantes-do-ccbsa-no-conselho-de-ensino-pesquisa-e-extensao/"><h3 class="titulo-destaque-noticia">Comissão eleitoral divulga resultado de eleições de representantes do CCBSA no Conselho de Ensino, Pesquisa e Extensão</h3></a></div><div class="titulo-noticia-widget"><a href="https://centros.uepb.edu.br/ccbsa/portaria-determina-horario-de-funcionamento-administrativo-durante-periodo-de-ferias-coletivas-docentes/"><h3 class="titulo-destaque-noticia">Portaria determina horário de funcionamento administrativo durante período de férias coletivas docentes</h3></a></div></div></div>[/vc_column][/vc_row][vc_row css=&#8221;.vc_custom_1653479969935{padding-bottom: 30px !important;}&#8221;][vc_column][vc_text_separator title=&#8221;Acesso rápido&#8221; i_icon_fontawesome=&#8221;fas fa-external-link-square-alt&#8221; i_color=&#8221;custom&#8221; title_align=&#8221;separator_align_left&#8221; add_icon=&#8221;true&#8221; i_custom_color=&#8221;#2d95bf&#8221;][vc_btn title=&#8221;ASCOM &#8211; CCBSA&#8221; shape=&#8221;square&#8221; color=&#8221;primary&#8221; link=&#8221;url:https%3A%2F%2Fcentros.uepb.edu.br%2Fccbsa%2Fascom-ccbsa%2F|title:ASCOM%20%E2%80%93%20CCBSA&#8221; css=&#8221;.vc_custom_1653486299159{margin-left: 15px !important;}&#8221;][vc_btn title=&#8221;CTIC &#8211; CCBSA&#8221; shape=&#8221;square&#8221; color=&#8221;primary&#8221; link=&#8221;url:https%3A%2F%2Fcentros.uepb.edu.br%2Fccbsa%2Fctic-ccbsa%2F|title:CTIC%20%E2%80%93%20CCBSA&#8221; css=&#8221;.vc_custom_1653486306212{margin-left: 10px !important;}&#8221;][vc_btn title=&#8221;Infraestrutura &#8211; CCBSA&#8221; shape=&#8221;square&#8221; color=&#8221;primary&#8221; link=&#8221;url:https%3A%2F%2Fcentros.uepb.edu.br%2Fccbsa%2Finfraestrutura-ccbsa%2F|title:Infraestrutura&#8221; css=&#8221;.vc_custom_1653486314382{margin-left: 10px !important;}&#8221;][vc_btn title=&#8221;Periodicos&#8221; shape=&#8221;square&#8221; color=&#8221;primary&#8221; link=&#8221;url:https%3A%2F%2Fwww.periodicos.capes.gov.br%2F|title:Periodicos%20CAPES|target:_blank&#8221; css=&#8221;.vc_custom_1653486174003{margin-left: 10px !important;}&#8221;][vc_btn title=&#8221;Certificados&#8221; shape=&#8221;square&#8221; color=&#8221;primary&#8221; link=&#8221;url:https%3A%2F%2Fcentros.uepb.edu.br%2Fccbsa%2Fcertificados%2F|title:Certificados&#8221; css=&#8221;.vc_custom_1653486321317{margin-left: 10px !important;}&#8221;][/vc_column][/vc_row]</p>
</div>

<p>[vc_row][vc_column][/vc_column][/vc_row][vc_row css=&#8221;.vc_custom_1653479969935{padding-bottom: 30px !important;}&#8221;][vc_column][vc_text_separator title=&#8221;Acesso rápido&#8221; i_icon_fontawesome=&#8221;fas fa-external-link-square-alt&#8221; i_color=&#8221;custom&#8221; title_align=&#8221;separator_align_left&#8221; add_icon=&#8221;true&#8221; i_custom_color=&#8221;#2d95bf&#8221;][vc_btn title=&#8221;ASCOM &#8211; CCBSA&#8221; shape=&#8221;square&#8221; color=&#8221;primary&#8221; link=&#8221;url:https%3A%2F%2Fcentros.uepb.edu.br%2Fccbsa%2Fascom-ccbsa%2F|title:ASCOM%20%E2%80%93%20CCBSA&#8221; css=&#8221;.vc_custom_1653486299159{margin-left: 15px !important;}&#8221;][vc_btn title=&#8221;CTIC &#8211; CCBSA&#8221; shape=&#8221;square&#8221; color=&#8221;primary&#8221; link=&#8221;url:https%3A%2F%2Fcentros.uepb.edu.br%2Fccbsa%2Fctic-ccbsa%2F|title:CTIC%20%E2%80%93%20CCBSA&#8221; css=&#8221;.vc_custom_1653486306212{margin-left: 10px !important;}&#8221;][vc_btn title=&#8221;Infraestrutura &#8211; CCBSA&#8221; shape=&#8221;square&#8221; color=&#8221;primary&#8221; link=&#8221;url:https%3A%2F%2Fcentros.uepb.edu.br%2Fccbsa%2Finfraestrutura-ccbsa%2F|title:Infraestrutura&#8221; css=&#8221;.vc_custom_1653486314382{margin-left: 10px !important;}&#8221;][vc_btn title=&#8221;Periodicos&#8221; shape=&#8221;square&#8221; color=&#8221;primary&#8221; link=&#8221;url:https%3A%2F%2Fwww.periodicos.capes.gov.br%2F|title:Periodicos%20CAPES|target:_blank&#8221; css=&#8221;.vc_custom_1653486174003{margin-left: 10px !important;}&#8221;][vc_btn title=&#8221;Certificados&#8221; shape=&#8221;square&#8221; color=&#8221;primary&#8221; link=&#8221;url:https%3A%2F%2Fcentros.uepb.edu.br%2Fccbsa%2Fcertificados%2F|title:Certificados&#8221; css=&#8221;.vc_custom_1653486321317{margin-left: 10px !important;}&#8221;][/vc_column][/vc_row]</p>
