{"id":4353,"date":"2017-08-31T14:46:41","date_gmt":"2017-08-31T14:46:41","guid":{"rendered":"https:\/\/centros.uepb.edu.br\/ccbsa\/?page_id=4353"},"modified":"2022-05-25T14:38:58","modified_gmt":"2022-05-25T14:38:58","slug":"certificados","status":"publish","type":"page","link":"https:\/\/centros.uepb.edu.br\/ccbsa\/certificados\/","title":{"rendered":"Certificados"},"content":{"rendered":"<div class=\"wpb-content-wrapper\"><p>[vc_row gap=&#8221;30&#8243;][vc_column width=&#8221;1\/4&#8243;][vc_text_separator title=&#8221;XV Anivers\u00e1rio do Campus V&#8221; title_align=&#8221;separator_align_left&#8221;][vc_column_text]<\/p>\n<ul>\n<li><a href=\"https:\/\/centros.uepb.edu.br\/ccbsa\/download\/certificados-ix-mostra-cientifica-2021\/?wpdmdl=8540&amp;masterkey\">Certificados\u00a0 participantes mostra cient\u00edfica<\/a><\/li>\n<li><a href=\"https:\/\/centros.uepb.edu.br\/ccbsa\/download\/certificados-qui-jin\/?wpdmdl=8516&amp;masterkey\">Certificados minicurso Qui Jin<\/a><\/li>\n<\/ul>\n<p>[\/vc_column_text][\/vc_column][vc_column width=&#8221;1\/4&#8243;][vc_text_separator title=&#8221;XIV Anivers\u00e1rio do Campus V&#8221; title_align=&#8221;separator_align_left&#8221;][vc_column_text]<\/p>\n<ul>\n<li><a href=\"https:\/\/drive.google.com\/file\/d\/1hSgxzXJPYFqAdR2FCzfU3u1aJcZNRKTJ\/view?usp=sharing\" target=\"_blank\" rel=\"noopener noreferrer\">Comiss\u00e3o Cient\u00edfica<\/a><\/li>\n<li><a href=\"https:\/\/drive.google.com\/file\/d\/1-o9pPwy83A61_jzcIN6NXZrqQH7o5H6-\/view?usp=sharing\" target=\"_blank\" rel=\"noopener noreferrer\">Comiss\u00e3o Organizadora da Palestra<\/a><\/li>\n<li><a href=\"https:\/\/drive.google.com\/file\/d\/1HSHWH-GoX0EMufob5tzWAxtV0gbxcovr\/view?usp=sharing\" target=\"_blank\" rel=\"noopener noreferrer\">Coordena\u00e7\u00e3o Geral do Evento<\/a><\/li>\n<li><a href=\"https:\/\/drive.google.com\/file\/d\/1yRyL1etR6AVKilUhjJpqzEGWXDMRcYcQ\/view?usp=sharing\" target=\"_blank\" rel=\"noopener noreferrer\">Equipe T\u00e9cnica<\/a><\/li>\n<li><a href=\"https:\/\/drive.google.com\/file\/d\/1Rk5vUSR0MBhz0FR3e7Umh3wf67FMAFap\/view?usp=sharing\" target=\"_blank\" rel=\"noopener noreferrer\">Minicurso Ingl\u00eas<\/a><\/li>\n<li><a href=\"https:\/\/drive.google.com\/file\/d\/1zMuh_mG1MknxnpdOlr4V9O9uhUZGLa2N\/view?usp=sharing\" target=\"_blank\" rel=\"noopener noreferrer\">Minicurso Espanhol<\/a><\/li>\n<li><a href=\"https:\/\/drive.google.com\/file\/d\/1t3Rk562WLGE04QQ9gp3KtSjcdg2QNXun\/view?usp=sharing\" target=\"_blank\" rel=\"noopener noreferrer\">Minicurso Franc\u00eas<\/a><\/li>\n<li><a href=\"https:\/\/drive.google.com\/file\/d\/1lxdcqQr8u5xo-A4su1B9CX66hlRJt2CA\/view?usp=sharing\" target=\"_blank\" rel=\"noopener noreferrer\">Ministrantes dos minicursos<\/a><\/li>\n<li><a href=\"https:\/\/drive.google.com\/file\/d\/1_bqtfUt_GOUFGjTsJRuSILN0yKwYWr2Y\/view?usp=sharing\" target=\"_blank\" rel=\"noopener noreferrer\">Moderadores das mesas<\/a><\/li>\n<li><a href=\"https:\/\/drive.google.com\/file\/d\/1aXzrlxncn9_8JvypbawAxu8AnIp2REq_\/view?usp=sharing\" target=\"_blank\" rel=\"noopener noreferrer\">Organiza\u00e7\u00e3o Geral<\/a><\/li>\n<li><a href=\"https:\/\/drive.google.com\/file\/d\/1kWhu4zfq7r_6Q3uoJuGzIQWD9wym6rvb\/view?usp=sharing\" target=\"_blank\" rel=\"noopener noreferrer\">Palestrantes<\/a><\/li>\n<li><a href=\"https:\/\/drive.google.com\/file\/d\/14Fz4deCfI3rmmN90N60K9Sb3mt_-opXK\/view?usp=sharing\" target=\"_blank\" rel=\"noopener noreferrer\">Participantes da Palestra \u201cCaminhos da Pesquisa Cient\u00edfica\u201d<\/a><\/li>\n<\/ul>\n<p>[\/vc_column_text][\/vc_column][vc_column width=&#8221;1\/2&#8243;][vc_text_separator title=&#8221;XIII Anivers\u00e1rio do Campus V&#8221; title_align=&#8221;separator_align_left&#8221;][vc_column_text]<\/p>\n<ul>\n<li><a href=\"http:\/\/www.encurtador.com.br\/pqwP6\" target=\"_blank\" rel=\"noopener noreferrer\">Ministrantes das Mesas-Redondas<\/a><\/li>\n<li><a href=\"http:\/\/abre.ai\/ministofic2\" target=\"_blank\" rel=\"noopener noreferrer\">Ministrantes da Oficina \u201cLeitura em Braille\u201d<\/a><\/li>\n<li><a href=\"http:\/\/abre.ai\/ministofic\" target=\"_blank\" rel=\"noopener noreferrer\">Ministrantes da Oficina \u201cNo\u00e7\u00f5es B\u00e1sicas de Libras\u201d<\/a><\/li>\n<li><a href=\"http:\/\/encurtador.com.br\/cmvDF\" target=\"_blank\" rel=\"noopener noreferrer\">Ministrantes das Palestras do N\u00facleo de L\u00ednguas<\/a><\/li>\n<li><a href=\"http:\/\/abre.ai\/monitoficina\" target=\"_blank\" rel=\"noopener noreferrer\">Monitores da Oficina<\/a><\/li>\n<li><a href=\"http:\/\/www.encurtador.com.br\/stGP3\" target=\"_blank\" rel=\"noopener noreferrer\">Monitores da Organiza\u00e7\u00e3o Geral<\/a><\/li>\n<li><a href=\"http:\/\/encurtador.com.br\/dpyQV\" target=\"_blank\" rel=\"noopener noreferrer\">Organizadores da Feira Gastron\u00f4mica<\/a><\/li>\n<li><a href=\"http:\/\/www.encurtador.com.br\/rtDQU\" target=\"_blank\" rel=\"noopener noreferrer\">Participantes da Oficina \u201cLeitura em Braille\u201d<\/a><\/li>\n<li><a href=\"http:\/\/www.encurtador.com.br\/egnCK\" target=\"_blank\" rel=\"noopener noreferrer\">Participantes da Oficina \u201cNo\u00e7\u00f5es B\u00e1sicas de Libras\u201d<\/a><\/li>\n<li><a href=\"http:\/\/www.encurtador.com.br\/rGKR7\" target=\"_blank\" rel=\"noopener noreferrer\">Participantes Gerais<\/a><\/li>\n<li><a href=\"http:\/\/www.encurtador.com.br\/lnG24\" target=\"_blank\" rel=\"noopener noreferrer\">Resumos Aprovados para a VIII Mostra Cient\u00edfica<\/a><\/li>\n<li><a href=\"http:\/\/encurtador.com.br\/dHN23\" target=\"_blank\" rel=\"noopener noreferrer\">Trabalhos Apresentados na VIII Mostra Cient\u00edfica<\/a><\/li>\n<li><a href=\"http:\/\/www.encurtador.com.br\/pJXY8\" target=\"_blank\" rel=\"noopener noreferrer\">Trabalhos Premiados na VIII Mostra Cient\u00edfica<\/a><\/li>\n<\/ul>\n<p>[\/vc_column_text][\/vc_column][\/vc_row][vc_row gap=&#8221;30&#8243; css=&#8221;.vc_custom_1653489519920{margin-top: 50px !important;}&#8221;][vc_column width=&#8221;1\/2&#8243;][vc_text_separator title=&#8221;XI Anivers\u00e1rio do Campus V&#8221; title_align=&#8221;separator_align_left&#8221;][vc_row_inner][vc_column_inner width=&#8221;1\/2&#8243;][vc_column_text]<\/p>\n<ul>\n<li><a href=\"https:\/\/drive.google.com\/file\/d\/173-D0ZqMGxEuZeWfuV9kop8X1SWeBscs\/view?usp=sharing\" target=\"_blank\" rel=\"noopener noreferrer\">Comiss\u00e3o Julgadora<\/a><\/li>\n<li><a href=\"https:\/\/drive.google.com\/file\/d\/1wPNmzoLjt_oBZrtEmRQ9Cp7jvf_Hn6Ok\/view?usp=sharing\" target=\"_blank\" rel=\"noopener noreferrer\">Coordena\u00e7\u00e3o Geral da Comiss\u00e3o Cient\u00edfica<\/a><\/li>\n<li><a href=\"https:\/\/drive.google.com\/file\/d\/1C_Q5kHW3CkxSzaMG0_5nCxgDznw5wASP\/view?usp=sharing\" target=\"_blank\" rel=\"noopener noreferrer\">Homenagem<\/a><\/li>\n<li><a href=\"https:\/\/drive.google.com\/file\/d\/1aAlSe9V26eXfsxKLlnacSh9e3wdSlD-i\/view?usp=sharing\" target=\"_blank\" rel=\"noopener noreferrer\">Mestres de Cerim\u00f4nia<\/a><\/li>\n<li><a href=\"https:\/\/drive.google.com\/file\/d\/1dNUFAvetmeKDl63f33E-PXxCJGNWxX7-\/view?usp=sharing\" target=\"_blank\" rel=\"noopener noreferrer\">Ministradores das Oficinas<\/a><\/li>\n<li><a href=\"https:\/\/drive.google.com\/file\/d\/1nwTP6LwyDPFxnSoZNSqwO8Ulgok2yPGU\/view?usp=sharing\" target=\"_blank\" rel=\"noopener noreferrer\">Monitores<\/a><\/li>\n<li><a href=\"https:\/\/drive.google.com\/file\/d\/1hDAw0JdI8hRuJmzAvMvYZsUsz1IEsqzx\/view?usp=sharing\" target=\"_blank\" rel=\"noopener noreferrer\">Participantes (Manh\u00e3)<\/a><\/li>\n<li><a href=\"https:\/\/drive.google.com\/file\/d\/17nulNflyezpU_yMU2vgWcNBWHQSWClyL\/view?usp=sharing\" target=\"_blank\" rel=\"noopener noreferrer\">Participantes (Noite)<\/a><\/li>\n<li><a href=\"https:\/\/drive.google.com\/file\/d\/1kGrLtnMxkGMfeWbkICtCtv080tTmkgBU\/view?usp=sharing\" target=\"_blank\" rel=\"noopener noreferrer\">Participantes do CampusVin<\/a><\/li>\n<li><a href=\"https:\/\/drive.google.com\/file\/d\/1lQr4QGHggeM4FwmldBKWqlxoNnDkBO9P\/view?usp=sharing\" target=\"_blank\" rel=\"noopener noreferrer\">Resumos Aprovados para a VII Mostra Cient\u00edfica<\/a><\/li>\n<li><a href=\"https:\/\/drive.google.com\/file\/d\/1VbEwZvqai-PguHE9HWlE3kj-NDiVKeIX\/view?usp=sharing\" target=\"_blank\" rel=\"noopener noreferrer\">Trabalhos Apresentados na VII Mostra Cient\u00edfica<\/a><\/li>\n<li><a href=\"https:\/\/drive.google.com\/file\/d\/1quD2bUJP4echsVoDJcFOYRZf_WKzD2lP\/view?usp=sharing\" target=\"_blank\" rel=\"noopener noreferrer\">Trabalhos Premiados na VII Mostra Cient\u00edfica<\/a><\/li>\n<\/ul>\n<p>[\/vc_column_text][\/vc_column_inner][vc_column_inner width=&#8221;1\/2&#8243;][vc_column_text]<em>Oficinas<\/em><\/p>\n<ul>\n<li><a href=\"https:\/\/drive.google.com\/file\/d\/0ByK634WMeCalR0RHOWx4cm5acjQ\/view?usp=sharing\" target=\"_blank\" rel=\"noopener noreferrer\"><u>Aspectos Lingu\u00edsticos e Culturais em Espanhol: como sobreviver em viagens internacionais<\/u><\/a><\/li>\n<li><a href=\"https:\/\/drive.google.com\/file\/d\/0ByK634WMeCalTFZCb2lobjJnOEE\/view?usp=sharing\" target=\"_blank\" rel=\"noopener noreferrer\"><u>Aspectos Lingu\u00edsticos e Culturais em Franc\u00eas: como sobreviver em viagens internacionais<\/u><\/a><\/li>\n<li><a href=\"https:\/\/drive.google.com\/file\/d\/0ByK634WMeCaldS05VHdiUG9LV2c\/view?usp=sharing\" target=\"_blank\" rel=\"noopener noreferrer\"><u>Aspectos Lingu\u00edsticos e Culturais em Ingl\u00eas: como sobreviver em viagens internacionais<\/u><\/a><\/li>\n<li><a href=\"https:\/\/drive.google.com\/file\/d\/0ByK634WMeCalV2FxTnR0ZWUtYjA\/view?usp=sharing\" target=\"_blank\" rel=\"noopener noreferrer\"><u>Descomplica TCC<\/u><\/a><\/li>\n<li><a href=\"https:\/\/drive.google.com\/file\/d\/0ByK634WMeCalSlh3YkxMMUxlMW8\/view?usp=sharing\" target=\"_blank\" rel=\"noopener noreferrer\"><u>Interc\u00e2mbio Cultural: pa\u00edses, experi\u00eancia e dicas<\/u><\/a><\/li>\n<li><a href=\"https:\/\/drive.google.com\/file\/d\/0ByK634WMeCaldmZsZ0NaUU1LMlE\/view?usp=sharing\" target=\"_blank\" rel=\"noopener noreferrer\"><u>Linguagem em Uso: um passeio pela diversidade lingu\u00edstica paraibana<\/u><\/a><\/li>\n<\/ul>\n<p>[\/vc_column_text][\/vc_column_inner][\/vc_row_inner][\/vc_column][vc_column width=&#8221;1\/4&#8243;][vc_text_separator title=&#8221;JACRO 2019&#8243; title_align=&#8221;separator_align_left&#8221;][vc_column_text]<\/p>\n<ul>\n<li><a href=\"https:\/\/drive.google.com\/open?id=1uVUYsiS1opw_5ajZs0uwwpGegN8DzheH\" target=\"_blank\" rel=\"noopener noreferrer\">Comiss\u00e3o organizadora (P5 e P7 \u2013 manh\u00e3)<\/a><\/li>\n<li><a href=\"https:\/\/drive.google.com\/open?id=1Miru7DunLT74vrxZHfkpXpPC0LyabYyc\" target=\"_blank\" rel=\"noopener noreferrer\">Ouvintes<\/a><\/li>\n<\/ul>\n<p>[\/vc_column_text][\/vc_column][vc_column width=&#8221;1\/4&#8243;][vc_text_separator title=&#8221;JACRO 2018&#8243; title_align=&#8221;separator_align_left&#8221;][vc_column_text]<\/p>\n<ul>\n<li><a href=\"https:\/\/centros.uepb.edu.br\/ccbsa\/download\/certificados-jacro\/?wpdmdl=8378&amp;masterkey\">Certificados de ouvintes<\/a><\/li>\n<\/ul>\n<p>[\/vc_column_text][\/vc_column][\/vc_row]<\/p>\n<\/div>","protected":false},"excerpt":{"rendered":"<p>[vc_row gap=&#8221;30&#8243;][vc_column width=&#8221;1\/4&#8243;][vc_text_separator title=&#8221;XV Anivers\u00e1rio do Campus V&#8221; title_align=&#8221;separator_align_left&#8221;][vc_column_text] Certificados\u00a0 participantes mostra cient\u00edfica Certificados minicurso Qui Jin [\/vc_column_text][\/vc_column][vc_column width=&#8221;1\/4&#8243;][vc_text_separator title=&#8221;XIV Anivers\u00e1rio do Campus V&#8221; title_align=&#8221;separator_align_left&#8221;][vc_column_text] Comiss\u00e3o Cient\u00edfica Comiss\u00e3o Organizadora da Palestra Coordena\u00e7\u00e3o Geral do Evento Equipe T\u00e9cnica Minicurso Ingl\u00eas Minicurso Espanhol Minicurso Franc\u00eas Ministrantes dos minicursos Moderadores das mesas Organiza\u00e7\u00e3o Geral Palestrantes Participantes da Palestra <a class=\"leiamais\" href=\"https:\/\/centros.uepb.edu.br\/ccbsa\/certificados\/\">Leia Mais&#8230;<\/a><\/p>\n","protected":false},"author":8,"featured_media":0,"parent":0,"menu_order":22,"comment_status":"closed","ping_status":"closed","template":"","meta":{"footnotes":""},"class_list":["post-4353","page","type-page","status-publish","hentry"],"_links":{"self":[{"href":"https:\/\/centros.uepb.edu.br\/ccbsa\/wp-json\/wp\/v2\/pages\/4353","targetHints":{"allow":["GET"]}}],"collection":[{"href":"https:\/\/centros.uepb.edu.br\/ccbsa\/wp-json\/wp\/v2\/pages"}],"about":[{"href":"https:\/\/centros.uepb.edu.br\/ccbsa\/wp-json\/wp\/v2\/types\/page"}],"author":[{"embeddable":true,"href":"https:\/\/centros.uepb.edu.br\/ccbsa\/wp-json\/wp\/v2\/users\/8"}],"replies":[{"embeddable":true,"href":"https:\/\/centros.uepb.edu.br\/ccbsa\/wp-json\/wp\/v2\/comments?post=4353"}],"version-history":[{"count":0,"href":"https:\/\/centros.uepb.edu.br\/ccbsa\/wp-json\/wp\/v2\/pages\/4353\/revisions"}],"wp:attachment":[{"href":"https:\/\/centros.uepb.edu.br\/ccbsa\/wp-json\/wp\/v2\/media?parent=4353"}],"curies":[{"name":"wp","href":"https:\/\/api.w.org\/{rel}","templated":true}]}}