{"id":1939,"date":"2014-06-05T18:19:33","date_gmt":"2014-06-05T18:19:33","guid":{"rendered":"\/ccbsa\/?page_id=1939"},"modified":"2023-04-27T12:23:18","modified_gmt":"2023-04-27T12:23:18","slug":"relacoes-internacionais","status":"publish","type":"page","link":"https:\/\/centros.uepb.edu.br\/ccbsa\/pesquisa\/relacoes-internacionais\/","title":{"rendered":"Rela\u00e7\u00f5es Internacionais"},"content":{"rendered":"<div class=\"wpb-content-wrapper\"><p>[vc_row][vc_column][vc_text_separator title=&#8221;Grupos de Pesquisa&#8221; title_align=&#8221;separator_align_left&#8221;][vc_tta_accordion style=&#8221;modern&#8221; shape=&#8221;square&#8221; c_icon=&#8221;triangle&#8221; active_section=&#8221;&#8221; collapsible_all=&#8221;true&#8221;][vc_tta_section title=&#8221;Grupo de Estudos e Pesquisa em \u00c1sia-Pac\u00edfico (GEPAP)&#8221; tab_id=&#8221;1653324705421-b2d1dfdf-6846&#8243;][vc_column_text]Coordenador: Alexandre Cesar Cunha Leite[\/vc_column_text][\/vc_tta_section][vc_tta_section title=&#8221;Grupo de Pesquisa sobre o Oriente M\u00e9dio e Pa\u00edses \u00c1rabes (GUPOM)&#8221; tab_id=&#8221;1653324730734-cfe512e4-fc52&#8243;][vc_column_text]Coordenadores: Ana Paula Maielo Silva e Filipe Reis Melo[\/vc_column_text][\/vc_tta_section][vc_tta_section title=&#8221;N\u00facleo de Estudo e Pesquisa sobre Deslocados Ambientais (NEPDA)&#8221; tab_id=&#8221;1653324730479-97075e71-1018&#8243;][vc_column_text]Coordenadoras: Andrea Pacheco Pac\u00edfico e Ana Paula Maielo Silva<\/p>\n<p>Portal do NEPDA: <a href=\"http:\/\/sites.uepb.edu.br\/nepda\/\" target=\"_blank\" rel=\"noopener\">http:\/\/sites.uepb.edu.br\/nepda\/<\/a>[\/vc_column_text][\/vc_tta_section][vc_tta_section title=&#8221;C\u00e1tedra S\u00e9rgio Vieira de Melo&#8221; tab_id=&#8221;1653324721638-e933f5cd-9fca&#8221;][vc_column_text]Coordenadores: Andrea Pacheco Pac\u00edfico, Jan Marcel Lacerda e Thalita Melo Iniciativa da Ag\u00eancia da ONU para Refugiados (ACNUR) com UEPB. Criado por conv\u00eanio entre ACNUR e UEPB.[\/vc_column_text][\/vc_tta_section][vc_tta_section title=&#8221;Grupo de Estudos de Paz e Seguran\u00e7a Mundial (GEPASM)&#8221; tab_id=&#8221;1653324721463-71752368-ffd8&#8243;][vc_column_text]Coordenadores: Paulo Roberto Loyolla Kuhlmann (UEPB) e Marcos Alan Shaikhzadeh Vahdat Ferreira (UFPB) Portal: <a href=\"http:\/\/gepasm.blogspot.com.br\/\" target=\"_blank\" rel=\"noopener\">http:\/\/gepasm.blogspot.com.br\/<\/a>[\/vc_column_text][\/vc_tta_section][vc_tta_section title=&#8221;Grupo de Estudo e Pesquisa sobre Pol\u00edtica Externa dos Estados Unidos&#8221; tab_id=&#8221;1653324720800-11f5e384-8782&#8243;][vc_column_text]Coordenadora: Cristina Carvalho Pacheco. A professora tamb\u00e9m \u00e9 coordenadora do Instituto Nacional de Ci\u00eancia e Tecnologia para Estudos sobre os Estados Unidos (INCT-INEU).<\/p>\n<p>Portal:\u00a0<a href=\"http:\/\/www.ineu.org.br\" target=\"_blank\" rel=\"noopener\">http:\/\/www.ineu.org.br<\/a>[\/vc_column_text][\/vc_tta_section][vc_tta_section title=&#8221;Centro de Estudos em Pol\u00edtica, Rela\u00e7\u00f5es Internacionais e Religi\u00e3o &#8211; CEPRIR&#8221; tab_id=&#8221;1653565831554-cce77d57-5a86&#8243;][vc_column_text]Coordenador: <a href=\"http:\/\/lattes.cnpq.br\/1488422193691291\">F\u00e1bio Nobre<\/a><\/p>\n<p>Endere\u00e7o eletr\u00f4nico: <a href=\"https:\/\/ceprir.wordpress.com\/\">https:\/\/ceprir.wordpress.com\/<\/a>[\/vc_column_text][\/vc_tta_section][vc_tta_section title=&#8221;MOPRI &#8211; Grupo de Estudos e Pesquisas em M\u00eddia e Opini\u00e3o P\u00fablica nas Rela\u00e7\u00f5es Internacionais&#8221; tab_id=&#8221;1682597930091-aece4cbc-74f7&#8243;][vc_column_text]L\u00edderes: Silvia Garcia Nogueira e Filipe Reis Melo.[\/vc_column_text][\/vc_tta_section][\/vc_tta_accordion][vc_text_separator title=&#8221;Projetos de Pesquisa&#8221; title_align=&#8221;separator_align_left&#8221; css=&#8221;.vc_custom_1653325302830{margin-top: 50px !important;}&#8221;][vc_tta_accordion style=&#8221;modern&#8221; shape=&#8221;square&#8221; c_icon=&#8221;triangle&#8221; active_section=&#8221;&#8221; collapsible_all=&#8221;true&#8221;][vc_tta_section title=&#8221;A Pol\u00edtica Externa Brasileira no Conselho de Seguran\u00e7a da ONU no P\u00f3s Guerra Fria&#8221; tab_id=&#8221;1653324936758-88f2cff5-1ae7&#8243;][vc_column_text]Coordena\u00e7\u00e3o: Carlos Enrique Ruiz Ferreira<\/p>\n<p>Vig\u00eancia: 2014-2016.<\/p>\n<p>[projeto financiado pelo Edital MCTI\/CNPq\/N\u00ba 14\/2013][\/vc_column_text][\/vc_tta_section][vc_tta_section title=&#8221;A geopol\u00edtica da explora\u00e7\u00e3o e comercializa\u00e7\u00e3o de terras raras: das discuss\u00f5es no \u00e2mbito da Organiza\u00e7\u00e3o Mundial do Com\u00e9rcio \u00e0s estrat\u00e9gias de pol\u00edtica de minera\u00e7\u00e3o do Brasil&#8221; tab_id=&#8221;1653324936780-9ae65049-0312&#8243;][vc_column_text]<\/p>\n<div id=\"ui-id-8\" class=\"wp-tab-content ui-accordion-content ui-corner-bottom ui-helper-reset ui-widget-content ui-accordion-content-active\" role=\"tabpanel\" aria-labelledby=\"A geopol\u00edtica da explora\u00e7\u00e3o e comercializa\u00e7\u00e3o de terras raras: das discuss\u00f5es no \u00e2mbito da Organiza\u00e7\u00e3o Mundial do Com\u00e9rcio \u00e0s estrat\u00e9gias de pol\u00edtica de minera\u00e7\u00e3o do Brasil\" aria-hidden=\"false\">\n<div class=\"wp-tab-content-wrapper\">\n<p>Coordena\u00e7\u00e3o: Filipe Reis Melo<\/p>\n<p>Vig\u00eancia: 2014-2016.<\/p>\n<p>[projeto financiado pelo Edital MCTI\/CNPq\/MEC\/CAPES N\u00ba 43\/2013]<\/p>\n<\/div>\n<\/div>\n<p>[\/vc_column_text][\/vc_tta_section][vc_tta_section title=&#8221;Prote\u00e7\u00e3o Nacional e Internacional dos haitianos no Brasil&#8221; tab_id=&#8221;1653324936804-7a2fd905-1a25&#8243;][vc_column_text]Coordena\u00e7\u00e3o: Andrea Pacheco Pac\u00edfico<\/p>\n<p>Vig\u00eancia: 2012-2016[\/vc_column_text][\/vc_tta_section][vc_tta_section title=&#8221;Deslocados ambientais do sert\u00e3o do nordeste brasileiro&#8221; tab_id=&#8221;1653324936830-1175c834-2897&#8243;][vc_column_text]<\/p>\n<div class=\"mdl-grid demo-content conteudo-interno-titulo\">\n<div class=\"mdl-cell mdl-cell--12-col\">\n<div id=\"wp-accordion-2\" class=\"wp-accordion wpui-light wpui-styles wpui-tabs-horizontal wpui-collapsible\" data-style=\"wpui-light\">\n<div class=\"accordion ui-accordion ui-widget ui-helper-reset\" role=\"tablist\">\n<div id=\"ui-id-10\" class=\"wp-tab-content ui-accordion-content ui-corner-bottom ui-helper-reset ui-widget-content ui-accordion-content-active\" role=\"tabpanel\" aria-labelledby=\"Deslocados ambientais do sert\u00e3o do nordeste brasileiro\" aria-hidden=\"false\">\n<div class=\"wp-tab-content-wrapper\">\n<p>Coordena\u00e7\u00e3o: Andrea Pacheco Pac\u00edfico<\/p>\n<p>Vig\u00eancia: 2012-2016<\/p>\n<\/div>\n<\/div>\n<\/div>\n<\/div>\n<\/div>\n<\/div>\n<p>[\/vc_column_text][\/vc_tta_section][\/vc_tta_accordion][\/vc_column][\/vc_row]<\/p>\n<\/div>","protected":false},"excerpt":{"rendered":"<p>[vc_row][vc_column][vc_text_separator title=&#8221;Grupos de Pesquisa&#8221; title_align=&#8221;separator_align_left&#8221;][vc_tta_accordion style=&#8221;modern&#8221; shape=&#8221;square&#8221; c_icon=&#8221;triangle&#8221; active_section=&#8221;&#8221; collapsible_all=&#8221;true&#8221;][vc_tta_section title=&#8221;Grupo de Estudos e Pesquisa em \u00c1sia-Pac\u00edfico (GEPAP)&#8221; tab_id=&#8221;1653324705421-b2d1dfdf-6846&#8243;][vc_column_text]Coordenador: Alexandre Cesar Cunha Leite[\/vc_column_text][\/vc_tta_section][vc_tta_section title=&#8221;Grupo de Pesquisa sobre o Oriente M\u00e9dio e Pa\u00edses \u00c1rabes (GUPOM)&#8221; tab_id=&#8221;1653324730734-cfe512e4-fc52&#8243;][vc_column_text]Coordenadores: Ana Paula Maielo Silva e Filipe Reis Melo[\/vc_column_text][\/vc_tta_section][vc_tta_section title=&#8221;N\u00facleo de Estudo e Pesquisa sobre Deslocados Ambientais (NEPDA)&#8221; tab_id=&#8221;1653324730479-97075e71-1018&#8243;][vc_column_text]Coordenadoras: Andrea Pacheco <a class=\"leiamais\" href=\"https:\/\/centros.uepb.edu.br\/ccbsa\/pesquisa\/relacoes-internacionais\/\">Leia Mais&#8230;<\/a><\/p>\n","protected":false},"author":8,"featured_media":0,"parent":15,"menu_order":29,"comment_status":"open","ping_status":"open","template":"","meta":{"footnotes":""},"class_list":["post-1939","page","type-page","status-publish","hentry"],"_links":{"self":[{"href":"https:\/\/centros.uepb.edu.br\/ccbsa\/wp-json\/wp\/v2\/pages\/1939","targetHints":{"allow":["GET"]}}],"collection":[{"href":"https:\/\/centros.uepb.edu.br\/ccbsa\/wp-json\/wp\/v2\/pages"}],"about":[{"href":"https:\/\/centros.uepb.edu.br\/ccbsa\/wp-json\/wp\/v2\/types\/page"}],"author":[{"embeddable":true,"href":"https:\/\/centros.uepb.edu.br\/ccbsa\/wp-json\/wp\/v2\/users\/8"}],"replies":[{"embeddable":true,"href":"https:\/\/centros.uepb.edu.br\/ccbsa\/wp-json\/wp\/v2\/comments?post=1939"}],"version-history":[{"count":0,"href":"https:\/\/centros.uepb.edu.br\/ccbsa\/wp-json\/wp\/v2\/pages\/1939\/revisions"}],"up":[{"embeddable":true,"href":"https:\/\/centros.uepb.edu.br\/ccbsa\/wp-json\/wp\/v2\/pages\/15"}],"wp:attachment":[{"href":"https:\/\/centros.uepb.edu.br\/ccbsa\/wp-json\/wp\/v2\/media?parent=1939"}],"curies":[{"name":"wp","href":"https:\/\/api.w.org\/{rel}","templated":true}]}}

Relações Internacionais

<div class="wpb-content-wrapper"><p>[vc_row][vc_column][vc_text_separator title=&#8221;Grupos de Pesquisa&#8221; title_align=&#8221;separator_align_left&#8221;][vc_tta_accordion style=&#8221;modern&#8221; shape=&#8221;square&#8221; c_icon=&#8221;triangle&#8221; active_section=&#8221;&#8221; collapsible_all=&#8221;true&#8221;][vc_tta_section title=&#8221;Grupo de Estudos e Pesquisa em Ásia-Pacífico (GEPAP)&#8221; tab_id=&#8221;1653324705421-b2d1dfdf-6846&#8243;][vc_column_text]Coordenador: Alexandre Cesar Cunha Leite[/vc_column_text][/vc_tta_section][vc_tta_section title=&#8221;Grupo de Pesquisa sobre o Oriente Médio e Países Árabes (GUPOM)&#8221; tab_id=&#8221;1653324730734-cfe512e4-fc52&#8243;][vc_column_text]Coordenadores: Ana Paula Maielo Silva e Filipe Reis Melo[/vc_column_text][/vc_tta_section][vc_tta_section title=&#8221;Núcleo de Estudo e Pesquisa sobre Deslocados Ambientais (NEPDA)&#8221; tab_id=&#8221;1653324730479-97075e71-1018&#8243;][vc_column_text]Coordenadoras: Andrea Pacheco Pacífico e Ana Paula Maielo Silva</p>
<p>Portal do NEPDA: <a href="http://sites.uepb.edu.br/nepda/" target="_blank" rel="noopener">http://sites.uepb.edu.br/nepda/</a>[/vc_column_text][/vc_tta_section][vc_tta_section title=&#8221;Cátedra Sérgio Vieira de Melo&#8221; tab_id=&#8221;1653324721638-e933f5cd-9fca&#8221;][vc_column_text]Coordenadores: Andrea Pacheco Pacífico, Jan Marcel Lacerda e Thalita Melo Iniciativa da Agência da ONU para Refugiados (ACNUR) com UEPB. Criado por convênio entre ACNUR e UEPB.[/vc_column_text][/vc_tta_section][vc_tta_section title=&#8221;Grupo de Estudos de Paz e Segurança Mundial (GEPASM)&#8221; tab_id=&#8221;1653324721463-71752368-ffd8&#8243;][vc_column_text]Coordenadores: Paulo Roberto Loyolla Kuhlmann (UEPB) e Marcos Alan Shaikhzadeh Vahdat Ferreira (UFPB) Portal: <a href="http://gepasm.blogspot.com.br/" target="_blank" rel="noopener">http://gepasm.blogspot.com.br/</a>[/vc_column_text][/vc_tta_section][vc_tta_section title=&#8221;Grupo de Estudo e Pesquisa sobre Política Externa dos Estados Unidos&#8221; tab_id=&#8221;1653324720800-11f5e384-8782&#8243;][vc_column_text]Coordenadora: Cristina Carvalho Pacheco. A professora também é coordenadora do Instituto Nacional de Ciência e Tecnologia para Estudos sobre os Estados Unidos (INCT-INEU).</p>
<p>Portal: <a href="http://www.ineu.org.br" target="_blank" rel="noopener">http://www.ineu.org.br</a>[/vc_column_text][/vc_tta_section][vc_tta_section title=&#8221;Centro de Estudos em Política, Relações Internacionais e Religião &#8211; CEPRIR&#8221; tab_id=&#8221;1653565831554-cce77d57-5a86&#8243;][vc_column_text]Coordenador: <a href="http://lattes.cnpq.br/1488422193691291">Fábio Nobre</a></p>
<p>Endereço eletrônico: <a href="https://ceprir.wordpress.com/">https://ceprir.wordpress.com/</a>[/vc_column_text][/vc_tta_section][vc_tta_section title=&#8221;MOPRI &#8211; Grupo de Estudos e Pesquisas em Mídia e Opinião Pública nas Relações Internacionais&#8221; tab_id=&#8221;1682597930091-aece4cbc-74f7&#8243;][vc_column_text]Líderes: Silvia Garcia Nogueira e Filipe Reis Melo.[/vc_column_text][/vc_tta_section][/vc_tta_accordion][vc_text_separator title=&#8221;Projetos de Pesquisa&#8221; title_align=&#8221;separator_align_left&#8221; css=&#8221;.vc_custom_1653325302830{margin-top: 50px !important;}&#8221;][vc_tta_accordion style=&#8221;modern&#8221; shape=&#8221;square&#8221; c_icon=&#8221;triangle&#8221; active_section=&#8221;&#8221; collapsible_all=&#8221;true&#8221;][vc_tta_section title=&#8221;A Política Externa Brasileira no Conselho de Segurança da ONU no Pós Guerra Fria&#8221; tab_id=&#8221;1653324936758-88f2cff5-1ae7&#8243;][vc_column_text]Coordenação: Carlos Enrique Ruiz Ferreira</p>
<p>Vigência: 2014-2016.</p>
<p>[projeto financiado pelo Edital MCTI/CNPq/Nº 14/2013][/vc_column_text][/vc_tta_section][vc_tta_section title=&#8221;A geopolítica da exploração e comercialização de terras raras: das discussões no âmbito da Organização Mundial do Comércio às estratégias de política de mineração do Brasil&#8221; tab_id=&#8221;1653324936780-9ae65049-0312&#8243;][vc_column_text]</p>
<div id="ui-id-8" class="wp-tab-content ui-accordion-content ui-corner-bottom ui-helper-reset ui-widget-content ui-accordion-content-active" role="tabpanel" aria-labelledby="A geopolítica da exploração e comercialização de terras raras: das discussões no âmbito da Organização Mundial do Comércio às estratégias de política de mineração do Brasil" aria-hidden="false">
<div class="wp-tab-content-wrapper">
<p>Coordenação: Filipe Reis Melo</p>
<p>Vigência: 2014-2016.</p>
<p>[projeto financiado pelo Edital MCTI/CNPq/MEC/CAPES Nº 43/2013]</p>
</div>
</div>
<p>[/vc_column_text][/vc_tta_section][vc_tta_section title=&#8221;Proteção Nacional e Internacional dos haitianos no Brasil&#8221; tab_id=&#8221;1653324936804-7a2fd905-1a25&#8243;][vc_column_text]Coordenação: Andrea Pacheco Pacífico</p>
<p>Vigência: 2012-2016[/vc_column_text][/vc_tta_section][vc_tta_section title=&#8221;Deslocados ambientais do sertão do nordeste brasileiro&#8221; tab_id=&#8221;1653324936830-1175c834-2897&#8243;][vc_column_text]</p>
<div class="mdl-grid demo-content conteudo-interno-titulo">
<div class="mdl-cell mdl-cell--12-col">
<div id="wp-accordion-2" class="wp-accordion wpui-light wpui-styles wpui-tabs-horizontal wpui-collapsible" data-style="wpui-light">
<div class="accordion ui-accordion ui-widget ui-helper-reset" role="tablist">
<div id="ui-id-10" class="wp-tab-content ui-accordion-content ui-corner-bottom ui-helper-reset ui-widget-content ui-accordion-content-active" role="tabpanel" aria-labelledby="Deslocados ambientais do sertão do nordeste brasileiro" aria-hidden="false">
<div class="wp-tab-content-wrapper">
<p>Coordenação: Andrea Pacheco Pacífico</p>
<p>Vigência: 2012-2016</p>
</div>
</div>
</div>
</div>
</div>
</div>
<p>[/vc_column_text][/vc_tta_section][/vc_tta_accordion][/vc_column][/vc_row]</p>
</div>

<p>[vc_row][vc_column][vc_text_separator title=&#8221;Grupos de Pesquisa&#8221; title_align=&#8221;separator_align_left&#8221;][vc_tta_accordion style=&#8221;modern&#8221; shape=&#8221;square&#8221; c_icon=&#8221;triangle&#8221; active_section=&#8221;&#8221; collapsible_all=&#8221;true&#8221;][vc_tta_section title=&#8221;Grupo de Estudos e Pesquisa em Ásia-Pacífico (GEPAP)&#8221; tab_id=&#8221;1653324705421-b2d1dfdf-6846&#8243;][vc_column_text]Coordenador: Alexandre Cesar Cunha Leite[/vc_column_text][/vc_tta_section][vc_tta_section title=&#8221;Grupo de Pesquisa sobre o Oriente Médio e Países Árabes (GUPOM)&#8221; tab_id=&#8221;1653324730734-cfe512e4-fc52&#8243;][vc_column_text]Coordenadores: Ana Paula Maielo Silva e Filipe Reis Melo[/vc_column_text][/vc_tta_section][vc_tta_section title=&#8221;Núcleo de Estudo e Pesquisa sobre Deslocados Ambientais (NEPDA)&#8221; tab_id=&#8221;1653324730479-97075e71-1018&#8243;][vc_column_text]Coordenadoras: Andrea Pacheco <a class="leiamais" href="https://centros.uepb.edu.br/ccbsa/pesquisa/relacoes-internacionais/">Leia Mais&#8230;</a></p>
