{"id":1936,"date":"2014-06-05T18:17:55","date_gmt":"2014-06-05T18:17:55","guid":{"rendered":"\/ccbsa\/?page_id=1936"},"modified":"2022-05-23T16:50:45","modified_gmt":"2022-05-23T16:50:45","slug":"ciencias-biologicas","status":"publish","type":"page","link":"https:\/\/centros.uepb.edu.br\/ccbsa\/pesquisa\/ciencias-biologicas\/","title":{"rendered":"Ci\u00eancias Biol\u00f3gicas"},"content":{"rendered":"<div class=\"wpb-content-wrapper\"><p>[vc_row][vc_column][vc_text_separator title=&#8221;Grupos de Pesquisa&#8221; title_align=&#8221;separator_align_left&#8221;][vc_tta_accordion style=&#8221;modern&#8221; shape=&#8221;square&#8221; c_icon=&#8221;triangle&#8221; active_section=&#8221;&#8221; collapsible_all=&#8221;true&#8221;][vc_tta_section title=&#8221;Grupo de Morfologia e Sa\u00fade (GSM)&#8221; tab_id=&#8221;1653323806586-8dbf8ed8-d817&#8243;][vc_column_text]Coordena\u00e7\u00e3o: Marcos Ant\u00f4nio J.Costa.<\/p>\n<p>Vice coordenador: Felipe Eduardo da S. Sobral. (Centro de Controle de Zoonoses)<\/p>\n<p>Alunas envolvidas:<\/p>\n<ul>\n<li>Maria Railma V. De Freitas;<\/li>\n<li>Cynthia Farias V. de Melo;<br \/>\nAndr\u00e9a Leite Amorim.<\/li>\n<\/ul>\n<p>[\/vc_column_text][\/vc_tta_section][vc_tta_section title=&#8221;S\u00edntese e Vetoriza\u00e7\u00e3o&#8221; tab_id=&#8221;1653323839760-5945884a-ca68&#8243;][vc_column_text]Coordena\u00e7\u00e3o Francisco Jaime Bezerra Mendon\u00e7a J\u00fanior.<\/p>\n<p>Pesquisadores:<\/p>\n<ul>\n<li>Bol\u00edvar Ponciano Goulart de Lima Damasceno;<\/li>\n<li>Edeltrudes de Oliveira Lima;<\/li>\n<li>Elisangela Afonso de Moura Mendon\u00e7a;<\/li>\n<li>Elquio Eleamen Oliveira;<\/li>\n<li>Jos\u00e9 Arimateia N\u00f3brega;<\/li>\n<li>Luciana Scotti;<\/li>\n<li>Luis Cezar Rodrigues;<\/li>\n<li>Marcus Tullius Scotti<\/li>\n<li>Ricardo Olimpio de Moura.<\/li>\n<\/ul>\n<p>Alunos envolvidos<\/p>\n<ul>\n<li>Antoniel Augusto Severo Gomes;<\/li>\n<li>Camila Aquino Azevedo Lucena;<\/li>\n<li>Isley de Oliveira Diniz;<\/li>\n<li>Jaismary Gonzaga Batista de Oliveira;<\/li>\n<li>Jander Cain\u00e3 da Silva Santos;<\/li>\n<li>Natalina Dantas;<\/li>\n<li>Rayssa Marques Duarte da Cruz;<\/li>\n<li>Rodrigo Santos Aquino de Araujo;<\/li>\n<li>Silvana Cartaxo da Costa<\/li>\n<li>Mayara Barbalho Monteiro.<\/li>\n<\/ul>\n<p>Este grupo de pesquisa busca o desenvolvimento de novas mol\u00e9culas heteroc\u00edclicas bioativas de origem sint\u00e9tica baseado nos princ\u00edpios da Qu\u00edmica Medicinal, assim como a inclus\u00e3o dessas novas biomol\u00e9culas em sistemas de libera\u00e7\u00e3o controlada, tais como nano e micropart\u00edculas, complexos de inclus\u00e3o.[\/vc_column_text][\/vc_tta_section][vc_tta_section title=&#8221;Sistem\u00e1tica e Ecologia Vegetal&#8221; tab_id=&#8221;1653323806604-6ee4ab73-32bb&#8221;][vc_column_text]Coordena\u00e7\u00e3o: S\u00e9rgio Romero da Silva Xavier.<\/p>\n<p>Alunos envolvidos:<\/p>\n<ul>\n<li>Bruno Melo de Sousa;<\/li>\n<li>Juan Diego Silva Louren\u00e7o;<\/li>\n<li>Leandro Costa Silvestre;<\/li>\n<li>Mar\u00edlia Vital Ribeiro;<\/li>\n<li>Nathally Mola Pessoa Braga;<\/li>\n<li>Rafael de Paiva Farias;<\/li>\n<li>Samara Cristina Alves de Barros.<\/li>\n<\/ul>\n<p>Os pesquisadores e estudantes representados nesse grupo t\u00eam suas pesquisas voltadas ao conhecimento da diversidade floral nos mais diversos ecossistemas ocorrentes no Nordeste do Brasil, abordando temas relativos \u00e0 Taxonomia, Anatomia, Ecologia, Conserva\u00e7\u00e3o, Etnobot\u00e2nica e monitoramento ambiental, tendo como foco o grupo de angiospermas, pterid\u00f3fitas, bri\u00f3fitas e algas.[\/vc_column_text][\/vc_tta_section][\/vc_tta_accordion][vc_text_separator title=&#8221;Projetos de Pesquisa&#8221; title_align=&#8221;separator_align_left&#8221; css=&#8221;.vc_custom_1653324106796{margin-top: 30px !important;}&#8221;][vc_tta_accordion style=&#8221;modern&#8221; shape=&#8221;square&#8221; c_icon=&#8221;triangle&#8221; active_section=&#8221;&#8221; collapsible_all=&#8221;true&#8221;][vc_tta_section title=&#8221;\u00c9tica origin\u00e1ria e realidade social&#8221; tab_id=&#8221;1653324109696-85f4ddc4-a8f5&#8243;][vc_column_text]Coordena\u00e7\u00e3o: M\u00e1rcio Adriano Dias.<\/p>\n<p>Aluna envolvida: Priscila Limeira Malheiros.<\/p>\n<p>Descri\u00e7\u00e3o: O principal problema abordado \u00e9 o estado em que se encontra a nossa mem\u00f3ria da natureza. Partimos de um problema: a crise global ambiental. Seguimos da hip\u00f3tese de que a natureza \u00e9 vista na atualidade de uma forma dicot\u00f4mica, isto \u00e9, onde o ser humano se v\u00ea separado da natureza. Acreditamos que tal suposi\u00e7\u00e3o pode explicar em grande medida o porqu\u00ea da crise ambiental. Para n\u00f3s \u00e9 preciso seguir um percurso de investiga\u00e7\u00e3o, segundo o qual possamos tra\u00e7ar um resgate cr\u00edtico (filos\u00f3fico-cient\u00edfico- \u00e9tico) sobre a nossa mem\u00f3ria ocidental da natureza.[\/vc_column_text][\/vc_tta_section][vc_tta_section title=&#8221;An\u00e1lise macrosc\u00f3pica das principais v\u00edsceras acometidas por Leishmaniose Visceral Canina&#8221; tab_id=&#8221;1653324109724-cc40be03-9461&#8243;][vc_column_text]Coordena\u00e7\u00e3o: Marcos Ant\u00f4nio Jer\u00f4nimo da Costa.<\/p>\n<p>Aluna envolvida: Maria Railma V. De Freitas.<\/p>\n<p>Descri\u00e7\u00e3o: A leishmaniose visceral canina (LVC) \u00e9 uma doen\u00e7a zoon\u00f3tica sist\u00eamica grave, de curso lento e cr\u00f4nico, de dif\u00edcil diagn\u00f3stico e cura parasitol\u00f3gica improv\u00e1vel. Causada por um protozo\u00e1rio a doen\u00e7a pode se expressar de duas formas: a visceral ou a sist\u00eamica, e 90 % apresentam ainda comprometimento cut\u00e2neo. O objetivo deste trabalho \u00e9 verificar altera\u00e7\u00f5es morfol\u00f3gicas em alguns \u00f3rg\u00e3os hematopoi\u00e9ticos em caninos acometidos por LVC.[\/vc_column_text][\/vc_tta_section][vc_tta_section title=&#8221;Avalia\u00e7\u00e3o do potencial larvicida da Operculina hamiltonii (g.DON) D .F. Austin &amp; Staples (1983) no controle populacional do vetor da Dengue, Aedes aegypti (Linnaeus, 1762)&#8221; tab_id=&#8221;1653324109755-823456bc-b102&#8243;][vc_column_text]Coordena\u00e7\u00e3o: Marcos Ant\u00f4nio Jer\u00f4nimo da Costa.<\/p>\n<p>Aluna envolvida: Andr\u00e9a Leite Amorim.<\/p>\n<p>Descri\u00e7\u00e3o: As a\u00e7\u00f5es de controle da dengue est\u00e3o baseadas na utiliza\u00e7\u00e3o de alguns inseticidas, entre esses os temef\u00f3s, altamente prejudicial \u00e0 sa\u00fade humana e ambiental. Al\u00e9m disso, j\u00e1 foi detectada resist\u00eancia do mosquito aos temef\u00f3s em v\u00e1rias unidades federativas. Conforme o exposto, se faz necess\u00e1ria a descoberta de alternativas no controle ao A. Aegypti.\u00a0 O objetivo deste trabalho \u00e9 avaliar o potencial larvicida da Operculina hamiltonii (G. DON) D. F. Austin &amp; Staples (1983) sobre larvas de Aedes Aegypti.[\/vc_column_text][\/vc_tta_section][vc_tta_section title=&#8221;Diagn\u00f3stico das condi\u00e7\u00f5es de Cria\u00e7\u00f5es em Cativeiro de Psitac\u00eddeos&#8221; tab_id=&#8221;1653324220743-9b361e2f-7b7a&#8221;][vc_column_text]Coordena\u00e7\u00e3o: Marcos Ant\u00f4nio Jer\u00f4nimo da Costa.<\/p>\n<p>Aluna envolvida: Cynthia Farias Vieira de Melo.<\/p>\n<p>Descri\u00e7\u00e3o: No Brasil s\u00e3o comercializados ilegalmente, por ano, aproximadamente 4 milh\u00f5es de animais silvestres. No mundo, este mercado movimenta, atualmente, cerca de US$ 20 bilh\u00f5es, sendo extra\u00eddos do Brasil uma m\u00e9dia de 15% do total deste tr\u00e1fico. \u00c9 estimado que para cada produto animal comercializado, sejam mortas pelo menos tr\u00eas esp\u00e9cies. Este \u00edndice de mortalidade \u00e9 alto devido ao estresse emocional e \u00e0s prec\u00e1rias condi\u00e7\u00f5es oferecidas as animais durante o processo de captura e comercializa\u00e7\u00e3o.\u00a0A fam\u00edlia Psitacidae \u00e9 representada por araras, maracan\u00e3s, periquitos e papagaios, aves de grande interesse econ\u00f4mico e cotadas como os principais animais de estima\u00e7\u00e3o entre as aves, devido \u00e0 beleza, tamanho e por conta da habilidade em imitar a voz humana.\u00a0Esse trabalho tem a finalidade de avaliar as condi\u00e7\u00f5es dos psitac\u00eddeos que s\u00e3o mantidos em cativeiro no estado da Para\u00edba e analisar aqueles atendidos pelo Centro de Triagem de animais Silvestres (CETAS).[\/vc_column_text][\/vc_tta_section][vc_tta_section title=&#8221;Planejamento racional de novas entidades qu\u00edmicas sint\u00e9ticas derivadas do tiofeno inibidores da enzima serina-treonina cinase para tratamento da Tuberculose&#8221; tab_id=&#8221;1653324245784-9bff718c-90ae&#8221;][vc_column_text]Coordena\u00e7\u00e3o: Ricardo Ol\u00edmpio de Moura.<\/p>\n<p>Docentes e alunos envolvidos:<\/p>\n<ul>\n<li>Francisco Jaime Mendon\u00e7a Junior (UEPB);<\/li>\n<li>Ivan da Rocha Pitta (UFPE);<\/li>\n<li>Rejane Pereira Neves (UFPE);<\/li>\n<li>Reginaldo Gon\u00e7alves Lima Neto (UFPE);<\/li>\n<li>Patr\u00edcia Cariolano de Oliveira (UFPE);<\/li>\n<li>Jaismary Gonzaga Batista de Oliveira (UEPB);<\/li>\n<li>Rodrigo Santos de Aquino Ara\u00fajo (UEPB);<\/li>\n<li>Rayssa Marques Duarte da Cruz (UEPB);<\/li>\n<li>Frederico F\u00e1varo Ribeiro (UEPB).<\/li>\n<\/ul>\n<p>[\/vc_column_text][\/vc_tta_section][vc_tta_section title=&#8221;S\u00edntese, caracteriza\u00e7\u00e3o estrutural e avalia\u00e7\u00e3o biol\u00f3gica de potenciais f\u00e1rmacos antif\u00fangicos e antitumorais de derivados Tiof\u00eanicos Acridinicos&#8221; tab_id=&#8221;1653324292799-92b3e039-3605&#8243;][vc_column_text]Coordena\u00e7\u00e3o: Ricardo Ol\u00edmpio de Moura.<\/p>\n<p>Docentes e alunos envolvidos:<\/p>\n<ul>\n<li>Francisco Jaime Mendon\u00e7a Junior (UEPB);<\/li>\n<li>Terezinha Gon\u00e7aves da Silva (UFPE);<\/li>\n<li>Rejane Pereira Neves (UFPE);<\/li>\n<li>Reginaldo Gon\u00e7alves Lima Neto (UFPE);<\/li>\n<li>Jaismary Gonzaga Batista de Oliveira (UEPB);<\/li>\n<li>Rodrigo Santos de Aquino Ara\u00fajo (UEPB);<\/li>\n<li>Rayssa Marques Duarte da Cruz (UEPB);<\/li>\n<li>Frederico F\u00e1varo Ribeiro (UEPB);<\/li>\n<li>Jander Cain\u00e3 da Silva Santos (UEPB);<\/li>\n<li>Natalina Dantas (UEPB);<\/li>\n<li>Vanessa de Lima Serafim (UEPB);<\/li>\n<li>Isley de Oliveira Diniz (UEPB);<\/li>\n<li>Mayara Barbalho Monteiro (UEPB).<\/li>\n<\/ul>\n<p>[\/vc_column_text][\/vc_tta_section][vc_tta_section title=&#8221;Estudo da diversidade de Collembola (Ellipura, Hexapoda) e de seu papel ecol\u00f3gico em \u00e1reas de reprodu\u00e7\u00e3o de tartarugas marinhas (Eretmochelys Imbricata) no Litoral da Para\u00edba&#8221; tab_id=&#8221;1653324414565-f98b37d6-3c4c&#8221;][vc_column_text]Coordena\u00e7\u00e3o: Douglas Zeppelini Filho.[\/vc_column_text][\/vc_tta_section][vc_tta_section title=&#8221;Flor\u00edstica, aspectos ecol\u00f3gicos e biogeografia das Pterid\u00f3fitas na Para\u00edba&#8221; tab_id=&#8221;1653324439135-ff9e9b51-7976&#8243;][vc_column_text]Coordena\u00e7\u00e3o: S\u00e9rgio Romero da Silva Xavier.<\/p>\n<p>Aluno envolvido: Rafael De Paiva Farias.<\/p>\n<p>Este trabalho tem o objetivo de estudar a pteridoflora da Para\u00edba a partir de invent\u00e1rios flor\u00edstico-tax\u00f4micos em remanescentes de Floresta Atl\u00e2ntica e Caatinga no Estado, al\u00e9m do reconhecimento dos aspectos ecol\u00f3gicos e biogeogr\u00e1ficos das plantas estudadas. As pterid\u00f3fitas, pertencentes aos grupos das monil\u00f3fitas, em conjunto, s\u00e3o reconhecidas por serem o \u00fanico grupo de plantas vasculares sem sementes, A fertiliza\u00e7\u00e3o externa faz dessas plantas altamente\u00a0 restritas a ambientes unidos e sombreados nas matas, por isso raramente s\u00e3o dominantes em qualquer tipo de vegeta\u00e7\u00e3o, dependendo de outras plantas para lhes prover condi\u00e7\u00f5es de abrigo e suporte. Este projeto representa uma parte de uma s\u00e9rie de trabalhos na Para\u00edba que visa apresentar a sua flora pteridofitica, a ecologia e a biologia de suas esp\u00e9cies.[\/vc_column_text][\/vc_tta_section][vc_tta_section title=&#8221;Biologia de peixes do estu\u00e1rio do Rio Para\u00edba do Norte \u2013 PB&#8221; tab_id=&#8221;1653324440836-886da514-efbd&#8221;][vc_column_text]Coordena\u00e7\u00e3o: Ana L\u00facia Vendel.[\/vc_column_text][\/vc_tta_section][vc_tta_section title=&#8221;Fontes autotr\u00f3ficas de carbono org\u00e2nico para consumidores em rios intermitentes do semi-\u00e1rido&#8221; tab_id=&#8221;1653324445175-b0aa863b-971b&#8221;][vc_column_text]Coordena\u00e7\u00e3o: \u00c9lvio S\u00e9rgio F. Medeiros.[\/vc_column_text][\/vc_tta_section][vc_tta_section title=&#8221;Produ\u00e7\u00e3o de heteropolissacar\u00eddeos de Xilana a partir de res\u00edduos vegetais de sabugo de milho no Estado da Para\u00edba&#8221; tab_id=&#8221;1653324445941-e0c84c4f-4592&#8243;][vc_column_text]Coordena\u00e7\u00e3o: Elquio Eleamen Oliveira.<\/p>\n<p>Integrantes:<\/p>\n<ul>\n<li>Toshyiuki Nagashima J\u00fanior;<\/li>\n<li>Eryvaldo S\u00f3crates Tabosa do Egito;<\/li>\n<li>Acarilia Eduardo Silva;<\/li>\n<li>Silvana Cartaxo da Costa;<\/li>\n<li>Camilla Aquino Azevedo de Lucena;<\/li>\n<li>Antoniel Augusto Severo Gomes.<\/li>\n<\/ul>\n<p>Com base no potencial biotecnol\u00f3gico e econ\u00f4mico da xilana e sua produ\u00e7\u00e3o a partir de res\u00edduos vegetais de milho, tornam-se importantes os estudos sobre as t\u00e9cnicas de extra\u00e7\u00e3o do pol\u00edmero de xilana e das t\u00e9cnicas de a caracteriza\u00e7\u00e3o do material obtido. O objetivo deste projeto \u00e9 desenvolver um m\u00e9todo de extra\u00e7\u00e3o de pol\u00edmeros de xilana a partir de res\u00edduos vegetais produzidos no estado da Para\u00edba e evidenciar suas caracter\u00edsticas bioqu\u00edmicas e farmacot\u00e9cnicas.[\/vc_column_text][\/vc_tta_section][vc_tta_section title=&#8221;Desenvolvimento de novos sistemas transportadores de f\u00e1rmacos com atividade antifungica&#8221; tab_id=&#8221;1653324446743-be48c32a-0479&#8243;][vc_column_text]Coordena\u00e7\u00e3o: Jos\u00e9 Alexsandro da Silva.<\/p>\n<p>Integrantes:<\/p>\n<ul>\n<li>Bolivar Ponciano Goulart de Lima Damasceno;<\/li>\n<li>Elquio Eleamen Oliveira.<\/li>\n<\/ul>\n<p>Recentes avan\u00e7os na tecnologia farmac\u00eautica t\u00eam produzido sofisticados sistemas transportadores de f\u00e1rmacos. Esta \u00e1rea de pesquisa est\u00e1 em plena expans\u00e3o e a grande maioria dos trabalhos investiga uma melhoria na libera\u00e7\u00e3o, biodistribui\u00e7\u00e3o e\/ou dissolu\u00e7\u00e3o dos f\u00e1rmacos. Paralelamente ao desenvolvimento de novos sistemas de libera\u00e7\u00e3o de f\u00e1rmacos, a infec\u00e7\u00e3o por leveduras do g\u00eanero C\u00e2ndida, que s\u00e3o bastante pat\u00f3genas, principalmente em infec\u00e7\u00f5es oportunistas em indiv\u00edduos imunocompormetidos, ou que apresentem condi\u00e7\u00f5es predisponentes \u00e0 coloniza\u00e7\u00e3o, est\u00e3o em constante crescimento abrangendo esp\u00e9cies de Candida albicans, C. Glabrata, C. Tropicalis, C. Krusei, C. Parapsilosis e C. Dubliniensis. A utiliza\u00e7\u00e3o de novos sistemas trnasportadores de f\u00e1rmacos neste estudo visa desenvolver sistemas que possam incorporar tais elementos de dif\u00edcil solubiliza\u00e7\u00e3o, como \u00e9 o caso dos derivados do tiofeno. Al\u00e9m disso, pretende-se controlar a libera\u00e7\u00e3o destes f\u00e1rmacos para uma melhor a\u00e7\u00e3o antif\u00fangica atrav\u00e9s do desenvolvimento, caracteriza\u00e7\u00e3o e avalia\u00e7\u00e3o da atividade destes compostos no sistema de transporte. Este estudo envolve os seguintes procedimento: (1) desenvolver sistemas lipossomais, micro\/nanoparticulados e micro emulsionados, incorporando f\u00e1rmacos antif\u00fangicos como alternativa terap\u00eautica para o tratamento de micoses superficiais e\/ou sist\u00eamicas; (2) desenvolver e validar metodologia anal\u00edtica para o doseamento dos derivados do tiofeno incorporados nos respectivos sistemas por espectrofotometria no ultravioleta vis\u00edvel e por Cromatrografia L\u00edquida.[\/vc_column_text][\/vc_tta_section][\/vc_tta_accordion][\/vc_column][\/vc_row]<\/p>\n<\/div>","protected":false},"excerpt":{"rendered":"<p>[vc_row][vc_column][vc_text_separator title=&#8221;Grupos de Pesquisa&#8221; title_align=&#8221;separator_align_left&#8221;][vc_tta_accordion style=&#8221;modern&#8221; shape=&#8221;square&#8221; c_icon=&#8221;triangle&#8221; active_section=&#8221;&#8221; collapsible_all=&#8221;true&#8221;][vc_tta_section title=&#8221;Grupo de Morfologia e Sa\u00fade (GSM)&#8221; tab_id=&#8221;1653323806586-8dbf8ed8-d817&#8243;][vc_column_text]Coordena\u00e7\u00e3o: Marcos Ant\u00f4nio J.Costa. Vice coordenador: Felipe Eduardo da S. Sobral. (Centro de Controle de Zoonoses) Alunas envolvidas: Maria Railma V. De Freitas; Cynthia Farias V. de Melo; Andr\u00e9a Leite Amorim. [\/vc_column_text][\/vc_tta_section][vc_tta_section title=&#8221;S\u00edntese e Vetoriza\u00e7\u00e3o&#8221; tab_id=&#8221;1653323839760-5945884a-ca68&#8243;][vc_column_text]Coordena\u00e7\u00e3o Francisco Jaime Bezerra <a class=\"leiamais\" href=\"https:\/\/centros.uepb.edu.br\/ccbsa\/pesquisa\/ciencias-biologicas\/\">Leia Mais&#8230;<\/a><\/p>\n","protected":false},"author":8,"featured_media":0,"parent":15,"menu_order":30,"comment_status":"open","ping_status":"open","template":"","meta":{"footnotes":""},"class_list":["post-1936","page","type-page","status-publish","hentry"],"_links":{"self":[{"href":"https:\/\/centros.uepb.edu.br\/ccbsa\/wp-json\/wp\/v2\/pages\/1936","targetHints":{"allow":["GET"]}}],"collection":[{"href":"https:\/\/centros.uepb.edu.br\/ccbsa\/wp-json\/wp\/v2\/pages"}],"about":[{"href":"https:\/\/centros.uepb.edu.br\/ccbsa\/wp-json\/wp\/v2\/types\/page"}],"author":[{"embeddable":true,"href":"https:\/\/centros.uepb.edu.br\/ccbsa\/wp-json\/wp\/v2\/users\/8"}],"replies":[{"embeddable":true,"href":"https:\/\/centros.uepb.edu.br\/ccbsa\/wp-json\/wp\/v2\/comments?post=1936"}],"version-history":[{"count":0,"href":"https:\/\/centros.uepb.edu.br\/ccbsa\/wp-json\/wp\/v2\/pages\/1936\/revisions"}],"up":[{"embeddable":true,"href":"https:\/\/centros.uepb.edu.br\/ccbsa\/wp-json\/wp\/v2\/pages\/15"}],"wp:attachment":[{"href":"https:\/\/centros.uepb.edu.br\/ccbsa\/wp-json\/wp\/v2\/media?parent=1936"}],"curies":[{"name":"wp","href":"https:\/\/api.w.org\/{rel}","templated":true}]}}