{"id":189,"date":"2013-06-11T17:47:40","date_gmt":"2013-06-11T17:47:40","guid":{"rendered":"\/ccbsa\/?page_id=189"},"modified":"2013-06-11T17:47:40","modified_gmt":"2013-06-11T17:47:40","slug":"ca-biologia","status":"publish","type":"page","link":"https:\/\/centros.uepb.edu.br\/ccbsa\/ca-biologia\/","title":{"rendered":"CA Biologia"},"content":{"rendered":"<p><strong>CABio Progresso Verde<\/strong><br \/>\nCria\u00e7\u00e3o: 10\/04\/12<br \/>\nLink da p\u00e1gina no facebook: http:\/\/www.facebook.com\/CaBioProgressoVerde<br \/>\ne-mail: caprogressoverde@gmail.com<\/p>\n<p><strong>Componentes<\/strong>:<\/p>\n<ul>\n<li>Matheus Barbosa (Coordena\u00e7\u00e3o Acad\u00eamica)<\/li>\n<li>Isley Diniz (Tesouraria)<\/li>\n<li>Rafaela Gouveia (Eventos)<\/li>\n<li>Adriene Amarantes (Comunica\u00e7\u00e3o)<\/li>\n<li>Julia Lacet (Esportes e Lazer)<\/li>\n<li>Luis Heleno (Coordena\u00e7\u00e3o Acad\u00eamica)<\/li>\n<li>Tatiana Barbosa (Esportes e Lazer)<\/li>\n<\/ul>\n<p><strong>Objetivo<\/strong>: Integra\u00e7\u00e3o do curso, auxilio aos estudantes, representa\u00e7\u00e3o dos estudantes frente a coordena\u00e7\u00e3o.<br \/>\nO CABio Progresso Verde foi eleito em 10 de abril de 2012, com objetivo de representar os estudantes frente \u00e0 comunidade acad\u00eamica, integrar o curso com as outras gradua\u00e7\u00f5es do campus, e prestar assist\u00eancia aos estudantes de Biologia..<br \/>\nComposto por 7 integrantes divididos entre coordena\u00e7\u00f5es. O CA procura sempre organizar atividades de integra\u00e7\u00e3o e de import\u00e2ncia curricular, como a Semana de Biologia do Campus V realizada no m\u00eas de setembro, a partir do dia 3 (Dia do Bi\u00f3logo) havendo v\u00e1rias atividades. Foi realizada pela primeira vez no ano de 2012 e teve grande sucesso, e com o objetivo de que seja realizada todos os anos.<\/p>\n","protected":false},"excerpt":{"rendered":"<p>CABio Progresso Verde Cria\u00e7\u00e3o: 10\/04\/12 Link da p\u00e1gina no facebook: http:\/\/www.facebook.com\/CaBioProgressoVerde e-mail: caprogressoverde@gmail.com Componentes: Matheus Barbosa (Coordena\u00e7\u00e3o Acad\u00eamica) Isley Diniz (Tesouraria) Rafaela Gouveia (Eventos) Adriene Amarantes (Comunica\u00e7\u00e3o) Julia Lacet (Esportes e Lazer) Luis Heleno (Coordena\u00e7\u00e3o Acad\u00eamica) Tatiana Barbosa (Esportes e Lazer) Objetivo: Integra\u00e7\u00e3o do curso, auxilio aos estudantes, representa\u00e7\u00e3o dos estudantes frente a coordena\u00e7\u00e3o. O <a class=\"leiamais\" href=\"https:\/\/centros.uepb.edu.br\/ccbsa\/ca-biologia\/\">Leia Mais&#8230;<\/a><\/p>\n","protected":false},"author":1,"featured_media":0,"parent":0,"menu_order":36,"comment_status":"open","ping_status":"open","template":"","meta":{"footnotes":""},"class_list":["post-189","page","type-page","status-publish","hentry"],"_links":{"self":[{"href":"https:\/\/centros.uepb.edu.br\/ccbsa\/wp-json\/wp\/v2\/pages\/189","targetHints":{"allow":["GET"]}}],"collection":[{"href":"https:\/\/centros.uepb.edu.br\/ccbsa\/wp-json\/wp\/v2\/pages"}],"about":[{"href":"https:\/\/centros.uepb.edu.br\/ccbsa\/wp-json\/wp\/v2\/types\/page"}],"author":[{"embeddable":true,"href":"https:\/\/centros.uepb.edu.br\/ccbsa\/wp-json\/wp\/v2\/users\/1"}],"replies":[{"embeddable":true,"href":"https:\/\/centros.uepb.edu.br\/ccbsa\/wp-json\/wp\/v2\/comments?post=189"}],"version-history":[{"count":0,"href":"https:\/\/centros.uepb.edu.br\/ccbsa\/wp-json\/wp\/v2\/pages\/189\/revisions"}],"wp:attachment":[{"href":"https:\/\/centros.uepb.edu.br\/ccbsa\/wp-json\/wp\/v2\/media?parent=189"}],"curies":[{"name":"wp","href":"https:\/\/api.w.org\/{rel}","templated":true}]}}