{"id":11455,"date":"2025-01-28T14:07:33","date_gmt":"2025-01-28T14:07:33","guid":{"rendered":"https:\/\/centros.uepb.edu.br\/ccbsa\/?page_id=11455"},"modified":"2025-01-28T14:13:34","modified_gmt":"2025-01-28T14:13:34","slug":"bacharelado-em-direito","status":"publish","type":"page","link":"https:\/\/centros.uepb.edu.br\/ccbsa\/cursos\/bacharelado-em-direito\/","title":{"rendered":"Bacharelado em Direito"},"content":{"rendered":"<p><strong>Modalidade<\/strong>: Bacharelado<\/p>\n<p><strong>Coordenador<\/strong>: Prof. Dr. Ant\u00f4nio Germano Ramalho<\/p>\n<p><strong>Coordenadora adjunta<\/strong>: Profa. Dra. Giuliana Dias Vieira<\/p>\n<p><strong>Endere\u00e7o<\/strong>: Rua Hor\u00e1cio Trajano de Oliveira, S\/N, Cristo Redentor, Jo\u00e3o Pessoa-PB, Cep 58071-160<\/p>\n<p><strong>Telefone<\/strong>: (83) 99444-6087<\/p>\n<p><strong>Email<\/strong>: direito.ccbsa@setor.uepb.edu.br<\/p>\n","protected":false},"excerpt":{"rendered":"<p>Modalidade: Bacharelado Coordenador: Prof. Dr. Ant\u00f4nio Germano Ramalho Coordenadora adjunta: Profa. Dra. Giuliana Dias Vieira Endere\u00e7o: Rua Hor\u00e1cio Trajano de Oliveira, S\/N, Cristo Redentor, Jo\u00e3o Pessoa-PB, Cep 58071-160 Telefone: (83) 99444-6087 Email: direito.ccbsa@setor.uepb.edu.br<\/p>\n","protected":false},"author":29,"featured_media":0,"parent":41,"menu_order":0,"comment_status":"closed","ping_status":"closed","template":"","meta":{"footnotes":""},"class_list":["post-11455","page","type-page","status-publish","hentry"],"_links":{"self":[{"href":"https:\/\/centros.uepb.edu.br\/ccbsa\/wp-json\/wp\/v2\/pages\/11455","targetHints":{"allow":["GET"]}}],"collection":[{"href":"https:\/\/centros.uepb.edu.br\/ccbsa\/wp-json\/wp\/v2\/pages"}],"about":[{"href":"https:\/\/centros.uepb.edu.br\/ccbsa\/wp-json\/wp\/v2\/types\/page"}],"author":[{"embeddable":true,"href":"https:\/\/centros.uepb.edu.br\/ccbsa\/wp-json\/wp\/v2\/users\/29"}],"replies":[{"embeddable":true,"href":"https:\/\/centros.uepb.edu.br\/ccbsa\/wp-json\/wp\/v2\/comments?post=11455"}],"version-history":[{"count":0,"href":"https:\/\/centros.uepb.edu.br\/ccbsa\/wp-json\/wp\/v2\/pages\/11455\/revisions"}],"up":[{"embeddable":true,"href":"https:\/\/centros.uepb.edu.br\/ccbsa\/wp-json\/wp\/v2\/pages\/41"}],"wp:attachment":[{"href":"https:\/\/centros.uepb.edu.br\/ccbsa\/wp-json\/wp\/v2\/media?parent=11455"}],"curies":[{"name":"wp","href":"https:\/\/api.w.org\/{rel}","templated":true}]}}