{"id":1166112,"date":"2022-05-25T17:50:02","date_gmt":"2022-05-25T17:50:02","guid":{"rendered":"https:\/\/centros.uepb.edu.br\/ccbs\/?page_id=1166112"},"modified":"2022-05-25T18:24:52","modified_gmt":"2022-05-25T18:24:52","slug":"home","status":"publish","type":"page","link":"https:\/\/centros.uepb.edu.br\/ccbs\/","title":{"rendered":"Home"},"content":{"rendered":"<div class=\"wpb-content-wrapper\"><p>[vc_row][vc_column]<div class=\"mdl-grid\"><div class=\"mdl-cell--4-col mdl-cell--6-col-tablet mdl-cell--12-col-phone bloco-noticias\"><div class=\"titulo-noticia-widget\"><a href=\"https:\/\/uepb.edu.br\/revista-vinculada-ao-departamento-de-odontologia-e-aprovada-para-inclusao-na-base-de-dados-bbo-bireme\/\" target=\"_blank\"><h3 class=\"titulo-destaque-noticia\">Revista vinculada ao Departamento de Odontologia \u00e9 aprovada para inclus\u00e3o na Base de Dados BBO\/BIREME<\/h3><\/a><\/div><div class=\"titulo-noticia-widget\"><a href=\"https:\/\/uepb.edu.br\/campus-i-departamento-de-fisioterapia-abre-inscricoes-para-atendimento-dermatofuncional-na-clinica-escola\/\" target=\"_blank\"><h3 class=\"titulo-destaque-noticia\">C\u00e2mpus I: Departamento de Fisioterapia abre inscri\u00e7\u00f5es para atendimento dermatofuncional na Cl\u00ednica Escola<\/h3><\/a><\/div><div class=\"titulo-noticia-widget\"><a href=\"https:\/\/uepb.edu.br\/jornada-interdisciplinar-de-psicologia-debate-sobre-questoes-envoltas-ao-luto-e-processos-psicossociais\/\" target=\"_blank\"><h3 class=\"titulo-destaque-noticia\">Jornada Interdisciplinar de Psicologia debate sobre quest\u00f5es envoltas ao luto e processos  psicossociais<\/h3><\/a><\/div><\/div><div class=\"mdl-cell--4-col mdl-cell--6-col-tablet mdl-cell--12-col-phone bloco-noticias\"><div class=\"titulo-noticia-widget\"><a href=\"https:\/\/uepb.edu.br\/departamento-de-educacao-fisica-promove-2o-meeting-de-fisiologia-clinica-e-do-esporte-e-11a-mostra-cientifica\/\" target=\"_blank\"><h3 class=\"titulo-destaque-noticia\">Departamento de Educa\u00e7\u00e3o F\u00edsica promove 2\u00ba Meeting de Fisiologia Cl\u00ednica e do Esporte e 11\u00aa Mostra Cient\u00edfica<\/h3><\/a><\/div><div class=\"titulo-noticia-widget\"><a href=\"https:\/\/uepb.edu.br\/universidade-estadual-da-paraiba-faz-selecao-de-preceptores-orientadores-tutores-e-estudantes-para-programa-pet-saude-clima\/\" target=\"_blank\"><h3 class=\"titulo-destaque-noticia\">Universidade Estadual da Para\u00edba faz sele\u00e7\u00e3o de preceptores, orientadores, tutores e estudantes para Programa Pet Sa\u00fade: Clima<\/h3><\/a><\/div><div class=\"titulo-noticia-widget\"><a href=\"https:\/\/uepb.edu.br\/unidade-embrapii-nutes-uepb-abre-edital-para-processo-seletivo-de-projetos-de-inovacao-em-parceria-com-empresas\/\" target=\"_blank\"><h3 class=\"titulo-destaque-noticia\">Unidade Embrapii Nutes\/UEPB abre edital para processo seletivo de projetos de inova\u00e7\u00e3o em parceria com empresas<\/h3><\/a><\/div><\/div><div class=\"mdl-cell--4-col mdl-cell--6-col-tablet mdl-cell--12-col-phone bloco-noticias\"><div class=\"titulo-noticia-widget\"><a href=\"https:\/\/uepb.edu.br\/projeto-da-uepb-e-da-secretaria-municipal-de-saude-de-campina-grande-e-aprovado-no-pet-saude-clima\/\" target=\"_blank\"><h3 class=\"titulo-destaque-noticia\">Projeto da UEPB e da Secretaria Municipal de Sa\u00fade de Campina Grande \u00e9 aprovado no PET-Sa\u00fade Clima<\/h3><\/a><\/div><div class=\"titulo-noticia-widget\"><a href=\"https:\/\/uepb.edu.br\/professor-de-fisioterapia-e-homenageado-pelo-ministerio-da-saude-por-atuacao-em-saude-coletiva\/\" target=\"_blank\"><h3 class=\"titulo-destaque-noticia\">Professor de Fisioterapia \u00e9 homenageado pelo Minist\u00e9rio da Sa\u00fade por atua\u00e7\u00e3o em Sa\u00fade Coletiva<\/h3><\/a><\/div><div class=\"titulo-noticia-widget\"><a href=\"https:\/\/uepb.edu.br\/simposio-de-internacionalizacao-academica-amplia-debate-sobre-oportunidades-profissionais-no-exterior\/\" target=\"_blank\"><h3 class=\"titulo-destaque-noticia\">Simp\u00f3sio de Internacionaliza\u00e7\u00e3o Acad\u00eamica amplia debate sobre oportunidades profissionais no exterior<\/h3><\/a><\/div><\/div><\/div>[\/vc_column][\/vc_row]<\/p>\n<\/div>","protected":false},"excerpt":{"rendered":"<p>[vc_row][vc_column][\/vc_column][\/vc_row]<\/p>\n","protected":false},"author":29,"featured_media":0,"parent":0,"menu_order":0,"comment_status":"closed","ping_status":"closed","template":"","meta":{"footnotes":""},"class_list":["post-1166112","page","type-page","status-publish","hentry"],"jetpack_sharing_enabled":true,"jetpack_shortlink":"https:\/\/wp.me\/P7WTD4-4Tmg","_links":{"self":[{"href":"https:\/\/centros.uepb.edu.br\/ccbs\/wp-json\/wp\/v2\/pages\/1166112","targetHints":{"allow":["GET"]}}],"collection":[{"href":"https:\/\/centros.uepb.edu.br\/ccbs\/wp-json\/wp\/v2\/pages"}],"about":[{"href":"https:\/\/centros.uepb.edu.br\/ccbs\/wp-json\/wp\/v2\/types\/page"}],"author":[{"embeddable":true,"href":"https:\/\/centros.uepb.edu.br\/ccbs\/wp-json\/wp\/v2\/users\/29"}],"replies":[{"embeddable":true,"href":"https:\/\/centros.uepb.edu.br\/ccbs\/wp-json\/wp\/v2\/comments?post=1166112"}],"version-history":[{"count":0,"href":"https:\/\/centros.uepb.edu.br\/ccbs\/wp-json\/wp\/v2\/pages\/1166112\/revisions"}],"wp:attachment":[{"href":"https:\/\/centros.uepb.edu.br\/ccbs\/wp-json\/wp\/v2\/media?parent=1166112"}],"curies":[{"name":"wp","href":"https:\/\/api.w.org\/{rel}","templated":true}]}}

<div class="wpb-content-wrapper"><p>[vc_row][vc_column]<div class="mdl-grid"><div class="mdl-cell--4-col mdl-cell--6-col-tablet mdl-cell--12-col-phone bloco-noticias"><div class="titulo-noticia-widget"><a href="https://uepb.edu.br/revista-vinculada-ao-departamento-de-odontologia-e-aprovada-para-inclusao-na-base-de-dados-bbo-bireme/" target="_blank"><h3 class="titulo-destaque-noticia">Revista vinculada ao Departamento de Odontologia é aprovada para inclusão na Base de Dados BBO/BIREME</h3></a></div><div class="titulo-noticia-widget"><a href="https://uepb.edu.br/campus-i-departamento-de-fisioterapia-abre-inscricoes-para-atendimento-dermatofuncional-na-clinica-escola/" target="_blank"><h3 class="titulo-destaque-noticia">Câmpus I: Departamento de Fisioterapia abre inscrições para atendimento dermatofuncional na Clínica Escola</h3></a></div><div class="titulo-noticia-widget"><a href="https://uepb.edu.br/jornada-interdisciplinar-de-psicologia-debate-sobre-questoes-envoltas-ao-luto-e-processos-psicossociais/" target="_blank"><h3 class="titulo-destaque-noticia">Jornada Interdisciplinar de Psicologia debate sobre questões envoltas ao luto e processos  psicossociais</h3></a></div></div><div class="mdl-cell--4-col mdl-cell--6-col-tablet mdl-cell--12-col-phone bloco-noticias"><div class="titulo-noticia-widget"><a href="https://uepb.edu.br/departamento-de-educacao-fisica-promove-2o-meeting-de-fisiologia-clinica-e-do-esporte-e-11a-mostra-cientifica/" target="_blank"><h3 class="titulo-destaque-noticia">Departamento de Educação Física promove 2º Meeting de Fisiologia Clínica e do Esporte e 11ª Mostra Científica</h3></a></div><div class="titulo-noticia-widget"><a href="https://uepb.edu.br/universidade-estadual-da-paraiba-faz-selecao-de-preceptores-orientadores-tutores-e-estudantes-para-programa-pet-saude-clima/" target="_blank"><h3 class="titulo-destaque-noticia">Universidade Estadual da Paraíba faz seleção de preceptores, orientadores, tutores e estudantes para Programa Pet Saúde: Clima</h3></a></div><div class="titulo-noticia-widget"><a href="https://uepb.edu.br/unidade-embrapii-nutes-uepb-abre-edital-para-processo-seletivo-de-projetos-de-inovacao-em-parceria-com-empresas/" target="_blank"><h3 class="titulo-destaque-noticia">Unidade Embrapii Nutes/UEPB abre edital para processo seletivo de projetos de inovação em parceria com empresas</h3></a></div></div><div class="mdl-cell--4-col mdl-cell--6-col-tablet mdl-cell--12-col-phone bloco-noticias"><div class="titulo-noticia-widget"><a href="https://uepb.edu.br/projeto-da-uepb-e-da-secretaria-municipal-de-saude-de-campina-grande-e-aprovado-no-pet-saude-clima/" target="_blank"><h3 class="titulo-destaque-noticia">Projeto da UEPB e da Secretaria Municipal de Saúde de Campina Grande é aprovado no PET-Saúde Clima</h3></a></div><div class="titulo-noticia-widget"><a href="https://uepb.edu.br/professor-de-fisioterapia-e-homenageado-pelo-ministerio-da-saude-por-atuacao-em-saude-coletiva/" target="_blank"><h3 class="titulo-destaque-noticia">Professor de Fisioterapia é homenageado pelo Ministério da Saúde por atuação em Saúde Coletiva</h3></a></div><div class="titulo-noticia-widget"><a href="https://uepb.edu.br/simposio-de-internacionalizacao-academica-amplia-debate-sobre-oportunidades-profissionais-no-exterior/" target="_blank"><h3 class="titulo-destaque-noticia">Simpósio de Internacionalização Acadêmica amplia debate sobre oportunidades profissionais no exterior</h3></a></div></div></div>[/vc_column][/vc_row]</p>
</div>
